185.191.171.13 - - [13/May/2026:08:41:23 -0400] "GET /2026/02/05/casino-inte-med-konto-och-inskrivning-december-2025-topplista/ HTTP/1.1" 404 1251 "-" "Mozilla/5.0 (compatible; SemrushBot/7~bl; +http://www.semrush.com/bot.html)"
85.208.96.198 - - [13/May/2026:08:41:28 -0400] "GET /2026/01/04/page/31/ HTTP/1.1" 404 1251 "-" "Mozilla/5.0 (compatible; SemrushBot/7~bl; +http://www.semrush.com/bot.html)"
198.244.183.253 - - [13/May/2026:08:41:33 -0400] "GET /2026/01/15/page/156/ HTTP/1.1" 404 1251 "-" "Mozilla/5.0 (compatible; AhrefsBot/7.0; +http://ahrefs.com/robot/)"
198.244.242.234 - - [13/May/2026:08:41:35 -0400] "GET /2025/12/19/discover-spinscastle-online-casino-uk-your-4/ HTTP/1.1" 404 1251 "-" "Mozilla/5.0 (compatible; AhrefsBot/7.0; +http://ahrefs.com/robot/)"
198.244.242.212 - - [13/May/2026:08:41:39 -0400] "GET /2026/01/14/mr-bet-kasino-spiele-gefallen-finden-an-diese-erstklassige-spiele-ferner-erhalten-sie-50-freie-spins-auf-frozen-diamonds-groszugige-belohnungen/ HTTP/1.1" 404 1251 "-" "Mozilla/5.0 (compatible; AhrefsBot/7.0; +http://ahrefs.com/robot/)"
198.244.240.64 - - [13/May/2026:08:41:42 -0400] "GET /2026/02/03/comment-and-you-may-analysis-of-the-rocketplay-gambling-enterprise-advertising-and-marketing-offer/ HTTP/1.1" 404 1251 "-" "Mozilla/5.0 (compatible; AhrefsBot/7.0; +http://ahrefs.com/robot/)"
185.191.171.1 - - [13/May/2026:08:41:50 -0400] "GET /2026/01/20/page/31/ HTTP/1.1" 404 1251 "-" "Mozilla/5.0 (compatible; SemrushBot/7~bl; +http://www.semrush.com/bot.html)"
51.195.183.132 - - [13/May/2026:08:41:51 -0400] "GET /2026/01/05/casinos-ohne-oasis-in-deutschland-5091/ HTTP/1.1" 404 1251 "-" "Mozilla/5.0 (compatible; AhrefsBot/7.0; +http://ahrefs.com/robot/)"
198.244.168.196 - - [13/May/2026:08:41:54 -0400] "GET /2026/02/03/this-enables-professionals-to-love-flexible-and-you-can-safe-transaction-alternatives/ HTTP/1.1" 404 1251 "-" "Mozilla/5.0 (compatible; AhrefsBot/7.0; +http://ahrefs.com/robot/)"
51.89.129.19 - - [13/May/2026:08:41:57 -0400] "GET /2026/02/08/working-with-entain-partners-could-have-been-an-absolute-satisfaction-for-our-affiliate-team-on-local-casino-aams/ HTTP/1.1" 404 1251 "-" "Mozilla/5.0 (compatible; AhrefsBot/7.0; +http://ahrefs.com/robot/)"
216.244.66.248 - - [13/May/2026:08:42:04 -0400] "GET /2024/10/10/ HTTP/1.1" 404 1251 "-" "Mozilla/5.0 (compatible; DotBot/1.2; +https://opensiteexplorer.org/dotbot; help@moz.com)"
198.244.240.4 - - [13/May/2026:08:42:07 -0400] "GET /2026/01/29/how-can-i-enjoy-totally-free-slot-machine-game-for-fun-without-getting-one-software/ HTTP/1.1" 404 1251 "-" "Mozilla/5.0 (compatible; AhrefsBot/7.0; +http://ahrefs.com/robot/)"
51.195.244.97 - - [13/May/2026:08:42:25 -0400] "GET /2025/12/19/na-slotsjudge-kazdy-zalety-generuja-rzetelne-i-mozesz-bezstronne-krytyki-kasyn-bazujac-do-doglebnej-analizie-i-mozesz-myslec-o/ HTTP/1.1" 404 1251 "-" "Mozilla/5.0 (compatible; AhrefsBot/7.0; +http://ahrefs.com/robot/)"
51.195.215.161 - - [13/May/2026:08:42:32 -0400] "GET /2026/01/02/indian-fantasizing-slot-machine-game-play-better-payment-games-during-the-mr-wager-1-local-casino/ HTTP/1.1" 404 1251 "-" "Mozilla/5.0 (compatible; AhrefsBot/7.0; +http://ahrefs.com/robot/)"
51.195.183.32 - - [13/May/2026:08:42:35 -0400] "GET /2025/12/26/appareil-mafia-casino-bonus-de-casino-a-avec-quelque-peu-top-sites-jeux-gratis-en-compagnie-de-casino/ HTTP/1.1" 404 1251 "-" "Mozilla/5.0 (compatible; AhrefsBot/7.0; +http://ahrefs.com/robot/)"
216.244.66.248 - - [13/May/2026:08:42:35 -0400] "GET /2026/01/03/canada-no-deposit-incentives-2025/ HTTP/1.1" 404 1251 "-" "Mozilla/5.0 (compatible; DotBot/1.2; +https://opensiteexplorer.org/dotbot; help@moz.com)"
85.208.96.204 - - [13/May/2026:08:42:36 -0400] "GET /2025/10/18/sajt-i-zerkalo-rabochee-vhod-v-bk-mostbet-98/ HTTP/1.1" 404 1251 "-" "Mozilla/5.0 (compatible; SemrushBot/7~bl; +http://www.semrush.com/bot.html)"
198.244.226.183 - - [13/May/2026:08:42:38 -0400] "GET /2026/01/06/cose-il-gratifica-10-%EF%BF%BD-privo-di-base-non-aams/ HTTP/1.1" 404 1251 "-" "Mozilla/5.0 (compatible; AhrefsBot/7.0; +http://ahrefs.com/robot/)"
51.195.183.86 - - [13/May/2026:08:42:44 -0400] "GET /2026/01/17/vip-applications-offering-rakeback-5-20-cashback-for-the-loss-and-smaller-wagering-multipliers-25x-instead-of-35x-give-enough-time-label-worthy-of/ HTTP/1.1" 404 1251 "-" "Mozilla/5.0 (compatible; AhrefsBot/7.0; +http://ahrefs.com/robot/)"
198.244.168.91 - - [13/May/2026:08:42:47 -0400] "GET /2026/01/03/bankbiljet-verslaan-apprecieren-7-praktische-lost-island-gokhuis-gokkast-fairytale-manieren/ HTTP/1.1" 404 1251 "-" "Mozilla/5.0 (compatible; AhrefsBot/7.0; +http://ahrefs.com/robot/)"
198.244.240.96 - - [13/May/2026:08:42:59 -0400] "GET /2026/01/15/beste-gangbar-casinos-within-denen-gamer-10-freispiele-blank-einzahlung-beibehalten-konnen/feed/ HTTP/1.1" 404 1251 "-" "Mozilla/5.0 (compatible; AhrefsBot/7.0; +http://ahrefs.com/robot/)"
51.195.215.212 - - [13/May/2026:08:43:02 -0400] "GET /2026/01/28/antique-harbors-try-however-the-most-common-on-line-casino-online-game-in-the-market/ HTTP/1.1" 404 1251 "-" "Mozilla/5.0 (compatible; AhrefsBot/7.0; +http://ahrefs.com/robot/)"
216.244.66.248 - - [13/May/2026:08:43:03 -0400] "GET /2026/01/06/anleitung-steam-spiele-nach-iphone-ipad-rebellion-casino-app-kostenlos-herunterladen-apple-tv-tippen/ HTTP/1.1" 404 1251 "-" "Mozilla/5.0 (compatible; DotBot/1.2; +https://opensiteexplorer.org/dotbot; help@moz.com)"
51.195.183.74 - - [13/May/2026:08:43:08 -0400] "GET /2026/01/15/las-bonos-de-recarga-semanal-casino-peru-tipicamente-se-fabrican-con-porcentajes-minimos-sin-embargo-con-de-mas-grande-repeticion/feed/ HTTP/1.1" 404 1251 "-" "Mozilla/5.0 (compatible; AhrefsBot/7.0; +http://ahrefs.com/robot/)"
198.244.168.234 - - [13/May/2026:08:43:12 -0400] "GET /2026/01/28/i-just-discovered-a-very-good-quick-strike-slot-machine-game-one-to-pays-up-to-5000x-the-share/ HTTP/1.1" 404 1251 "-" "Mozilla/5.0 (compatible; AhrefsBot/7.0; +http://ahrefs.com/robot/)"
216.244.66.248 - - [13/May/2026:08:43:15 -0400] "GET /2026/01/13/sweet-bonanza-1000-slot-demonstration-kostenlos-aztec-treasures-bonus-spielen/ HTTP/1.1" 404 1251 "-" "Mozilla/5.0 (compatible; DotBot/1.2; +https://opensiteexplorer.org/dotbot; help@moz.com)"
198.244.226.191 - - [13/May/2026:08:43:18 -0400] "GET /2026/01/03/ten-minimal-put-slot-machine-online-robin-hood-gambling-enterprises-2025-better-ten-put-incentive-requirements/ HTTP/1.1" 404 1251 "-" "Mozilla/5.0 (compatible; AhrefsBot/7.0; +http://ahrefs.com/robot/)"
198.244.168.157 - - [13/May/2026:08:43:22 -0400] "GET /2026/01/03/greatest-put-match-bonus-deposit-5-get-20-free-spins-rules-inside-the-2025/ HTTP/1.1" 404 1251 "-" "Mozilla/5.0 (compatible; AhrefsBot/7.0; +http://ahrefs.com/robot/)"
51.89.129.85 - - [13/May/2026:08:43:25 -0400] "GET /2026/01/07/the-double-bubble-slot-for-money-incredible-spider-son-revalations/ HTTP/1.1" 404 1251 "-" "Mozilla/5.0 (compatible; AhrefsBot/7.0; +http://ahrefs.com/robot/)"
216.244.66.248 - - [13/May/2026:08:43:26 -0400] "GET /2026/01/14/50-freispiele-ohne-einzahlung-auf-tower-of-power-slot-free-spins-anhieb-verfugbar-2026/ HTTP/1.1" 404 1251 "-" "Mozilla/5.0 (compatible; DotBot/1.2; +https://opensiteexplorer.org/dotbot; help@moz.com)"
85.208.96.212 - - [13/May/2026:08:43:28 -0400] "GET /2025/12/31/you-have-to-have-generated-a-minumum-of-one-deposit-prior-to-stating/ HTTP/1.1" 404 1251 "-" "Mozilla/5.0 (compatible; SemrushBot/7~bl; +http://www.semrush.com/bot.html)"
85.208.96.204 - - [13/May/2026:08:43:30 -0400] "GET /2026/01/23/enjoy-22000-free-online-casino-games-and-slots-no-install/ HTTP/1.1" 404 1251 "-" "Mozilla/5.0 (compatible; SemrushBot/7~bl; +http://www.semrush.com/bot.html)"
198.244.242.51 - - [13/May/2026:08:42:25 -0400] "GET /2025/12/31/%E1%90%85-fat-santa-position-lohnt-sich-zu-zocken-merkur-magie-las-vegas-local-casino-herunterladen-spielen/ HTTP/1.1" 404 1251 "-" "Mozilla/5.0 (compatible; AhrefsBot/7.0; +http://ahrefs.com/robot/)"
185.191.171.4 - - [13/May/2026:08:42:26 -0400] "GET /author/uzair/page/3753/ HTTP/1.1" 404 1251 "-" "Mozilla/5.0 (compatible; SemrushBot/7~bl; +http://www.semrush.com/bot.html)"
198.244.183.148 - - [13/May/2026:08:42:28 -0400] "GET /2026/01/03/starburst-position-online-wager-100-percent-free/ HTTP/1.1" 404 1251 "-" "Mozilla/5.0 (compatible; AhrefsBot/7.0; +http://ahrefs.com/robot/)"
54.38.147.81 - - [13/May/2026:08:42:42 -0400] "GET /2026/01/14/how-to-use-tesor-casino-s-mobile-app-for-better-gaming/ HTTP/1.1" 404 1251 "-" "Mozilla/5.0 (compatible; AhrefsBot/7.0; +http://ahrefs.com/robot/)"
216.244.66.248 - - [13/May/2026:08:42:50 -0400] "GET /2026/01/03/pastoor-mad-hatters-gokkast-u-kansspel-erbij-verkrijgen-10-belangrijke-toelichtingen-trucs/ HTTP/1.1" 404 1251 "-" "Mozilla/5.0 (compatible; DotBot/1.2; +https://opensiteexplorer.org/dotbot; help@moz.com)"
198.244.240.122 - - [13/May/2026:08:42:50 -0400] "GET /2026/01/13/2-punt-%EF%BF%BD-bitcoin-salle-de-jeu-tres-important-au-sujet-des-parieurs-debutants/ HTTP/1.1" 404 1251 "-" "Mozilla/5.0 (compatible; AhrefsBot/7.0; +http://ahrefs.com/robot/)"
198.244.168.28 - - [13/May/2026:08:42:53 -0400] "GET /2026/01/25/inoffizieller-mitarbeiter-online-casino-uber-ein-handyrechnung-begleichen/ HTTP/1.1" 404 1251 "-" "Mozilla/5.0 (compatible; AhrefsBot/7.0; +http://ahrefs.com/robot/)"
198.244.168.154 - - [13/May/2026:08:42:56 -0400] "GET /2026/01/21/financial-choices-for-a-real-income-local-casino-web-sites/feed/ HTTP/1.1" 404 1251 "-" "Mozilla/5.0 (compatible; AhrefsBot/7.0; +http://ahrefs.com/robot/)"
198.244.168.34 - - [13/May/2026:08:43:05 -0400] "GET /2026/01/28/acerca-de-como-utilizar-astropay-sobre-los-lugares-sobre-apuestas-asi%EF%BF%BD-como-casinos-en-internet/ HTTP/1.1" 404 1251 "-" "Mozilla/5.0 (compatible; AhrefsBot/7.0; +http://ahrefs.com/robot/)"
54.38.147.33 - - [13/May/2026:08:43:17 -0400] "GET /2026/01/12/leurs-choses-ou-commentaires-a-l%EF%BF%BDegard-de-inventer-ce-equipier-specialiste-en-salle-de-jeu/ HTTP/1.1" 404 1251 "-" "Mozilla/5.0 (compatible; AhrefsBot/7.0; +http://ahrefs.com/robot/)"
54.38.147.61 - - [13/May/2026:08:43:29 -0400] "GET /2026/01/30/therefore-casino-motion-are-right-up-around-into-good-all-of-them/feed/ HTTP/1.1" 404 1251 "-" "Mozilla/5.0 (compatible; AhrefsBot/7.0; +http://ahrefs.com/robot/)"
51.195.215.1 - - [13/May/2026:08:43:34 -0400] "GET /2025/12/29/book-from-ra-totally-free-spins-no-deposit-in-the-za-july-2024/feed/ HTTP/1.1" 404 1251 "-" "Mozilla/5.0 (compatible; AhrefsBot/7.0; +http://ahrefs.com/robot/)"
198.244.226.172 - - [13/May/2026:08:43:37 -0400] "GET /2026/01/03/goldilocks-slot-quickspin-slot-having-96-84-go-back-to-pro/feed/ HTTP/1.1" 404 1251 "-" "Mozilla/5.0 (compatible; AhrefsBot/7.0; +http://ahrefs.com/robot/)"
51.195.183.133 - - [13/May/2026:08:43:47 -0400] "GET /2026/01/05/unser-anwendung-durch-paysafecard-zur-einzahlung-uff-das-kontoverbindung-beim-geben-von-novoline-geben-verlangt-mehrere-vorteile/feed/ HTTP/1.1" 404 1251 "-" "Mozilla/5.0 (compatible; AhrefsBot/7.0; +http://ahrefs.com/robot/)"
51.89.129.58 - - [13/May/2026:08:43:50 -0400] "GET /2026/01/29/iscriviti-autenticazione-il-competenza-anche-ricevi-222%EF%BF%BD-di-bonus-in-assenza-di-tenuta-per-le-slot/feed/ HTTP/1.1" 404 1251 "-" "Mozilla/5.0 (compatible; AhrefsBot/7.0; +http://ahrefs.com/robot/)"
51.195.183.120 - - [13/May/2026:08:43:53 -0400] "GET /2026/01/28/you-will-find-items-to-have-ios-and-android-os-and-you-will-particular-software-having-per-venue/feed/ HTTP/1.1" 404 1251 "-" "Mozilla/5.0 (compatible; AhrefsBot/7.0; +http://ahrefs.com/robot/)"
185.191.171.16 - - [13/May/2026:08:43:53 -0400] "GET /2026/01/25/beste-echtgeld-verbunden-casinos-as-part-of-teutonia-2026/ HTTP/1.1" 404 1251 "-" "Mozilla/5.0 (compatible; SemrushBot/7~bl; +http://www.semrush.com/bot.html)"
216.244.66.248 - - [13/May/2026:08:43:54 -0400] "GET /2026/01/03/usually-do-not-lose-out-subscribe-and-possess-the-greatest-gambling-establishment-25-free-no-deposit-casinos-bonuses-the-few-days/ HTTP/1.1" 404 1251 "-" "Mozilla/5.0 (compatible; DotBot/1.2; +https://opensiteexplorer.org/dotbot; help@moz.com)"
198.244.242.193 - - [13/May/2026:08:43:56 -0400] "GET /2026/01/01/how-to-view-live-cricket-to-the-bet365-a-complete-publication/feed/ HTTP/1.1" 404 1251 "-" "Mozilla/5.0 (compatible; AhrefsBot/7.0; +http://ahrefs.com/robot/)"
198.244.168.32 - - [13/May/2026:08:43:59 -0400] "GET /2025/12/27/kazino-oficialnyj-sajt-igrat-v-onlajn-kazino-pin-119/ HTTP/1.1" 404 1251 "-" "Mozilla/5.0 (compatible; AhrefsBot/7.0; +http://ahrefs.com/robot/)"
185.191.171.12 - - [13/May/2026:08:44:01 -0400] "GET /2025/12/26/to-view-these-types-of-bonuses-people-need-to-check-in-and-you-can-be-sure-their-membership-while-using-the-a-particular-promo-password-during-the-membership/ HTTP/1.1" 404 1251 "-" "Mozilla/5.0 (compatible; SemrushBot/7~bl; +http://www.semrush.com/bot.html)"
51.195.183.180 - - [13/May/2026:08:44:02 -0400] "GET /2025/12/18/volte-requisiti-di-imposizione-trasformano-il-gratifica-da-talento-promozionale-per-voto-visibile-di-artificio/feed/ HTTP/1.1" 404 1251 "-" "Mozilla/5.0 (compatible; AhrefsBot/7.0; +http://ahrefs.com/robot/)"
51.195.215.234 - - [13/May/2026:08:44:05 -0400] "GET /2025/08/25/fun88-1546/ HTTP/1.1" 404 1251 "-" "Mozilla/5.0 (compatible; AhrefsBot/7.0; +http://ahrefs.com/robot/)"
216.244.66.248 - - [13/May/2026:08:44:07 -0400] "GET /2026/01/12/22bet-casino-%EF%BF%BD-slots-en-compania-de-utilidades-especificas-asi%EF%BF%BD-como-100s-sobre-tematicas/ HTTP/1.1" 404 1251 "-" "Mozilla/5.0 (compatible; DotBot/1.2; +https://opensiteexplorer.org/dotbot; help@moz.com)"
51.89.129.234 - - [13/May/2026:08:44:11 -0400] "GET /2026/01/05/i-rulli-di-questa-macchinetta-sono-in-realta-pieni-aureo/feed/ HTTP/1.1" 404 1251 "-" "Mozilla/5.0 (compatible; AhrefsBot/7.0; +http://ahrefs.com/robot/)"
85.208.96.211 - - [13/May/2026:08:44:13 -0400] "GET /2026/01/22/payments-arrive-having-charge-charge-card-e-purses-and-lots-of-cryptocurrencies/ HTTP/1.1" 404 1251 "-" "Mozilla/5.0 (compatible; SemrushBot/7~bl; +http://www.semrush.com/bot.html)"
51.89.129.207 - - [13/May/2026:08:44:14 -0400] "GET /2025/12/16/which-is-the-safest-gambling-site-one-welcomes-paysafecard/ HTTP/1.1" 404 1251 "-" "Mozilla/5.0 (compatible; AhrefsBot/7.0; +http://ahrefs.com/robot/)"
216.244.66.248 - - [13/May/2026:08:44:17 -0400] "GET /2026/01/25/blackjack-verzeichnis-2026-unser-beste-schlachtplan-fur-spieler-wunderino-de/ HTTP/1.1" 404 1251 "-" "Mozilla/5.0 (compatible; DotBot/1.2; +https://opensiteexplorer.org/dotbot; help@moz.com)"
216.244.66.248 - - [13/May/2026:08:44:20 -0400] "GET /2026/01/25/online-spielsaal-paypal-%EF%B8%8F-33-top-paypal-casinos-2026/ HTTP/1.1" 404 1251 "-" "Mozilla/5.0 (compatible; DotBot/1.2; +https://opensiteexplorer.org/dotbot; help@moz.com)"
51.195.183.24 - - [13/May/2026:08:44:21 -0400] "GET /2026/01/08/attendez-cet-neuf-liberalite-en-tenant-cellule-de-jeu-wazamba/feed/ HTTP/1.1" 404 1251 "-" "Mozilla/5.0 (compatible; AhrefsBot/7.0; +http://ahrefs.com/robot/)"
85.208.96.201 - - [13/May/2026:08:44:24 -0400] "GET /2026/01/14/casinos-unter-riches-of-robin-casino-einsatz-von-eye-of-horus-app-rezension-freispielen-allein-einzahlung-im-feber-2025/ HTTP/1.1" 404 1251 "-" "Mozilla/5.0 (compatible; SemrushBot/7~bl; +http://www.semrush.com/bot.html)"
198.244.242.62 - - [13/May/2026:08:44:24 -0400] "GET /2026/01/29/exactly-why-do-100-free-position-online-game-require-no-subscription-and-you-will-downloading/feed/ HTTP/1.1" 404 1251 "-" "Mozilla/5.0 (compatible; AhrefsBot/7.0; +http://ahrefs.com/robot/)"
216.244.66.248 - - [13/May/2026:08:44:29 -0400] "GET /2026/01/19/molti-operatori-richiedono-prelievi-minimi-di-20-50-euro-vanificando-la-possibilita-di-raggiungere-guadagni-contenuti/ HTTP/1.1" 404 1251 "-" "Mozilla/5.0 (compatible; DotBot/1.2; +https://opensiteexplorer.org/dotbot; help@moz.com)"
54.38.147.216 - - [13/May/2026:08:43:31 -0400] "GET /2026/01/08/les-meilleurs-liberalite-en-compagnie-de-rentabiliser-ses-gestions-en-surfant-sur-aviator-en-argus-divoire/feed/ HTTP/1.1" 404 1251 "-" "Mozilla/5.0 (compatible; AhrefsBot/7.0; +http://ahrefs.com/robot/)"
216.244.66.248 - - [13/May/2026:08:43:36 -0400] "GET /2026/01/26/this-can-help-make-your-reputation-on-the-yukon-silver-gambling-establishment/ HTTP/1.1" 404 1251 "-" "Mozilla/5.0 (compatible; DotBot/1.2; +https://opensiteexplorer.org/dotbot; help@moz.com)"
198.244.242.107 - - [13/May/2026:08:43:40 -0400] "GET /2026/02/17/raih-kemenangan-besar-di-live-casino-online-27/ HTTP/1.1" 404 1251 "-" "Mozilla/5.0 (compatible; AhrefsBot/7.0; +http://ahrefs.com/robot/)"
198.244.240.35 - - [13/May/2026:08:43:43 -0400] "GET /2026/02/08/erleben-sie-den-nervenkitzel-von-pistolo-casino-on/ HTTP/1.1" 404 1251 "-" "Mozilla/5.0 (compatible; AhrefsBot/7.0; +http://ahrefs.com/robot/)"
216.244.66.248 - - [13/May/2026:08:43:46 -0400] "GET /2026/01/03/jackpot-town-local-casino-no-deposit-bonus-december-2025/ HTTP/1.1" 404 1251 "-" "Mozilla/5.0 (compatible; DotBot/1.2; +https://opensiteexplorer.org/dotbot; help@moz.com)"
216.244.66.248 - - [13/May/2026:08:44:01 -0400] "GET /2026/01/04/angeschlossen-spielsaal-paysafe-legale-paysafecard-casinos-fur-2025/ HTTP/1.1" 404 1251 "-" "Mozilla/5.0 (compatible; DotBot/1.2; +https://opensiteexplorer.org/dotbot; help@moz.com)"
51.195.215.120 - - [13/May/2026:08:44:08 -0400] "GET /2026/01/29/looking-for-an-on-line-local-casino-where-you-can-play-this-new-online-casino-games/feed/ HTTP/1.1" 404 1251 "-" "Mozilla/5.0 (compatible; AhrefsBot/7.0; +http://ahrefs.com/robot/)"
185.191.171.16 - - [13/May/2026:08:44:09 -0400] "GET /2025/02/15/innovative-plattformen-im-digitalen-zeitalter-die-bedeutung-von-user-experience-und-personalisierung/ HTTP/1.1" 404 1251 "-" "Mozilla/5.0 (compatible; SemrushBot/7~bl; +http://www.semrush.com/bot.html)"
185.191.171.3 - - [13/May/2026:08:44:11 -0400] "GET /2025/04/15/strategies-for-winning-at-50crowns-casino-blackjack/ HTTP/1.1" 404 1251 "-" "Mozilla/5.0 (compatible; SemrushBot/7~bl; +http://www.semrush.com/bot.html)"
216.244.66.248 - - [13/May/2026:08:44:12 -0400] "GET /2026/01/23/greatest-on-the-internet-pokies-2026-real-cash-pokies-ratings-added-bonus/ HTTP/1.1" 404 1251 "-" "Mozilla/5.0 (compatible; DotBot/1.2; +https://opensiteexplorer.org/dotbot; help@moz.com)"
198.244.240.43 - - [13/May/2026:08:44:17 -0400] "GET /2025/11/10/visual-hierarchy-and-usability-the-significance-ofdark-green-ui-elementsin-contemporary-digital-design/feed/ HTTP/1.1" 404 1251 "-" "Mozilla/5.0 (compatible; AhrefsBot/7.0; +http://ahrefs.com/robot/)"
216.244.66.248 - - [13/May/2026:08:44:24 -0400] "GET /2026/01/26/if-you-have-never-written-an-account-at-an-on-line-gambling-enterprise-just-before-a-no-deposit-incentive-is-the-trusted-first-step/ HTTP/1.1" 404 1251 "-" "Mozilla/5.0 (compatible; DotBot/1.2; +https://opensiteexplorer.org/dotbot; help@moz.com)"
216.244.66.248 - - [13/May/2026:08:44:26 -0400] "GET /2026/01/26/posteriormente-se-ofrecen-uno-de-los-definitivos-beneficios-sobre-retar-referente-a-nine-casino/ HTTP/1.1" 404 1251 "-" "Mozilla/5.0 (compatible; DotBot/1.2; +https://opensiteexplorer.org/dotbot; help@moz.com)"
198.244.226.35 - - [13/May/2026:08:44:27 -0400] "GET /2026/01/07/just-what-have-in-the-event-that-you-look-out-for-in-a-good-sweepstakes-gambling-establishment/feed/ HTTP/1.1" 404 1251 "-" "Mozilla/5.0 (compatible; AhrefsBot/7.0; +http://ahrefs.com/robot/)"
216.244.66.248 - - [13/May/2026:08:44:31 -0400] "GET /2026/01/21/cash-application-no-deposit-added-bonus-gambling-enterprises-%EF%BF%BD-locations-to-wager-100-free-earn-real-money/ HTTP/1.1" 404 1251 "-" "Mozilla/5.0 (compatible; DotBot/1.2; +https://opensiteexplorer.org/dotbot; help@moz.com)"
51.83.9.208 - - [13/May/2026:08:44:40 -0400] "GET /0002ac608aeb.html HTTP/1.1" 404 1251 "-" "Mozilla/5.0 (compatible; MJ12bot/v1.4.8; http://mj12bot.com/)"
216.244.66.248 - - [13/May/2026:08:44:32 -0400] "GET /2026/01/26/this-is-certainly-no-further-the-way-it-is-because-of-the-immediate-play-alternative-offered-to-possess-yabby-gambling-establishment/ HTTP/1.1" 404 1251 "-" "Mozilla/5.0 (compatible; DotBot/1.2; +https://opensiteexplorer.org/dotbot; help@moz.com)"
216.244.66.248 - - [13/May/2026:08:44:34 -0400] "GET /2026/01/07/die-besten-9-kasino-bonus-angebote-2026-as-part-of-land-der-dichter-und-denker/ HTTP/1.1" 404 1251 "-" "Mozilla/5.0 (compatible; DotBot/1.2; +https://opensiteexplorer.org/dotbot; help@moz.com)"
85.208.96.204 - - [13/May/2026:08:44:35 -0400] "GET /2025/12/25/maquinas-tragamonedas-gratuito-asi-como-demos-tratar-a-las-tragamonedas-aprende-mas-aqui-online-referente-a-beto/ HTTP/1.1" 404 1251 "-" "Mozilla/5.0 (compatible; SemrushBot/7~bl; +http://www.semrush.com/bot.html)"
51.83.9.208 - - [13/May/2026:08:44:38 -0400] "GET /robots.txt HTTP/1.1" 404 1251 "-" "Mozilla/5.0 (compatible; MJ12bot/v1.4.8; http://mj12bot.com/)"
185.191.171.15 - - [13/May/2026:08:44:39 -0400] "GET /2025/12/22/enthusiasts-nj-new-jersey-gambling-enterprise-allowed-bonus-promo-password-2025/ HTTP/1.1" 404 1251 "-" "Mozilla/5.0 (compatible; SemrushBot/7~bl; +http://www.semrush.com/bot.html)"
185.191.171.12 - - [13/May/2026:08:44:40 -0400] "GET /2025/12/page/153/ HTTP/1.1" 404 1251 "-" "Mozilla/5.0 (compatible; SemrushBot/7~bl; +http://www.semrush.com/bot.html)"
51.83.9.208 - - [13/May/2026:08:44:41 -0400] "GET /0002ac6358bc.html HTTP/1.1" 404 1251 "-" "Mozilla/5.0 (compatible; MJ12bot/v1.4.8; http://mj12bot.com/)"
51.83.9.208 - - [13/May/2026:08:44:46 -0400] "GET /0002ac636505.html HTTP/1.1" 404 1251 "-" "Mozilla/5.0 (compatible; MJ12bot/v1.4.8; http://mj12bot.com/)"
51.83.9.208 - - [13/May/2026:08:44:49 -0400] "GET /0002ac636512.html HTTP/1.1" 404 1251 "-" "Mozilla/5.0 (compatible; MJ12bot/v1.4.8; http://mj12bot.com/)"
51.83.9.208 - - [13/May/2026:08:44:50 -0400] "GET /0002ac636513.html HTTP/1.1" 404 1251 "-" "Mozilla/5.0 (compatible; MJ12bot/v1.4.8; http://mj12bot.com/)"
85.208.96.197 - - [13/May/2026:08:44:53 -0400] "GET /2026/02/09/glucksstrudel-garantiert-erhalte-deinen-exklusiven/ HTTP/1.1" 404 1251 "-" "Mozilla/5.0 (compatible; SemrushBot/7~bl; +http://www.semrush.com/bot.html)"
51.83.9.208 - - [13/May/2026:08:45:01 -0400] "GET /0002ac63653a.html HTTP/1.1" 404 1251 "-" "Mozilla/5.0 (compatible; MJ12bot/v1.4.8; http://mj12bot.com/)"
51.83.9.208 - - [13/May/2026:08:45:02 -0400] "GET /0002ac63653d.html HTTP/1.1" 404 1251 "-" "Mozilla/5.0 (compatible; MJ12bot/v1.4.8; http://mj12bot.com/)"
51.83.9.208 - - [13/May/2026:08:45:10 -0400] "GET /0002ac636557.html HTTP/1.1" 404 1251 "-" "Mozilla/5.0 (compatible; MJ12bot/v1.4.8; http://mj12bot.com/)"
51.83.9.208 - - [13/May/2026:08:45:17 -0400] "GET /0002ac636568.html HTTP/1.1" 404 1251 "-" "Mozilla/5.0 (compatible; MJ12bot/v1.4.8; http://mj12bot.com/)"
51.83.9.208 - - [13/May/2026:08:45:19 -0400] "GET /0002ac63656c.html HTTP/1.1" 404 1251 "-" "Mozilla/5.0 (compatible; MJ12bot/v1.4.8; http://mj12bot.com/)"
51.83.9.208 - - [13/May/2026:08:45:20 -0400] "GET /0002ac63657d.html HTTP/1.1" 404 1251 "-" "Mozilla/5.0 (compatible; MJ12bot/v1.4.8; http://mj12bot.com/)"
51.83.9.208 - - [13/May/2026:08:45:22 -0400] "GET /0002ac636581.html HTTP/1.1" 404 1251 "-" "Mozilla/5.0 (compatible; MJ12bot/v1.4.8; http://mj12bot.com/)"
51.83.9.208 - - [13/May/2026:08:45:24 -0400] "GET /0002ac636586.html HTTP/1.1" 404 1251 "-" "Mozilla/5.0 (compatible; MJ12bot/v1.4.8; http://mj12bot.com/)"
51.83.9.208 - - [13/May/2026:08:45:25 -0400] "GET /0002ac636587.html HTTP/1.1" 404 1251 "-" "Mozilla/5.0 (compatible; MJ12bot/v1.4.8; http://mj12bot.com/)"
51.83.9.208 - - [13/May/2026:08:45:30 -0400] "GET /0002ac63658f.html HTTP/1.1" 404 1251 "-" "Mozilla/5.0 (compatible; MJ12bot/v1.4.8; http://mj12bot.com/)"
51.83.9.208 - - [13/May/2026:08:45:32 -0400] "GET /0002ac636592.html HTTP/1.1" 404 1251 "-" "Mozilla/5.0 (compatible; MJ12bot/v1.4.8; http://mj12bot.com/)"
51.83.9.208 - - [13/May/2026:08:44:43 -0400] "GET /0002ac6358bd.html HTTP/1.1" 404 1251 "-" "Mozilla/5.0 (compatible; MJ12bot/v1.4.8; http://mj12bot.com/)"
51.83.9.208 - - [13/May/2026:08:44:44 -0400] "GET /0002ac636502.html HTTP/1.1" 404 1251 "-" "Mozilla/5.0 (compatible; MJ12bot/v1.4.8; http://mj12bot.com/)"
51.83.9.208 - - [13/May/2026:08:44:47 -0400] "GET /0002ac63650e.html HTTP/1.1" 404 1251 "-" "Mozilla/5.0 (compatible; MJ12bot/v1.4.8; http://mj12bot.com/)"
51.83.9.208 - - [13/May/2026:08:44:52 -0400] "GET /0002ac63651a.html HTTP/1.1" 404 1251 "-" "Mozilla/5.0 (compatible; MJ12bot/v1.4.8; http://mj12bot.com/)"
51.83.9.208 - - [13/May/2026:08:44:54 -0400] "GET /0002ac63651f.html HTTP/1.1" 404 1251 "-" "Mozilla/5.0 (compatible; MJ12bot/v1.4.8; http://mj12bot.com/)"
51.83.9.208 - - [13/May/2026:08:44:55 -0400] "GET /0002ac636529.html HTTP/1.1" 404 1251 "-" "Mozilla/5.0 (compatible; MJ12bot/v1.4.8; http://mj12bot.com/)"
51.83.9.208 - - [13/May/2026:08:44:56 -0400] "GET /0002ac63652a.html HTTP/1.1" 404 1251 "-" "Mozilla/5.0 (compatible; MJ12bot/v1.4.8; http://mj12bot.com/)"
185.191.171.12 - - [13/May/2026:08:44:57 -0400] "GET /2026/01/25/freispiele-ohne-einzahlung-2026-beste-no-vorleistung-free-spins/ HTTP/1.1" 404 1251 "-" "Mozilla/5.0 (compatible; SemrushBot/7~bl; +http://www.semrush.com/bot.html)"
51.83.9.208 - - [13/May/2026:08:44:58 -0400] "GET /0002ac636532.html HTTP/1.1" 404 1251 "-" "Mozilla/5.0 (compatible; MJ12bot/v1.4.8; http://mj12bot.com/)"
51.83.9.208 - - [13/May/2026:08:44:59 -0400] "GET /0002ac636538.html HTTP/1.1" 404 1251 "-" "Mozilla/5.0 (compatible; MJ12bot/v1.4.8; http://mj12bot.com/)"
51.83.9.208 - - [13/May/2026:08:45:04 -0400] "GET /0002ac63653f.html HTTP/1.1" 404 1251 "-" "Mozilla/5.0 (compatible; MJ12bot/v1.4.8; http://mj12bot.com/)"
51.83.9.208 - - [13/May/2026:08:45:05 -0400] "GET /0002ac636541.html HTTP/1.1" 404 1251 "-" "Mozilla/5.0 (compatible; MJ12bot/v1.4.8; http://mj12bot.com/)"
51.83.9.208 - - [13/May/2026:08:45:07 -0400] "GET /0002ac636552.html HTTP/1.1" 404 1251 "-" "Mozilla/5.0 (compatible; MJ12bot/v1.4.8; http://mj12bot.com/)"
51.83.9.208 - - [13/May/2026:08:45:09 -0400] "GET /0002ac636554.html HTTP/1.1" 404 1251 "-" "Mozilla/5.0 (compatible; MJ12bot/v1.4.8; http://mj12bot.com/)"
51.83.9.208 - - [13/May/2026:08:45:12 -0400] "GET /0002ac636558.html HTTP/1.1" 404 1251 "-" "Mozilla/5.0 (compatible; MJ12bot/v1.4.8; http://mj12bot.com/)"
51.83.9.208 - - [13/May/2026:08:45:14 -0400] "GET /0002ac63655b.html HTTP/1.1" 404 1251 "-" "Mozilla/5.0 (compatible; MJ12bot/v1.4.8; http://mj12bot.com/)"
51.83.9.208 - - [13/May/2026:08:45:15 -0400] "GET /0002ac636566.html HTTP/1.1" 404 1251 "-" "Mozilla/5.0 (compatible; MJ12bot/v1.4.8; http://mj12bot.com/)"
185.191.171.15 - - [13/May/2026:08:45:25 -0400] "GET /2026/01/26/i-became-delighted-playing-its-real-time-black-jack-ability/ HTTP/1.1" 404 1251 "-" "Mozilla/5.0 (compatible; SemrushBot/7~bl; +http://www.semrush.com/bot.html)"
51.83.9.208 - - [13/May/2026:08:45:27 -0400] "GET /0002ac636589.html HTTP/1.1" 404 1251 "-" "Mozilla/5.0 (compatible; MJ12bot/v1.4.8; http://mj12bot.com/)"
51.83.9.208 - - [13/May/2026:08:45:28 -0400] "GET /0002ac63658c.html HTTP/1.1" 404 1251 "-" "Mozilla/5.0 (compatible; MJ12bot/v1.4.8; http://mj12bot.com/)"
51.83.9.208 - - [13/May/2026:08:45:38 -0400] "GET /0002ac63659f.html HTTP/1.1" 404 1251 "-" "Mozilla/5.0 (compatible; MJ12bot/v1.4.8; http://mj12bot.com/)"
51.83.9.208 - - [13/May/2026:08:45:43 -0400] "GET /0002ac6365a8.html HTTP/1.1" 404 1251 "-" "Mozilla/5.0 (compatible; MJ12bot/v1.4.8; http://mj12bot.com/)"
51.83.9.208 - - [13/May/2026:08:45:45 -0400] "GET /0002ac6365ad.html HTTP/1.1" 404 1251 "-" "Mozilla/5.0 (compatible; MJ12bot/v1.4.8; http://mj12bot.com/)"
51.83.9.208 - - [13/May/2026:08:45:49 -0400] "GET /0002ac6365b2.html HTTP/1.1" 404 1251 "-" "Mozilla/5.0 (compatible; MJ12bot/v1.4.8; http://mj12bot.com/)"
51.83.9.208 - - [13/May/2026:08:45:54 -0400] "GET /0002ac6365bc.html HTTP/1.1" 404 1251 "-" "Mozilla/5.0 (compatible; MJ12bot/v1.4.8; http://mj12bot.com/)"
51.83.9.208 - - [13/May/2026:08:45:33 -0400] "GET /0002ac636593.html HTTP/1.1" 404 1251 "-" "Mozilla/5.0 (compatible; MJ12bot/v1.4.8; http://mj12bot.com/)"
51.83.9.208 - - [13/May/2026:08:45:35 -0400] "GET /0002ac636597.html HTTP/1.1" 404 1251 "-" "Mozilla/5.0 (compatible; MJ12bot/v1.4.8; http://mj12bot.com/)"
51.83.9.208 - - [13/May/2026:08:45:37 -0400] "GET /0002ac636598.html HTTP/1.1" 404 1251 "-" "Mozilla/5.0 (compatible; MJ12bot/v1.4.8; http://mj12bot.com/)"
51.83.9.208 - - [13/May/2026:08:45:40 -0400] "GET /0002ac6365a3.html HTTP/1.1" 404 1251 "-" "Mozilla/5.0 (compatible; MJ12bot/v1.4.8; http://mj12bot.com/)"
51.83.9.208 - - [13/May/2026:08:45:41 -0400] "GET /0002ac6365a5.html HTTP/1.1" 404 1251 "-" "Mozilla/5.0 (compatible; MJ12bot/v1.4.8; http://mj12bot.com/)"
51.83.9.208 - - [13/May/2026:08:45:46 -0400] "GET /0002ac6365ae.html HTTP/1.1" 404 1251 "-" "Mozilla/5.0 (compatible; MJ12bot/v1.4.8; http://mj12bot.com/)"
51.83.9.208 - - [13/May/2026:08:45:48 -0400] "GET /0002ac6365af.html HTTP/1.1" 404 1251 "-" "Mozilla/5.0 (compatible; MJ12bot/v1.4.8; http://mj12bot.com/)"
51.83.9.208 - - [13/May/2026:08:45:51 -0400] "GET /0002ac6365b3.html HTTP/1.1" 404 1251 "-" "Mozilla/5.0 (compatible; MJ12bot/v1.4.8; http://mj12bot.com/)"
51.83.9.208 - - [13/May/2026:08:45:53 -0400] "GET /0002ac6365bb.html HTTP/1.1" 404 1251 "-" "Mozilla/5.0 (compatible; MJ12bot/v1.4.8; http://mj12bot.com/)"
51.83.9.208 - - [13/May/2026:08:45:56 -0400] "GET /0002ac6365bd.html HTTP/1.1" 404 1251 "-" "Mozilla/5.0 (compatible; MJ12bot/v1.4.8; http://mj12bot.com/)"
51.83.9.208 - - [13/May/2026:08:45:59 -0400] "GET /0002ac6365cc.html HTTP/1.1" 404 1251 "-" "Mozilla/5.0 (compatible; MJ12bot/v1.4.8; http://mj12bot.com/)"
51.83.9.208 - - [13/May/2026:08:46:00 -0400] "GET /0002ac6365d4.html HTTP/1.1" 404 1251 "-" "Mozilla/5.0 (compatible; MJ12bot/v1.4.8; http://mj12bot.com/)"
185.191.171.16 - - [13/May/2026:08:46:02 -0400] "GET /2026/02/25/finest-online-pokies-for-real-profit-2026-to-have-aussie-players/ HTTP/1.1" 404 1251 "-" "Mozilla/5.0 (compatible; SemrushBot/7~bl; +http://www.semrush.com/bot.html)"
51.83.9.208 - - [13/May/2026:08:46:05 -0400] "GET /0002ac6365e7.html HTTP/1.1" 404 1251 "-" "Mozilla/5.0 (compatible; MJ12bot/v1.4.8; http://mj12bot.com/)"
51.83.9.208 - - [13/May/2026:08:46:08 -0400] "GET /0002ac6365f3.html HTTP/1.1" 404 1251 "-" "Mozilla/5.0 (compatible; MJ12bot/v1.4.8; http://mj12bot.com/)"
185.191.171.6 - - [13/May/2026:08:46:14 -0400] "GET /2026/01/15/aunque-si-no-le-importa-hacerse-amiga-de-la-grasa-bailo-acerca-de-aquellos-cabarets-antigua-como-nuestro-tropical-nuestro-tropicana/ HTTP/1.1" 404 1251 "-" "Mozilla/5.0 (compatible; SemrushBot/7~bl; +http://www.semrush.com/bot.html)"
51.83.9.208 - - [13/May/2026:08:46:15 -0400] "GET /0002ac6365fe.html HTTP/1.1" 404 1251 "-" "Mozilla/5.0 (compatible; MJ12bot/v1.4.8; http://mj12bot.com/)"
51.83.9.208 - - [13/May/2026:08:46:20 -0400] "GET /0002ac63660a.html HTTP/1.1" 404 1251 "-" "Mozilla/5.0 (compatible; MJ12bot/v1.4.8; http://mj12bot.com/)"
51.83.9.208 - - [13/May/2026:08:46:22 -0400] "GET /0002ac636614.html HTTP/1.1" 404 1251 "-" "Mozilla/5.0 (compatible; MJ12bot/v1.4.8; http://mj12bot.com/)"
51.83.9.208 - - [13/May/2026:08:46:26 -0400] "GET /0002ac636628.html HTTP/1.1" 404 1251 "-" "Mozilla/5.0 (compatible; MJ12bot/v1.4.8; http://mj12bot.com/)"
51.83.9.208 - - [13/May/2026:08:46:33 -0400] "GET /0002ac63663c.html HTTP/1.1" 404 1251 "-" "Mozilla/5.0 (compatible; MJ12bot/v1.4.8; http://mj12bot.com/)"
51.83.9.208 - - [13/May/2026:08:46:35 -0400] "GET /0002ac63663f.html HTTP/1.1" 404 1251 "-" "Mozilla/5.0 (compatible; MJ12bot/v1.4.8; http://mj12bot.com/)"
51.83.9.208 - - [13/May/2026:08:46:36 -0400] "GET /0002ac636641.html HTTP/1.1" 404 1251 "-" "Mozilla/5.0 (compatible; MJ12bot/v1.4.8; http://mj12bot.com/)"
51.83.9.208 - - [13/May/2026:08:46:41 -0400] "GET /0002ac636658.html HTTP/1.1" 404 1251 "-" "Mozilla/5.0 (compatible; MJ12bot/v1.4.8; http://mj12bot.com/)"
51.83.9.208 - - [13/May/2026:08:45:57 -0400] "GET /0002ac6365c4.html HTTP/1.1" 404 1251 "-" "Mozilla/5.0 (compatible; MJ12bot/v1.4.8; http://mj12bot.com/)"
51.83.9.208 - - [13/May/2026:08:46:02 -0400] "GET /0002ac6365df.html HTTP/1.1" 404 1251 "-" "Mozilla/5.0 (compatible; MJ12bot/v1.4.8; http://mj12bot.com/)"
51.83.9.208 - - [13/May/2026:08:46:04 -0400] "GET /0002ac6365e3.html HTTP/1.1" 404 1251 "-" "Mozilla/5.0 (compatible; MJ12bot/v1.4.8; http://mj12bot.com/)"
51.83.9.208 - - [13/May/2026:08:46:07 -0400] "GET /0002ac6365ed.html HTTP/1.1" 404 1251 "-" "Mozilla/5.0 (compatible; MJ12bot/v1.4.8; http://mj12bot.com/)"
51.83.9.208 - - [13/May/2026:08:46:10 -0400] "GET /0002ac6365f9.html HTTP/1.1" 404 1251 "-" "Mozilla/5.0 (compatible; MJ12bot/v1.4.8; http://mj12bot.com/)"
51.83.9.208 - - [13/May/2026:08:46:12 -0400] "GET /0002ac6365fb.html HTTP/1.1" 404 1251 "-" "Mozilla/5.0 (compatible; MJ12bot/v1.4.8; http://mj12bot.com/)"
51.83.9.208 - - [13/May/2026:08:46:13 -0400] "GET /0002ac6365fc.html HTTP/1.1" 404 1251 "-" "Mozilla/5.0 (compatible; MJ12bot/v1.4.8; http://mj12bot.com/)"
51.83.9.208 - - [13/May/2026:08:46:17 -0400] "GET /0002ac636601.html HTTP/1.1" 404 1251 "-" "Mozilla/5.0 (compatible; MJ12bot/v1.4.8; http://mj12bot.com/)"
51.83.9.208 - - [13/May/2026:08:46:18 -0400] "GET /0002ac636602.html HTTP/1.1" 404 1251 "-" "Mozilla/5.0 (compatible; MJ12bot/v1.4.8; http://mj12bot.com/)"
51.83.9.208 - - [13/May/2026:08:46:23 -0400] "GET /0002ac63661e.html HTTP/1.1" 404 1251 "-" "Mozilla/5.0 (compatible; MJ12bot/v1.4.8; http://mj12bot.com/)"
51.83.9.208 - - [13/May/2026:08:46:25 -0400] "GET /0002ac636626.html HTTP/1.1" 404 1251 "-" "Mozilla/5.0 (compatible; MJ12bot/v1.4.8; http://mj12bot.com/)"
51.83.9.208 - - [13/May/2026:08:46:28 -0400] "GET /0002ac63662a.html HTTP/1.1" 404 1251 "-" "Mozilla/5.0 (compatible; MJ12bot/v1.4.8; http://mj12bot.com/)"
51.83.9.208 - - [13/May/2026:08:46:29 -0400] "GET /0002ac63662d.html HTTP/1.1" 404 1251 "-" "Mozilla/5.0 (compatible; MJ12bot/v1.4.8; http://mj12bot.com/)"
51.83.9.208 - - [13/May/2026:08:46:31 -0400] "GET /0002ac636639.html HTTP/1.1" 404 1251 "-" "Mozilla/5.0 (compatible; MJ12bot/v1.4.8; http://mj12bot.com/)"
85.208.96.201 - - [13/May/2026:08:46:37 -0400] "GET /2026/01/23/indietro-alle-slot-di-nuovo-ai-giochi-da-casa-da-gioco-ce-tanta-tecnologia-per-tua-sicurezza/ HTTP/1.1" 404 1251 "-" "Mozilla/5.0 (compatible; SemrushBot/7~bl; +http://www.semrush.com/bot.html)"
51.83.9.208 - - [13/May/2026:08:46:38 -0400] "GET /0002ac636643.html HTTP/1.1" 404 1251 "-" "Mozilla/5.0 (compatible; MJ12bot/v1.4.8; http://mj12bot.com/)"
51.83.9.208 - - [13/May/2026:08:46:40 -0400] "GET /0002ac636648.html HTTP/1.1" 404 1251 "-" "Mozilla/5.0 (compatible; MJ12bot/v1.4.8; http://mj12bot.com/)"
51.83.9.208 - - [13/May/2026:08:46:43 -0400] "GET /0002ac63665c.html HTTP/1.1" 404 1251 "-" "Mozilla/5.0 (compatible; MJ12bot/v1.4.8; http://mj12bot.com/)"
85.208.96.205 - - [13/May/2026:08:46:45 -0400] "GET /2025/12/31/angeschlossen-kasino-qua-sofortauszahlung-online-bingo-echtes-geld-2023-schnell-muhelos-allemal-%EF%B8%8F/ HTTP/1.1" 404 1251 "-" "Mozilla/5.0 (compatible; SemrushBot/7~bl; +http://www.semrush.com/bot.html)"
51.83.9.208 - - [13/May/2026:08:46:45 -0400] "GET /0002ac636662.html HTTP/1.1" 404 1251 "-" "Mozilla/5.0 (compatible; MJ12bot/v1.4.8; http://mj12bot.com/)"
51.83.9.208 - - [13/May/2026:08:46:46 -0400] "GET /0002ac636668.html HTTP/1.1" 404 1251 "-" "Mozilla/5.0 (compatible; MJ12bot/v1.4.8; http://mj12bot.com/)"
51.83.9.208 - - [13/May/2026:08:46:48 -0400] "GET /0002ac63666e.html HTTP/1.1" 404 1251 "-" "Mozilla/5.0 (compatible; MJ12bot/v1.4.8; http://mj12bot.com/)"
51.83.9.208 - - [13/May/2026:08:46:51 -0400] "GET /0002ac63667a.html HTTP/1.1" 404 1251 "-" "Mozilla/5.0 (compatible; MJ12bot/v1.4.8; http://mj12bot.com/)"
51.83.9.208 - - [13/May/2026:08:46:53 -0400] "GET /0002ac63667c.html HTTP/1.1" 404 1251 "-" "Mozilla/5.0 (compatible; MJ12bot/v1.4.8; http://mj12bot.com/)"
51.83.9.208 - - [13/May/2026:08:46:50 -0400] "GET /0002ac63666f.html HTTP/1.1" 404 1251 "-" "Mozilla/5.0 (compatible; MJ12bot/v1.4.8; http://mj12bot.com/)"
51.83.9.208 - - [13/May/2026:08:46:55 -0400] "GET /0002ac636681.html HTTP/1.1" 404 1251 "-" "Mozilla/5.0 (compatible; MJ12bot/v1.4.8; http://mj12bot.com/)"
51.83.9.208 - - [13/May/2026:08:46:56 -0400] "GET /0002ac636688.html HTTP/1.1" 404 1251 "-" "Mozilla/5.0 (compatible; MJ12bot/v1.4.8; http://mj12bot.com/)"
51.83.9.208 - - [13/May/2026:08:46:58 -0400] "GET /0002ac63668b.html HTTP/1.1" 404 1251 "-" "Mozilla/5.0 (compatible; MJ12bot/v1.4.8; http://mj12bot.com/)"
51.83.9.208 - - [13/May/2026:08:47:02 -0400] "GET /0002ac636696.html HTTP/1.1" 404 1251 "-" "Mozilla/5.0 (compatible; MJ12bot/v1.4.8; http://mj12bot.com/)"
51.83.9.208 - - [13/May/2026:08:47:05 -0400] "GET /0002ac636699.html HTTP/1.1" 404 1251 "-" "Mozilla/5.0 (compatible; MJ12bot/v1.4.8; http://mj12bot.com/)"
51.83.9.208 - - [13/May/2026:08:47:07 -0400] "GET /0002ac63669b.html HTTP/1.1" 404 1251 "-" "Mozilla/5.0 (compatible; MJ12bot/v1.4.8; http://mj12bot.com/)"
51.83.9.208 - - [13/May/2026:08:47:08 -0400] "GET /0002ac63669c.html HTTP/1.1" 404 1251 "-" "Mozilla/5.0 (compatible; MJ12bot/v1.4.8; http://mj12bot.com/)"
51.83.9.208 - - [13/May/2026:08:47:10 -0400] "GET /0002ac63669d.html HTTP/1.1" 404 1251 "-" "Mozilla/5.0 (compatible; MJ12bot/v1.4.8; http://mj12bot.com/)"
51.83.9.208 - - [13/May/2026:08:47:15 -0400] "GET /0002ac6366be.html HTTP/1.1" 404 1251 "-" "Mozilla/5.0 (compatible; MJ12bot/v1.4.8; http://mj12bot.com/)"
51.83.9.208 - - [13/May/2026:08:47:19 -0400] "GET /0002ac6366c6.html HTTP/1.1" 404 1251 "-" "Mozilla/5.0 (compatible; MJ12bot/v1.4.8; http://mj12bot.com/)"
51.83.9.208 - - [13/May/2026:08:47:22 -0400] "GET /0002ac6366cd.html HTTP/1.1" 404 1251 "-" "Mozilla/5.0 (compatible; MJ12bot/v1.4.8; http://mj12bot.com/)"
51.83.9.208 - - [13/May/2026:08:47:24 -0400] "GET /0002ac6366d0.html HTTP/1.1" 404 1251 "-" "Mozilla/5.0 (compatible; MJ12bot/v1.4.8; http://mj12bot.com/)"
51.83.9.208 - - [13/May/2026:08:47:26 -0400] "GET /0002ac6366d3.html HTTP/1.1" 404 1251 "-" "Mozilla/5.0 (compatible; MJ12bot/v1.4.8; http://mj12bot.com/)"
51.83.9.208 - - [13/May/2026:08:47:30 -0400] "GET /0002ac6366e4.html HTTP/1.1" 404 1251 "-" "Mozilla/5.0 (compatible; MJ12bot/v1.4.8; http://mj12bot.com/)"
171.234.8.31 - - [13/May/2026:08:47:31 -0400] "GET /2025/12/12/top-5-sportivnyh-sobytij-dlja-stavok-gde-sdelat/ HTTP/1.1" 404 1251 "https://input.managedmedia.org/" "Mozilla/5.0 (X11; Ubuntu; Linux x86_64; rv:136.0) Gecko/20100101 Firefox/136.0"
185.191.171.6 - - [13/May/2026:08:47:35 -0400] "GET /2026/01/page/1900/ HTTP/1.1" 404 1251 "-" "Mozilla/5.0 (compatible; SemrushBot/7~bl; +http://www.semrush.com/bot.html)"
51.83.9.208 - - [13/May/2026:08:47:35 -0400] "GET /0002ac6366f1.html HTTP/1.1" 404 1251 "-" "Mozilla/5.0 (compatible; MJ12bot/v1.4.8; http://mj12bot.com/)"
51.83.9.208 - - [13/May/2026:08:47:37 -0400] "GET /0002ac6366f7.html HTTP/1.1" 404 1251 "-" "Mozilla/5.0 (compatible; MJ12bot/v1.4.8; http://mj12bot.com/)"
51.83.9.208 - - [13/May/2026:08:47:41 -0400] "GET /0002ac6366fe.html HTTP/1.1" 404 1251 "-" "Mozilla/5.0 (compatible; MJ12bot/v1.4.8; http://mj12bot.com/)"
51.83.9.208 - - [13/May/2026:08:47:42 -0400] "GET /0002ac636700.html HTTP/1.1" 404 1251 "-" "Mozilla/5.0 (compatible; MJ12bot/v1.4.8; http://mj12bot.com/)"
51.83.9.208 - - [13/May/2026:08:47:48 -0400] "GET /0002ac636712.html HTTP/1.1" 404 1251 "-" "Mozilla/5.0 (compatible; MJ12bot/v1.4.8; http://mj12bot.com/)"
185.191.171.10 - - [13/May/2026:08:47:50 -0400] "GET /robots.txt HTTP/1.1" 404 1251 "-" "Mozilla/5.0 (compatible; SemrushBot/7~bl; +http://www.semrush.com/bot.html)"
51.83.9.208 - - [13/May/2026:08:47:51 -0400] "GET /0002ac63671f.html HTTP/1.1" 404 1251 "-" "Mozilla/5.0 (compatible; MJ12bot/v1.4.8; http://mj12bot.com/)"
51.83.9.208 - - [13/May/2026:08:47:00 -0400] "GET /0002ac63668d.html HTTP/1.1" 404 1251 "-" "Mozilla/5.0 (compatible; MJ12bot/v1.4.8; http://mj12bot.com/)"
51.83.9.208 - - [13/May/2026:08:47:03 -0400] "GET /0002ac636698.html HTTP/1.1" 404 1251 "-" "Mozilla/5.0 (compatible; MJ12bot/v1.4.8; http://mj12bot.com/)"
51.83.9.208 - - [13/May/2026:08:47:12 -0400] "GET /0002ac6366ae.html HTTP/1.1" 404 1251 "-" "Mozilla/5.0 (compatible; MJ12bot/v1.4.8; http://mj12bot.com/)"
51.83.9.208 - - [13/May/2026:08:47:14 -0400] "GET /0002ac6366bc.html HTTP/1.1" 404 1251 "-" "Mozilla/5.0 (compatible; MJ12bot/v1.4.8; http://mj12bot.com/)"
51.83.9.208 - - [13/May/2026:08:47:17 -0400] "GET /0002ac6366c5.html HTTP/1.1" 404 1251 "-" "Mozilla/5.0 (compatible; MJ12bot/v1.4.8; http://mj12bot.com/)"
51.83.9.208 - - [13/May/2026:08:47:21 -0400] "GET /0002ac6366cb.html HTTP/1.1" 404 1251 "-" "Mozilla/5.0 (compatible; MJ12bot/v1.4.8; http://mj12bot.com/)"
51.83.9.208 - - [13/May/2026:08:47:28 -0400] "GET /0002ac6366d7.html HTTP/1.1" 404 1251 "-" "Mozilla/5.0 (compatible; MJ12bot/v1.4.8; http://mj12bot.com/)"
51.83.9.208 - - [13/May/2026:08:47:32 -0400] "GET /0002ac6366e8.html HTTP/1.1" 404 1251 "-" "Mozilla/5.0 (compatible; MJ12bot/v1.4.8; http://mj12bot.com/)"
171.234.8.31 - - [13/May/2026:08:47:32 -0400] "GET / HTTP/1.1" 403 1242 "-" "Mozilla/5.0 (X11; Ubuntu; Linux x86_64; rv:136.0) Gecko/20100101 Firefox/136.0"
51.83.9.208 - - [13/May/2026:08:47:34 -0400] "GET /0002ac6366ea.html HTTP/1.1" 404 1251 "-" "Mozilla/5.0 (compatible; MJ12bot/v1.4.8; http://mj12bot.com/)"
51.83.9.208 - - [13/May/2026:08:47:39 -0400] "GET /0002ac6366fb.html HTTP/1.1" 404 1251 "-" "Mozilla/5.0 (compatible; MJ12bot/v1.4.8; http://mj12bot.com/)"
51.83.9.208 - - [13/May/2026:08:47:44 -0400] "GET /0002ac636706.html HTTP/1.1" 404 1251 "-" "Mozilla/5.0 (compatible; MJ12bot/v1.4.8; http://mj12bot.com/)"
51.83.9.208 - - [13/May/2026:08:47:46 -0400] "GET /0002ac636708.html HTTP/1.1" 404 1251 "-" "Mozilla/5.0 (compatible; MJ12bot/v1.4.8; http://mj12bot.com/)"
51.83.9.208 - - [13/May/2026:08:47:49 -0400] "GET /0002ac636715.html HTTP/1.1" 404 1251 "-" "Mozilla/5.0 (compatible; MJ12bot/v1.4.8; http://mj12bot.com/)"
185.191.171.4 - - [13/May/2026:08:47:51 -0400] "GET /2026/01/13/on-voit-tel-mon-section-pour-la-capitale-competiteurs-au-sujet-des-admirateur-en-tenant-divertissement/ HTTP/1.1" 404 1251 "-" "Mozilla/5.0 (compatible; SemrushBot/7~bl; +http://www.semrush.com/bot.html)"
51.83.9.208 - - [13/May/2026:08:47:53 -0400] "GET /0002ac636722.html HTTP/1.1" 404 1251 "-" "Mozilla/5.0 (compatible; MJ12bot/v1.4.8; http://mj12bot.com/)"
51.83.9.208 - - [13/May/2026:08:47:54 -0400] "GET /0002ac636726.html HTTP/1.1" 404 1251 "-" "Mozilla/5.0 (compatible; MJ12bot/v1.4.8; http://mj12bot.com/)"
51.83.9.208 - - [13/May/2026:08:47:56 -0400] "GET /0002ac636729.html HTTP/1.1" 404 1251 "-" "Mozilla/5.0 (compatible; MJ12bot/v1.4.8; http://mj12bot.com/)"
51.83.9.208 - - [13/May/2026:08:47:58 -0400] "GET /0002ac63672f.html HTTP/1.1" 404 1251 "-" "Mozilla/5.0 (compatible; MJ12bot/v1.4.8; http://mj12bot.com/)"
185.191.171.14 - - [13/May/2026:08:48:03 -0400] "GET /2026/01/05/page/10/ HTTP/1.1" 404 1251 "-" "Mozilla/5.0 (compatible; SemrushBot/7~bl; +http://www.semrush.com/bot.html)"
51.83.9.208 - - [13/May/2026:08:48:04 -0400] "GET /0002ac636741.html HTTP/1.1" 404 1251 "-" "Mozilla/5.0 (compatible; MJ12bot/v1.4.8; http://mj12bot.com/)"
51.83.9.208 - - [13/May/2026:08:48:08 -0400] "GET /0002ac636746.html HTTP/1.1" 404 1251 "-" "Mozilla/5.0 (compatible; MJ12bot/v1.4.8; http://mj12bot.com/)"
51.83.9.208 - - [13/May/2026:08:48:09 -0400] "GET /0002ac636747.html HTTP/1.1" 404 1251 "-" "Mozilla/5.0 (compatible; MJ12bot/v1.4.8; http://mj12bot.com/)"
51.83.9.208 - - [13/May/2026:08:48:11 -0400] "GET /0002ac636748.html HTTP/1.1" 404 1251 "-" "Mozilla/5.0 (compatible; MJ12bot/v1.4.8; http://mj12bot.com/)"
51.83.9.208 - - [13/May/2026:08:48:17 -0400] "GET /0002ac63675d.html HTTP/1.1" 404 1251 "-" "Mozilla/5.0 (compatible; MJ12bot/v1.4.8; http://mj12bot.com/)"
14.191.170.60 - - [13/May/2026:08:47:53 -0400] "GET /2025/06/25/how-slotsmuse-casino-supports-responsible-gambling/ HTTP/1.1" 404 1251 "-" "Mozilla/5.0 (Windows NT 6.1; Win64; x64) AppleWebKit/537.36 (KHTML, like Gecko) Chrome/91.0.4472.114 Safari/537.36"
51.83.9.208 - - [13/May/2026:08:47:59 -0400] "GET /0002ac636731.html HTTP/1.1" 404 1251 "-" "Mozilla/5.0 (compatible; MJ12bot/v1.4.8; http://mj12bot.com/)"
51.83.9.208 - - [13/May/2026:08:48:01 -0400] "GET /0002ac63673b.html HTTP/1.1" 404 1251 "-" "Mozilla/5.0 (compatible; MJ12bot/v1.4.8; http://mj12bot.com/)"
185.191.171.16 - - [13/May/2026:08:48:02 -0400] "GET /author/uzair/page/2792/ HTTP/1.1" 404 1251 "-" "Mozilla/5.0 (compatible; SemrushBot/7~bl; +http://www.semrush.com/bot.html)"
51.83.9.208 - - [13/May/2026:08:48:03 -0400] "GET /0002ac63673d.html HTTP/1.1" 404 1251 "-" "Mozilla/5.0 (compatible; MJ12bot/v1.4.8; http://mj12bot.com/)"
51.83.9.208 - - [13/May/2026:08:48:06 -0400] "GET /0002ac636744.html HTTP/1.1" 404 1251 "-" "Mozilla/5.0 (compatible; MJ12bot/v1.4.8; http://mj12bot.com/)"
103.142.69.55 - - [13/May/2026:08:48:06 -0400] "GET /2025/09/03/page-89/ HTTP/1.1" 404 1251 "-" "Mozilla/5.0 (Windows NT 6.1) AppleWebKit/537.36 (KHTML, like Gecko) Chrome/87.0.4280.107 Safari/537.36"
85.208.96.211 - - [13/May/2026:08:48:13 -0400] "GET /2025/12/page/494/ HTTP/1.1" 404 1251 "-" "Mozilla/5.0 (compatible; SemrushBot/7~bl; +http://www.semrush.com/bot.html)"
51.83.9.208 - - [13/May/2026:08:48:13 -0400] "GET /0002ac63674e.html HTTP/1.1" 404 1251 "-" "Mozilla/5.0 (compatible; MJ12bot/v1.4.8; http://mj12bot.com/)"
51.83.9.208 - - [13/May/2026:08:48:15 -0400] "GET /0002ac636756.html HTTP/1.1" 404 1251 "-" "Mozilla/5.0 (compatible; MJ12bot/v1.4.8; http://mj12bot.com/)"
51.83.9.208 - - [13/May/2026:08:48:19 -0400] "GET /0002ac636761.html HTTP/1.1" 404 1251 "-" "Mozilla/5.0 (compatible; MJ12bot/v1.4.8; http://mj12bot.com/)"
51.83.9.208 - - [13/May/2026:08:48:23 -0400] "GET /0002ac636765.html HTTP/1.1" 404 1251 "-" "Mozilla/5.0 (compatible; MJ12bot/v1.4.8; http://mj12bot.com/)"
51.83.9.208 - - [13/May/2026:08:48:30 -0400] "GET /0002ac63677f.html HTTP/1.1" 404 1251 "-" "Mozilla/5.0 (compatible; MJ12bot/v1.4.8; http://mj12bot.com/)"
85.208.96.200 - - [13/May/2026:08:48:30 -0400] "GET /2025/10/12/demophile-paikhnidia-karton-sto-spinslandia-casino/ HTTP/1.1" 404 1251 "-" "Mozilla/5.0 (compatible; SemrushBot/7~bl; +http://www.semrush.com/bot.html)"
51.83.9.208 - - [13/May/2026:08:48:32 -0400] "GET /0002ac636789.html HTTP/1.1" 404 1251 "-" "Mozilla/5.0 (compatible; MJ12bot/v1.4.8; http://mj12bot.com/)"
51.83.9.208 - - [13/May/2026:08:48:42 -0400] "GET /0002ac6367a1.html HTTP/1.1" 404 1251 "-" "Mozilla/5.0 (compatible; MJ12bot/v1.4.8; http://mj12bot.com/)"
51.83.9.208 - - [13/May/2026:08:48:44 -0400] "GET /0002ac6367a7.html HTTP/1.1" 404 1251 "-" "Mozilla/5.0 (compatible; MJ12bot/v1.4.8; http://mj12bot.com/)"
51.83.9.208 - - [13/May/2026:08:48:48 -0400] "GET /0002ac6367b2.html HTTP/1.1" 404 1251 "-" "Mozilla/5.0 (compatible; MJ12bot/v1.4.8; http://mj12bot.com/)"
51.83.9.208 - - [13/May/2026:08:48:52 -0400] "GET /0002ac6367b5.html HTTP/1.1" 404 1251 "-" "Mozilla/5.0 (compatible; MJ12bot/v1.4.8; http://mj12bot.com/)"
51.83.9.208 - - [13/May/2026:08:48:58 -0400] "GET /0002ac6367c1.html HTTP/1.1" 404 1251 "-" "Mozilla/5.0 (compatible; MJ12bot/v1.4.8; http://mj12bot.com/)"
51.83.9.208 - - [13/May/2026:08:49:01 -0400] "GET /2024/06/05/propranolol-cardiovascular-medlineplus-drug/ HTTP/1.1" 404 1251 "-" "Mozilla/5.0 (compatible; MJ12bot/v1.4.8; http://mj12bot.com/)"
51.83.9.208 - - [13/May/2026:08:49:03 -0400] "GET /2024/08/14/test-post-for-wordpress/ HTTP/1.1" 404 1251 "-" "Mozilla/5.0 (compatible; MJ12bot/v1.4.8; http://mj12bot.com/)"
51.83.9.208 - - [13/May/2026:08:49:05 -0400] "GET /2024/10/04/glowny-urzad-statystyczny-obszary-tematyczne-ceny-4/ HTTP/1.1" 404 1251 "-" "Mozilla/5.0 (compatible; MJ12bot/v1.4.8; http://mj12bot.com/)"
85.208.96.210 - - [13/May/2026:08:48:17 -0400] "GET /2025/12/24/certain-estraneo-luogo-verso-cui-stiamo-molto-attenzione-quando-scegliamo-i-siti/ HTTP/1.1" 404 1251 "-" "Mozilla/5.0 (compatible; SemrushBot/7~bl; +http://www.semrush.com/bot.html)"
51.83.9.208 - - [13/May/2026:08:48:21 -0400] "GET /0002ac636762.html HTTP/1.1" 404 1251 "-" "Mozilla/5.0 (compatible; MJ12bot/v1.4.8; http://mj12bot.com/)"
51.83.9.208 - - [13/May/2026:08:48:25 -0400] "GET /0002ac636769.html HTTP/1.1" 404 1251 "-" "Mozilla/5.0 (compatible; MJ12bot/v1.4.8; http://mj12bot.com/)"
51.83.9.208 - - [13/May/2026:08:48:26 -0400] "GET /0002ac636774.html HTTP/1.1" 404 1251 "-" "Mozilla/5.0 (compatible; MJ12bot/v1.4.8; http://mj12bot.com/)"
51.83.9.208 - - [13/May/2026:08:48:28 -0400] "GET /0002ac63677b.html HTTP/1.1" 404 1251 "-" "Mozilla/5.0 (compatible; MJ12bot/v1.4.8; http://mj12bot.com/)"
51.83.9.208 - - [13/May/2026:08:48:34 -0400] "GET /0002ac63678b.html HTTP/1.1" 404 1251 "-" "Mozilla/5.0 (compatible; MJ12bot/v1.4.8; http://mj12bot.com/)"
51.83.9.208 - - [13/May/2026:08:48:35 -0400] "GET /0002ac636794.html HTTP/1.1" 404 1251 "-" "Mozilla/5.0 (compatible; MJ12bot/v1.4.8; http://mj12bot.com/)"
51.83.9.208 - - [13/May/2026:08:48:37 -0400] "GET /0002ac636798.html HTTP/1.1" 404 1251 "-" "Mozilla/5.0 (compatible; MJ12bot/v1.4.8; http://mj12bot.com/)"
51.83.9.208 - - [13/May/2026:08:48:39 -0400] "GET /0002ac63679d.html HTTP/1.1" 404 1251 "-" "Mozilla/5.0 (compatible; MJ12bot/v1.4.8; http://mj12bot.com/)"
51.83.9.208 - - [13/May/2026:08:48:41 -0400] "GET /0002ac63679e.html HTTP/1.1" 404 1251 "-" "Mozilla/5.0 (compatible; MJ12bot/v1.4.8; http://mj12bot.com/)"
51.83.9.208 - - [13/May/2026:08:48:46 -0400] "GET /0002ac6367ad.html HTTP/1.1" 404 1251 "-" "Mozilla/5.0 (compatible; MJ12bot/v1.4.8; http://mj12bot.com/)"
51.83.9.208 - - [13/May/2026:08:48:50 -0400] "GET /0002ac6367b3.html HTTP/1.1" 404 1251 "-" "Mozilla/5.0 (compatible; MJ12bot/v1.4.8; http://mj12bot.com/)"
51.83.9.208 - - [13/May/2026:08:48:54 -0400] "GET /0002ac6367b7.html HTTP/1.1" 404 1251 "-" "Mozilla/5.0 (compatible; MJ12bot/v1.4.8; http://mj12bot.com/)"
85.208.96.211 - - [13/May/2026:08:48:55 -0400] "GET /2026/01/21/actually-so-it-gambling-enterprise-goes-the-additional-mile-to-guard-both-you-and-your-data/ HTTP/1.1" 404 1251 "-" "Mozilla/5.0 (compatible; SemrushBot/7~bl; +http://www.semrush.com/bot.html)"
