[
MAINHACK
]
Mail Test
BC
Config Scan
HOME
Create...
New File
New Folder
Viewing / Editing File: geofencing.bkun.net-ssl_log
File is not writable. Editing disabled.
217.181.95.52 - - [12/May/2026:08:31:06 -0400] "GET /wp-login.php HTTP/1.1" 200 6958 "http://managedmedia.org/wp-login.php" "Mozilla/5.0 (Windows NT 10.0; Win64; x64; rv:138.0) Gecko/20100101 Firefox/138.0"
195.63.23.142 - - [12/May/2026:08:31:12 -0400] "GET /wp-login.php HTTP/1.1" 200 6958 "http://managedmedia.org/wp-login.php" "Mozilla/5.0 (Windows NT 10.0; Win64; x64; rv:138.0) Gecko/20100101 Firefox/138.0"
195.63.25.31 - - [12/May/2026:08:31:13 -0400] "GET /wp-json/wp/v2/users/ HTTP/1.1" 200 1497 "-" "Go-http-client/1.1"
195.63.2.244 - - [12/May/2026:08:31:15 -0400] "POST /wp-login.php HTTP/1.1" 200 7391 "https://managedmedia.org/wp-login.php" "Mozilla/5.0 (Windows NT 10.0; Win64; x64; rv:138.0) Gecko/20100101 Firefox/138.0"
195.63.16.38 - - [12/May/2026:08:31:16 -0400] "POST /wp-login.php HTTP/1.1" 200 7391 "https://managedmedia.org/wp-login.php" "Mozilla/5.0 (Windows NT 10.0; Win64; x64; rv:138.0) Gecko/20100101 Firefox/138.0"
217.181.87.227 - - [12/May/2026:08:31:17 -0400] "POST /wp-login.php HTTP/1.1" 200 7391 "https://managedmedia.org/wp-login.php" "Mozilla/5.0 (Windows NT 10.0; Win64; x64; rv:138.0) Gecko/20100101 Firefox/138.0"
195.63.18.26 - - [12/May/2026:08:31:28 -0400] "POST /wp-login.php HTTP/1.1" 200 7391 "https://managedmedia.org/wp-login.php" "Mozilla/5.0 (Windows NT 10.0; Win64; x64; rv:138.0) Gecko/20100101 Firefox/138.0"
198.54.119.70 - - [12/May/2026:08:34:41 -0400] "POST /wp-cron.php?doing_wp_cron=1778589281.9715609550476074218750 HTTP/1.1" 200 0 "-" "WordPress/6.9.4; https://managedmedia.org"
198.54.119.70 - - [12/May/2026:08:43:43 -0400] "POST /wp-cron.php?doing_wp_cron=1778589823.5947868824005126953125 HTTP/1.1" 200 0 "-" "WordPress/6.9.4; https://managedmedia.org"
216.73.162.236 - - [12/May/2026:08:43:40 -0400] "GET / HTTP/1.1" 200 33301 "-" "Mozilla/5.0 (X11; Linux x86_64; rv:109.0) Gecko/20100101 Firefox/119.0"
216.73.162.239 - - [12/May/2026:08:43:50 -0400] "GET /comments/feed/ HTTP/1.1" 200 386 "https://managedmedia.org/" "Mozilla/5.0 (X11; Linux x86_64; rv:109.0) Gecko/20100101 Firefox/119.0"
216.73.162.164 - - [12/May/2026:08:43:56 -0400] "GET /wp-admin/admin-ajax.php HTTP/1.1" 400 5 "https://managedmedia.org/" "Mozilla/5.0 (X11; Linux x86_64; rv:109.0) Gecko/20100101 Firefox/119.0"
216.73.162.217 - - [12/May/2026:08:43:59 -0400] "GET /video-marketing/ HTTP/1.1" 200 31319 "https://managedmedia.org/" "Mozilla/5.0 (X11; Linux x86_64; rv:109.0) Gecko/20100101 Firefox/119.0"
216.73.162.233 - - [12/May/2026:08:44:03 -0400] "GET /wp-content/themes/Divi/images HTTP/1.1" 301 795 "https://managedmedia.org/" "Mozilla/5.0 (X11; Linux x86_64; rv:109.0) Gecko/20100101 Firefox/119.0"
185.92.26.7 - - [12/May/2026:08:44:06 -0400] "GET /wp-content/themes/Divi/images/ HTTP/1.1" 403 1242 "https://managedmedia.org/wp-content/themes/Divi/images" "Mozilla/5.0 (X11; Linux x86_64; rv:109.0) Gecko/20100101 Firefox/119.0"
216.73.162.235 - - [12/May/2026:08:44:11 -0400] "GET /wp-content/themes/Divi/includes/builder/frontend-builder/assets/vendors HTTP/1.1" 301 795 "https://managedmedia.org/" "Mozilla/5.0 (X11; Linux x86_64; rv:109.0) Gecko/20100101 Firefox/119.0"
185.92.26.6 - - [12/May/2026:08:44:14 -0400] "GET /wp-content/themes/Divi/includes/builder/frontend-builder/assets/vendors/ HTTP/1.1" 403 1242 "https://managedmedia.org/wp-content/themes/Divi/includes/builder/frontend-builder/assets/vendors" "Mozilla/5.0 (X11; Linux x86_64; rv:109.0) Gecko/20100101 Firefox/119.0"
216.73.162.217 - - [12/May/2026:08:44:24 -0400] "GET /wp-content/themes/Divi/includes/builder/images/ HTTP/1.1" 403 1242 "https://managedmedia.org/wp-content/themes/Divi/includes/builder/images" "Mozilla/5.0 (X11; Linux x86_64; rv:109.0) Gecko/20100101 Firefox/119.0"
216.73.162.215 - - [12/May/2026:08:44:26 -0400] "GET /website-design-services/ HTTP/1.1" 200 29352 "https://managedmedia.org/" "Mozilla/5.0 (X11; Linux x86_64; rv:109.0) Gecko/20100101 Firefox/119.0"
216.73.162.229 - - [12/May/2026:08:44:29 -0400] "GET /wp-json/ HTTP/1.1" 200 268480 "https://managedmedia.org/" "Mozilla/5.0 (X11; Linux x86_64; rv:109.0) Gecko/20100101 Firefox/119.0"
198.54.119.70 - - [12/May/2026:08:44:36 -0400] "POST /wp-cron.php?doing_wp_cron=1778589876.3601601123809814453125 HTTP/1.1" 200 0 "-" "WordPress/6.9.4; https://managedmedia.org"
216.73.162.232 - - [12/May/2026:08:44:35 -0400] "GET /seo-search-engine-optimization-services/ HTTP/1.1" 200 30226 "https://managedmedia.org/" "Mozilla/5.0 (X11; Linux x86_64; rv:109.0) Gecko/20100101 Firefox/119.0"
216.73.162.225 - - [12/May/2026:08:44:39 -0400] "GET /wp-json/wp/v2/pages/76 HTTP/1.1" 200 93813 "https://managedmedia.org/" "Mozilla/5.0 (X11; Linux x86_64; rv:109.0) Gecko/20100101 Firefox/119.0"
216.73.162.229 - - [12/May/2026:08:44:43 -0400] "GET / HTTP/1.1" 200 33301 "https://managedmedia.org/" "Mozilla/5.0 (X11; Linux x86_64; rv:109.0) Gecko/20100101 Firefox/119.0"
216.73.162.107 - - [12/May/2026:08:44:50 -0400] "GET /feed/ HTTP/1.1" 200 3115 "https://managedmedia.org/" "Mozilla/5.0 (X11; Linux x86_64; rv:109.0) Gecko/20100101 Firefox/119.0"
216.73.162.215 - - [12/May/2026:08:44:56 -0400] "POST / HTTP/1.1" 200 33465 "https://managedmedia.org/" "Mozilla/5.0 (X11; Linux x86_64; rv:109.0) Gecko/20100101 Firefox/119.0"
198.54.119.70 - - [12/May/2026:08:47:11 -0400] "POST /wp-cron.php?doing_wp_cron=1778590031.6412189006805419921875 HTTP/1.1" 200 0 "-" "WordPress/6.9.4; https://managedmedia.org"
45.8.19.6 - - [12/May/2026:08:47:09 -0400] "POST /wp-login.php HTTP/1.1" 200 7196 "-" "Mozilla/5.0"
198.54.119.70 - - [12/May/2026:08:20:14 -0400] "POST /wp-cron.php?doing_wp_cron=1778588414.7640249729156494140625 HTTP/1.1" 200 0 "-" "WordPress/6.9.4; https://managedmedia.org"
216.73.161.236 - - [12/May/2026:08:20:12 -0400] "POST /wp-login.php HTTP/1.1" 200 7196 "-" "Mozilla/5.0"
209.14.228.218 - - [12/May/2026:08:20:31 -0400] "GET /website-design-services/ HTTP/1.1" 200 36267 "-" "Mozilla/5.0 (Windows NT 6.2; Win64; x64) AppleWebKit/537.36 (KHTML, like Gecko) Chrome/107.0.0.0 Safari/537.36"
198.54.119.70 - - [12/May/2026:08:31:08 -0400] "POST /wp-cron.php?doing_wp_cron=1778589068.0252599716186523437500 HTTP/1.1" 200 0 "-" "WordPress/6.9.4; https://managedmedia.org"
195.63.21.86 - - [12/May/2026:08:31:19 -0400] "POST /wp-login.php HTTP/1.1" 200 7391 "https://managedmedia.org/wp-login.php" "Mozilla/5.0 (Windows NT 10.0; Win64; x64; rv:138.0) Gecko/20100101 Firefox/138.0"
217.181.87.226 - - [12/May/2026:08:31:22 -0400] "POST /wp-login.php HTTP/1.1" 200 7391 "https://managedmedia.org/wp-login.php" "Mozilla/5.0 (Windows NT 10.0; Win64; x64; rv:138.0) Gecko/20100101 Firefox/138.0"
45.92.229.74 - - [12/May/2026:08:34:40 -0400] "POST /wp-login.php HTTP/1.1" 200 7196 "-" "Mozilla/5.0"
216.73.162.226 - - [12/May/2026:08:43:46 -0400] "GET /display-ads-retargeting/ HTTP/1.1" 200 25800 "https://managedmedia.org/" "Mozilla/5.0 (X11; Linux x86_64; rv:109.0) Gecko/20100101 Firefox/119.0"
216.73.162.246 - - [12/May/2026:08:43:52 -0400] "GET /local-marketing-services/ HTTP/1.1" 200 30352 "https://managedmedia.org/" "Mozilla/5.0 (X11; Linux x86_64; rv:109.0) Gecko/20100101 Firefox/119.0"
216.73.162.228 - - [12/May/2026:08:44:08 -0400] "GET /social-media-marketing/ HTTP/1.1" 200 28485 "https://managedmedia.org/" "Mozilla/5.0 (X11; Linux x86_64; rv:109.0) Gecko/20100101 Firefox/119.0"
216.73.162.251 - - [12/May/2026:08:44:16 -0400] "GET /reputation-management-services/ HTTP/1.1" 200 32601 "https://managedmedia.org/" "Mozilla/5.0 (X11; Linux x86_64; rv:109.0) Gecko/20100101 Firefox/119.0"
216.73.162.220 - - [12/May/2026:08:44:20 -0400] "GET /wp-content/themes/Divi/includes/builder/images HTTP/1.1" 301 795 "https://managedmedia.org/" "Mozilla/5.0 (X11; Linux x86_64; rv:109.0) Gecko/20100101 Firefox/119.0"
198.54.119.70 - - [12/May/2026:08:52:37 -0400] "POST /wp-cron.php?doing_wp_cron=1778590357.4965300559997558593750 HTTP/1.1" 200 0 "-" "WordPress/6.9.4; https://managedmedia.org"
207.46.13.9 - - [12/May/2026:08:52:35 -0400] "GET /sitemaps.xml HTTP/1.1" 302 0 "-" "Mozilla/5.0 AppleWebKit/537.36 (KHTML, like Gecko; compatible; bingbot/2.0; +http://www.bing.com/bingbot.htm) Chrome/116.0.1938.76 Safari/537.36"
207.46.13.9 - - [12/May/2026:08:52:38 -0400] "GET /sitemap.xml HTTP/1.1" 200 339 "-" "Mozilla/5.0 AppleWebKit/537.36 (KHTML, like Gecko; compatible; bingbot/2.0; +http://www.bing.com/bingbot.htm) Chrome/116.0.1938.76 Safari/537.36"
209.99.191.189 - - [12/May/2026:08:54:14 -0400] "GET /admin/.env HTTP/1.1" 403 1242 "-" "-"
198.54.119.70 - - [12/May/2026:08:59:34 -0400] "POST /wp-cron.php?doing_wp_cron=1778590774.4852108955383300781250 HTTP/1.1" 200 0 "-" "WordPress/6.9.4; https://managedmedia.org"
51.222.95.18 - - [12/May/2026:08:59:46 -0400] "GET /sitemap.rss HTTP/1.1" 200 1049 "-" "Mozilla/5.0 (compatible; AhrefsBot/7.0; +http://ahrefs.com/robot/)"
198.54.119.70 - - [12/May/2026:09:02:52 -0400] "POST /wp-cron.php?doing_wp_cron=1778590972.5419449806213378906250 HTTP/1.1" 200 0 "-" "WordPress/6.9.4; https://managedmedia.org"
198.54.119.70 - - [12/May/2026:09:08:36 -0400] "POST /wp-cron.php?doing_wp_cron=1778591316.6156508922576904296875 HTTP/1.1" 200 0 "-" "WordPress/6.9.4; https://managedmedia.org"
219.91.253.183 - - [12/May/2026:09:08:36 -0400] "GET /wp/wp-login.php HTTP/1.1" 404 13168 "-" "Mozilla/5.0 (Windows NT 10.0; Win64; x64; rv:127.0) Gecko/20100101 Firefox/127.0"
37.139.218.14 - - [12/May/2026:09:08:39 -0400] "GET /wp/wp-login.php HTTP/1.1" 404 13168 "-" "Mozilla/5.0 (Windows NT 10.0; Win64; x64; rv:127.0) Gecko/20100101 Firefox/127.0"
45.8.19.16 - - [12/May/2026:08:59:32 -0400] "POST /wp-login.php HTTP/1.1" 200 7196 "-" "Mozilla/5.0"
43.135.36.201 - - [12/May/2026:09:02:50 -0400] "GET / HTTP/1.1" 301 0 "http://www.managedmedia.org" "Mozilla/5.0 (iPhone; CPU iPhone OS 13_2_3 like Mac OS X) AppleWebKit/605.1.15 (KHTML, like Gecko) Version/13.0.3 Mobile/15E148 Safari/604.1"
43.135.36.201 - - [12/May/2026:09:02:53 -0400] "GET / HTTP/1.1" 200 41021 "https://www.managedmedia.org/" "Mozilla/5.0 (iPhone; CPU iPhone OS 13_2_3 like Mac OS X) AppleWebKit/605.1.15 (KHTML, like Gecko) Version/13.0.3 Mobile/15E148 Safari/604.1"
198.54.119.70 - - [12/May/2026:09:08:24 -0400] "POST /wp-cron.php?doing_wp_cron=1778591304.6043930053710937500000 HTTP/1.1" 200 0 "-" "WordPress/6.9.4; https://managedmedia.org"
45.227.255.105 - - [12/May/2026:09:08:22 -0400] "GET /wp/wp-login.php HTTP/1.1" 404 13172 "-" "Mozilla/5.0 (Macintosh; Intel Mac OS X 13_5) AppleWebKit/605.1.15 (KHTML, like Gecko) Version/17.5 Safari/605.1.15"
191.219.193.159 - - [12/May/2026:09:08:27 -0400] "GET /wp/wp-login.php HTTP/1.1" 404 13167 "-" "Mozilla/5.0 (Windows NT 10.0; Win64; x64; rv:127.0) Gecko/20100101 Firefox/127.0"
81.162.96.25 - - [12/May/2026:09:08:42 -0400] "GET /wp/wp-login.php HTTP/1.1" 404 13168 "-" "Mozilla/5.0 (Windows NT 10.0; Win64; x64) AppleWebKit/537.36 (KHTML, like Gecko) Chrome/124.0.6367.207 Safari/537.36"
152.59.34.184 - - [12/May/2026:09:09:07 -0400] "GET /wp/wp-login.php HTTP/1.1" 404 13168 "-" "Mozilla/5.0 (Windows NT 10.0; Win64; x64) AppleWebKit/537.36 (KHTML, like Gecko) Chrome/124.0.6367.207 Safari/537.36"
143.44.196.129 - - [12/May/2026:09:09:09 -0400] "GET /wp/wp-login.php HTTP/1.1" 404 13168 "-" "Mozilla/5.0 (Windows NT 10.0; Win64; x64; rv:127.0) Gecko/20100101 Firefox/127.0"
103.182.68.141 - - [12/May/2026:09:09:11 -0400] "GET /wp/wp-login.php HTTP/1.1" 404 13168 "-" "Mozilla/5.0 (Windows NT 10.0; Win64; x64) AppleWebKit/537.36 (KHTML, like Gecko) Chrome/124.0.6367.207 Safari/537.36"
45.8.19.4 - - [12/May/2026:09:14:05 -0400] "POST /wp-login.php HTTP/1.1" 200 7196 "-" "Mozilla/5.0"
198.54.119.70 - - [12/May/2026:09:14:07 -0400] "POST /wp-cron.php?doing_wp_cron=1778591647.5312800407409667968750 HTTP/1.1" 200 0 "-" "WordPress/6.9.4; https://managedmedia.org"
45.8.19.11 - - [12/May/2026:09:31:16 -0400] "POST /wp-login.php HTTP/1.1" 200 7196 "-" "Mozilla/5.0"
198.54.119.70 - - [12/May/2026:09:32:07 -0400] "POST /wp-cron.php?doing_wp_cron=1778592727.4485220909118652343750 HTTP/1.1" 200 0 "-" "WordPress/6.9.4; https://managedmedia.org"
104.248.170.159 - - [12/May/2026:09:32:06 -0400] "GET / HTTP/1.1" 200 33319 "-" "Mozilla/5.0 (Windows NT 10.0; Win64; x64) AppleWebKit/537.36 (KHTML, like Gecko) Chrome/133.0.0.0 Safari/537.36"
50.6.224.46 - - [12/May/2026:09:32:23 -0400] "GET /wp-json/wp/v2/users?per_page=50&page=1&_fields=slug HTTP/1.1" 200 40 "-" "Mozilla/5.0 (Windows NT 10.0; Win64; x64) AppleWebKit/537.36 (KHTML, like Gecko) Chrome/133.0.0.0 Safari/537.36"
44.209.164.247 - - [12/May/2026:09:32:28 -0400] "GET /robots.txt HTTP/1.1" 200 120 "-" "Mozilla/5.0 (Macintosh; Intel Mac OS X 10_10_1) AppleWebKit/600.2.5 (KHTML, like Gecko) Version/8.0.2 Safari/600.2.5 (Gort)"
162.55.27.181 - - [12/May/2026:09:32:29 -0400] "POST /api/graphql HTTP/1.1" 404 7390 "-" "Mozilla/5.0 (Windows NT 10.0; Win64; x64) AppleWebKit/537.36 (KHTML, like Gecko) Chrome/133.0.0.0 Safari/537.36"
164.52.218.210 - - [12/May/2026:09:32:30 -0400] "GET /?author=2 HTTP/1.1" 200 13462 "-" "Mozilla/5.0 (Windows NT 10.0; Win64; x64) AppleWebKit/537.36 (KHTML, like Gecko) Chrome/133.0.0.0 Safari/537.36"
198.54.119.70 - - [12/May/2026:09:31:18 -0400] "POST /wp-cron.php?doing_wp_cron=1778592678.6420049667358398437500 HTTP/1.1" 200 0 "-" "WordPress/6.9.4; https://managedmedia.org"
78.142.18.172 - - [12/May/2026:09:32:19 -0400] "GET /?rest_route=/wp/v2/users&callback=jsonp&per_page=100&_fields=id,slug HTTP/1.1" 200 54 "-" "Mozilla/5.0 (Windows NT 10.0; Win64; x64) AppleWebKit/537.36 (KHTML, like Gecko) Chrome/133.0.0.0 Safari/537.36"
148.113.180.209 - - [12/May/2026:09:32:21 -0400] "GET /?author=2&feed=rss2 HTTP/1.1" 200 0 "-" "Mozilla/5.0 (Windows NT 10.0; Win64; x64) AppleWebKit/537.36 (KHTML, like Gecko) Chrome/133.0.0.0 Safari/537.36"
198.54.119.70 - - [12/May/2026:09:32:34 -0400] "POST /wp-cron.php?doing_wp_cron=1778592754.0902628898620605468750 HTTP/1.1" 200 0 "-" "WordPress/6.9.4; https://managedmedia.org"
77.75.79.62 - - [12/May/2026:09:32:33 -0400] "GET /robots.txt HTTP/1.1" 200 120 "-" "Mozilla/5.0 (compatible; SeznamBot/4.0; +https://o-seznam.cz/napoveda/vyhledavani/en/seznambot-crawler/)"
77.75.79.62 - - [12/May/2026:09:32:33 -0400] "GET /category/genetic/ HTTP/1.1" 200 30341 "-" "Mozilla/5.0 (compatible; SeznamBot/4.0; +https://o-seznam.cz/napoveda/vyhledavani/en/seznambot-crawler/)"
94.46.170.34 - - [12/May/2026:09:32:37 -0400] "GET /wp-json/um/v1/users HTTP/1.1" 404 114 "-" "Mozilla/5.0 (Windows NT 10.0; Win64; x64) AppleWebKit/537.36 (KHTML, like Gecko) Chrome/133.0.0.0 Safari/537.36"
216.73.162.211 - - [12/May/2026:09:37:27 -0400] "GET / HTTP/1.1" 200 33295 "-" "Mozilla/5.0 (X11; Linux x86_64; rv:109.0) Gecko/20100101 Firefox/119.0"
216.73.162.233 - - [12/May/2026:09:37:39 -0400] "GET /local-marketing-services/ HTTP/1.1" 200 30353 "https://managedmedia.org/" "Mozilla/5.0 (X11; Linux x86_64; rv:109.0) Gecko/20100101 Firefox/119.0"
216.73.162.210 - - [12/May/2026:09:37:58 -0400] "GET /wp-content/themes/Divi/images/ HTTP/1.1" 403 1242 "https://managedmedia.org/wp-content/themes/Divi/images" "Mozilla/5.0 (X11; Linux x86_64; rv:109.0) Gecko/20100101 Firefox/119.0"
216.73.162.242 - - [12/May/2026:09:38:00 -0400] "GET /social-media-marketing/ HTTP/1.1" 200 28484 "https://managedmedia.org/" "Mozilla/5.0 (X11; Linux x86_64; rv:109.0) Gecko/20100101 Firefox/119.0"
216.73.162.240 - - [12/May/2026:09:38:06 -0400] "GET /wp-content/themes/Divi/includes/builder/frontend-builder/assets/vendors/ HTTP/1.1" 403 1242 "https://managedmedia.org/wp-content/themes/Divi/includes/builder/frontend-builder/assets/vendors" "Mozilla/5.0 (X11; Linux x86_64; rv:109.0) Gecko/20100101 Firefox/119.0"
216.73.162.107 - - [12/May/2026:09:38:15 -0400] "GET /wp-content/themes/Divi/includes/builder/images/ HTTP/1.1" 403 1242 "https://managedmedia.org/wp-content/themes/Divi/includes/builder/images" "Mozilla/5.0 (X11; Linux x86_64; rv:109.0) Gecko/20100101 Firefox/119.0"
216.73.162.242 - - [12/May/2026:09:38:17 -0400] "GET /website-design-services/ HTTP/1.1" 200 29352 "https://managedmedia.org/" "Mozilla/5.0 (X11; Linux x86_64; rv:109.0) Gecko/20100101 Firefox/119.0"
216.73.162.219 - - [12/May/2026:09:38:28 -0400] "GET /seo-search-engine-optimization-services/ HTTP/1.1" 200 30225 "https://managedmedia.org/" "Mozilla/5.0 (X11; Linux x86_64; rv:109.0) Gecko/20100101 Firefox/119.0"
185.92.26.28 - - [12/May/2026:09:38:32 -0400] "GET /wp-json/wp/v2/pages/76 HTTP/1.1" 200 93813 "https://managedmedia.org/" "Mozilla/5.0 (X11; Linux x86_64; rv:109.0) Gecko/20100101 Firefox/119.0"
198.54.119.70 - - [12/May/2026:09:38:37 -0400] "POST /wp-cron.php?doing_wp_cron=1778593117.9554419517517089843750 HTTP/1.1" 200 0 "-" "WordPress/6.9.4; https://managedmedia.org"
167.86.66.203 - - [12/May/2026:09:38:43 -0400] "GET /wp-login.php?redirect_to=https%3A%2F%2Fmanagedmedia.org%2Fwp-admin%2F&reauth=1 HTTP/1.1" 200 2289 "-" "Mozilla/5.0 (Windows NT 10.0; Win64; x64) AppleWebKit/537.36"
216.73.162.220 - - [12/May/2026:09:38:49 -0400] "POST / HTTP/1.1" 200 33640 "https://managedmedia.org/" "Mozilla/5.0 (X11; Linux x86_64; rv:109.0) Gecko/20100101 Firefox/119.0"
198.54.119.70 - - [12/May/2026:09:41:01 -0400] "POST /wp-cron.php?doing_wp_cron=1778593261.0970931053161621093750 HTTP/1.1" 200 0 "-" "WordPress/6.9.4; https://managedmedia.org"
154.248.229.177 - - [12/May/2026:09:40:59 -0400] "GET /wp-login.php/wp-login.php HTTP/1.1" 200 2004 "-" "python-requests/2.32.4"
154.248.229.177 - - [12/May/2026:09:41:01 -0400] "POST /wp-login.php/wp-login.php HTTP/1.1" 200 2137 "-" "python-requests/2.32.4"
198.54.119.70 - - [12/May/2026:09:37:29 -0400] "POST /wp-cron.php?doing_wp_cron=1778593049.7002611160278320312500 HTTP/1.1" 200 0 "-" "WordPress/6.9.4; https://managedmedia.org"
198.54.119.70 - - [12/May/2026:09:37:33 -0400] "POST /wp-cron.php?doing_wp_cron=1778593053.9402561187744140625000 HTTP/1.1" 200 0 "-" "WordPress/6.9.4; https://managedmedia.org"
216.73.162.249 - - [12/May/2026:09:37:33 -0400] "GET /display-ads-retargeting/ HTTP/1.1" 200 25802 "https://managedmedia.org/" "Mozilla/5.0 (X11; Linux x86_64; rv:109.0) Gecko/20100101 Firefox/119.0"
216.73.162.241 - - [12/May/2026:09:37:37 -0400] "GET /comments/feed/ HTTP/1.1" 200 386 "https://managedmedia.org/" "Mozilla/5.0 (X11; Linux x86_64; rv:109.0) Gecko/20100101 Firefox/119.0"
216.73.162.243 - - [12/May/2026:09:37:46 -0400] "GET /wp-admin/admin-ajax.php HTTP/1.1" 400 5 "https://managedmedia.org/" "Mozilla/5.0 (X11; Linux x86_64; rv:109.0) Gecko/20100101 Firefox/119.0"
185.92.26.7 - - [12/May/2026:09:37:49 -0400] "GET /video-marketing/ HTTP/1.1" 200 31320 "https://managedmedia.org/" "Mozilla/5.0 (X11; Linux x86_64; rv:109.0) Gecko/20100101 Firefox/119.0"
216.73.162.210 - - [12/May/2026:09:37:53 -0400] "GET /wp-content/themes/Divi/images HTTP/1.1" 301 795 "https://managedmedia.org/" "Mozilla/5.0 (X11; Linux x86_64; rv:109.0) Gecko/20100101 Firefox/119.0"
216.73.162.234 - - [12/May/2026:09:38:04 -0400] "GET /wp-content/themes/Divi/includes/builder/frontend-builder/assets/vendors HTTP/1.1" 301 795 "https://managedmedia.org/" "Mozilla/5.0 (X11; Linux x86_64; rv:109.0) Gecko/20100101 Firefox/119.0"
216.73.162.222 - - [12/May/2026:09:38:08 -0400] "GET /reputation-management-services/ HTTP/1.1" 200 32598 "https://managedmedia.org/" "Mozilla/5.0 (X11; Linux x86_64; rv:109.0) Gecko/20100101 Firefox/119.0"
216.73.162.232 - - [12/May/2026:09:38:12 -0400] "GET /wp-content/themes/Divi/includes/builder/images HTTP/1.1" 301 795 "https://managedmedia.org/" "Mozilla/5.0 (X11; Linux x86_64; rv:109.0) Gecko/20100101 Firefox/119.0"
216.73.162.107 - - [12/May/2026:09:38:21 -0400] "GET /wp-json/ HTTP/1.1" 200 268480 "https://managedmedia.org/" "Mozilla/5.0 (X11; Linux x86_64; rv:109.0) Gecko/20100101 Firefox/119.0"
216.73.162.227 - - [12/May/2026:09:38:37 -0400] "GET / HTTP/1.1" 200 33293 "https://managedmedia.org/" "Mozilla/5.0 (X11; Linux x86_64; rv:109.0) Gecko/20100101 Firefox/119.0"
167.86.66.203 - - [12/May/2026:09:38:42 -0400] "GET /wp-login.php HTTP/1.1" 200 2289 "-" "Mozilla/5.0 (Windows NT 10.0; Win64; x64) AppleWebKit/537.36"
167.86.66.203 - - [12/May/2026:09:38:42 -0400] "POST /wp-login.php HTTP/1.1" 200 2404 "-" "Mozilla/5.0 (Windows NT 10.0; Win64; x64) AppleWebKit/537.36"
167.86.66.203 - - [12/May/2026:09:38:43 -0400] "GET /wp-admin/ HTTP/1.1" 302 0 "-" "Mozilla/5.0 (Windows NT 10.0; Win64; x64) AppleWebKit/537.36"
216.73.162.214 - - [12/May/2026:09:38:44 -0400] "GET /feed/ HTTP/1.1" 200 3099 "https://managedmedia.org/" "Mozilla/5.0 (X11; Linux x86_64; rv:109.0) Gecko/20100101 Firefox/119.0"
168.144.32.235 - - [12/May/2026:09:42:52 -0400] "GET /wp-content/ HTTP/1.1" 200 0 "-" "Mozilla/5.0 (Macintosh; Intel Mac OS X 10_15_7) AppleWebKit/537.36 Chrome/118.0.0.0 Safari/537.36"
168.144.32.235 - - [12/May/2026:09:42:53 -0400] "GET /wp-admin/ HTTP/1.1" 302 0 "-" "Mozilla/5.0 (Macintosh; Intel Mac OS X 10_15_7) AppleWebKit/537.36 Chrome/118.0.0.0 Safari/537.36"
168.144.32.235 - - [12/May/2026:09:42:55 -0400] "POST /wp-login.php HTTP/1.1" 200 2404 "-" "Mozilla/5.0 (Macintosh; Intel Mac OS X 10_15_7) AppleWebKit/537.36 Chrome/118.0.0.0 Safari/537.36"
168.144.32.235 - - [12/May/2026:09:42:55 -0400] "GET /wp-admin/ HTTP/1.1" 302 0 "-" "Mozilla/5.0 (Macintosh; Intel Mac OS X 10_15_7) AppleWebKit/537.36 Chrome/118.0.0.0 Safari/537.36"
168.144.32.235 - - [12/May/2026:09:44:02 -0400] "GET /wp-content/ HTTP/1.1" 200 0 "-" "Mozilla/5.0 (Windows NT 10.0; Win64; x64) AppleWebKit/537.36 Chrome/119.0.0.0 Safari/537.36"
168.144.32.235 - - [12/May/2026:09:44:57 -0400] "GET /wp-content/ HTTP/1.1" 200 0 "-" "Mozilla/5.0 (Windows NT 10.0; Win64; x64) AppleWebKit/537.36 Chrome/119.0.0.0 Safari/537.36"
198.54.119.70 - - [12/May/2026:09:44:57 -0400] "POST /wp-cron.php?doing_wp_cron=1778593497.7715320587158203125000 HTTP/1.1" 200 0 "-" "WordPress/6.9.4; https://managedmedia.org"
168.144.32.235 - - [12/May/2026:09:44:57 -0400] "GET /wp-admin/ HTTP/1.1" 302 0 "-" "Mozilla/5.0 (Windows NT 10.0; Win64; x64) AppleWebKit/537.36 Chrome/119.0.0.0 Safari/537.36"
168.144.32.235 - - [12/May/2026:09:44:57 -0400] "GET /wp-login.php HTTP/1.1" 200 2289 "-" "Mozilla/5.0 (Windows NT 10.0; Win64; x64) AppleWebKit/537.36 Chrome/119.0.0.0 Safari/537.36"
168.144.32.235 - - [12/May/2026:09:44:58 -0400] "GET /wp-admin/ HTTP/1.1" 302 0 "-" "Mozilla/5.0 (Windows NT 10.0; Win64; x64) AppleWebKit/537.36 Chrome/119.0.0.0 Safari/537.36"
168.144.32.235 - - [12/May/2026:09:45:13 -0400] "GET /wp-content/ HTTP/1.1" 200 0 "-" "Mozilla/5.0 (Macintosh; Intel Mac OS X 10_15_7) AppleWebKit/537.36 Chrome/118.0.0.0 Safari/537.36"
168.144.32.235 - - [12/May/2026:09:45:14 -0400] "GET /wp-login.php HTTP/1.1" 200 2289 "-" "Mozilla/5.0 (Macintosh; Intel Mac OS X 10_15_7) AppleWebKit/537.36 Chrome/118.0.0.0 Safari/537.36"
198.54.119.70 - - [12/May/2026:09:45:38 -0400] "POST /wp-cron.php?doing_wp_cron=1778593538.5110158920288085937500 HTTP/1.1" 200 0 "-" "WordPress/6.9.4; https://managedmedia.org"
168.144.32.235 - - [12/May/2026:09:45:38 -0400] "GET /wp-admin/ HTTP/1.1" 302 0 "-" "Mozilla/5.0 (Macintosh; Intel Mac OS X 10_15_7) AppleWebKit/537.36 Chrome/118.0.0.0 Safari/537.36"
168.144.32.235 - - [12/May/2026:09:45:39 -0400] "GET /wp-login.php?redirect_to=https%3A%2F%2Fmanagedmedia.org%2Fwp-admin%2F&reauth=1 HTTP/1.1" 200 2289 "-" "Mozilla/5.0 (Macintosh; Intel Mac OS X 10_15_7) AppleWebKit/537.36 Chrome/118.0.0.0 Safari/537.36"
168.144.32.235 - - [12/May/2026:09:47:01 -0400] "GET /wp-content/ HTTP/1.1" 200 0 "-" "Mozilla/5.0 (Macintosh; Intel Mac OS X 10_15_7) AppleWebKit/537.36 Chrome/118.0.0.0 Safari/537.36"
168.144.32.235 - - [12/May/2026:09:47:02 -0400] "GET /wp-admin/ HTTP/1.1" 302 0 "-" "Mozilla/5.0 (Macintosh; Intel Mac OS X 10_15_7) AppleWebKit/537.36 Chrome/118.0.0.0 Safari/537.36"
168.144.32.235 - - [12/May/2026:09:47:03 -0400] "GET /wp-login.php?redirect_to=https%3A%2F%2Fmanagedmedia.org%2Fwp-admin%2F&reauth=1 HTTP/1.1" 200 2289 "-" "Mozilla/5.0 (Macintosh; Intel Mac OS X 10_15_7) AppleWebKit/537.36 Chrome/118.0.0.0 Safari/537.36"
198.54.119.70 - - [12/May/2026:09:47:35 -0400] "POST /wp-cron.php?doing_wp_cron=1778593655.8949699401855468750000 HTTP/1.1" 200 0 "-" "WordPress/6.9.4; https://managedmedia.org"
45.92.229.78 - - [12/May/2026:09:47:35 -0400] "POST /wp-login.php HTTP/1.1" 200 7196 "-" "Mozilla/5.0"
198.54.119.70 - - [12/May/2026:09:42:54 -0400] "POST /wp-cron.php?doing_wp_cron=1778593374.4437429904937744140625 HTTP/1.1" 200 0 "-" "WordPress/6.9.4; https://managedmedia.org"
168.144.32.235 - - [12/May/2026:09:42:54 -0400] "GET /wp-login.php HTTP/1.1" 200 2289 "-" "Mozilla/5.0 (Macintosh; Intel Mac OS X 10_15_7) AppleWebKit/537.36 Chrome/118.0.0.0 Safari/537.36"
168.144.32.235 - - [12/May/2026:09:42:55 -0400] "GET /wp-login.php?redirect_to=https%3A%2F%2Fmanagedmedia.org%2Fwp-admin%2F&reauth=1 HTTP/1.1" 200 2289 "-" "Mozilla/5.0 (Macintosh; Intel Mac OS X 10_15_7) AppleWebKit/537.36 Chrome/118.0.0.0 Safari/537.36"
168.144.32.235 - - [12/May/2026:09:44:58 -0400] "POST /wp-login.php HTTP/1.1" 200 2404 "-" "Mozilla/5.0 (Windows NT 10.0; Win64; x64) AppleWebKit/537.36 Chrome/119.0.0.0 Safari/537.36"
168.144.32.235 - - [12/May/2026:09:44:59 -0400] "GET /wp-login.php?redirect_to=https%3A%2F%2Fmanagedmedia.org%2Fwp-admin%2F&reauth=1 HTTP/1.1" 200 2289 "-" "Mozilla/5.0 (Windows NT 10.0; Win64; x64) AppleWebKit/537.36 Chrome/119.0.0.0 Safari/537.36"
168.144.32.235 - - [12/May/2026:09:45:13 -0400] "GET /wp-admin/ HTTP/1.1" 302 0 "-" "Mozilla/5.0 (Macintosh; Intel Mac OS X 10_15_7) AppleWebKit/537.36 Chrome/118.0.0.0 Safari/537.36"
168.144.32.235 - - [12/May/2026:09:45:14 -0400] "POST /wp-login.php HTTP/1.1" 200 2404 "-" "Mozilla/5.0 (Macintosh; Intel Mac OS X 10_15_7) AppleWebKit/537.36 Chrome/118.0.0.0 Safari/537.36"
168.144.32.235 - - [12/May/2026:09:45:16 -0400] "GET /wp-admin/ HTTP/1.1" 302 0 "-" "Mozilla/5.0 (Macintosh; Intel Mac OS X 10_15_7) AppleWebKit/537.36 Chrome/118.0.0.0 Safari/537.36"
168.144.32.235 - - [12/May/2026:09:45:16 -0400] "GET /wp-login.php?redirect_to=https%3A%2F%2Fmanagedmedia.org%2Fwp-admin%2F&reauth=1 HTTP/1.1" 200 2289 "-" "Mozilla/5.0 (Macintosh; Intel Mac OS X 10_15_7) AppleWebKit/537.36 Chrome/118.0.0.0 Safari/537.36"
168.144.32.235 - - [12/May/2026:09:45:38 -0400] "GET /wp-content/ HTTP/1.1" 200 0 "-" "Mozilla/5.0 (Macintosh; Intel Mac OS X 10_15_7) AppleWebKit/537.36 Chrome/118.0.0.0 Safari/537.36"
168.144.32.235 - - [12/May/2026:09:45:38 -0400] "GET /wp-login.php HTTP/1.1" 200 2385 "-" "Mozilla/5.0 (Macintosh; Intel Mac OS X 10_15_7) AppleWebKit/537.36 Chrome/118.0.0.0 Safari/537.36"
168.144.32.235 - - [12/May/2026:09:45:39 -0400] "POST /wp-login.php HTTP/1.1" 200 2395 "-" "Mozilla/5.0 (Macintosh; Intel Mac OS X 10_15_7) AppleWebKit/537.36 Chrome/118.0.0.0 Safari/537.36"
168.144.32.235 - - [12/May/2026:09:45:39 -0400] "GET /wp-admin/ HTTP/1.1" 302 0 "-" "Mozilla/5.0 (Macintosh; Intel Mac OS X 10_15_7) AppleWebKit/537.36 Chrome/118.0.0.0 Safari/537.36"
198.54.119.70 - - [12/May/2026:09:47:01 -0400] "POST /wp-cron.php?doing_wp_cron=1778593621.6283450126647949218750 HTTP/1.1" 200 0 "-" "WordPress/6.9.4; https://managedmedia.org"
168.144.32.235 - - [12/May/2026:09:47:01 -0400] "GET /wp-admin/ HTTP/1.1" 302 0 "-" "Mozilla/5.0 (Macintosh; Intel Mac OS X 10_15_7) AppleWebKit/537.36 Chrome/118.0.0.0 Safari/537.36"
168.144.32.235 - - [12/May/2026:09:47:01 -0400] "GET /wp-login.php HTTP/1.1" 200 2385 "-" "Mozilla/5.0 (Macintosh; Intel Mac OS X 10_15_7) AppleWebKit/537.36 Chrome/118.0.0.0 Safari/537.36"
168.144.32.235 - - [12/May/2026:09:47:02 -0400] "POST /wp-login.php HTTP/1.1" 200 2395 "-" "Mozilla/5.0 (Macintosh; Intel Mac OS X 10_15_7) AppleWebKit/537.36 Chrome/118.0.0.0 Safari/537.36"
168.144.32.235 - - [12/May/2026:09:51:58 -0400] "GET /wp-content/ HTTP/1.1" 200 0 "-" "Mozilla/5.0 (Macintosh; Intel Mac OS X 10_15_7) AppleWebKit/537.36 Chrome/118.0.0.0 Safari/537.36"
168.144.32.235 - - [12/May/2026:09:55:35 -0400] "GET /wp-content/ HTTP/1.1" 200 0 "-" "Mozilla/5.0 (Windows NT 10.0; Win64; x64) AppleWebKit/537.36 Chrome/119.0.0.0 Safari/537.36"
198.54.119.70 - - [12/May/2026:10:00:08 -0400] "POST /wp-cron.php?doing_wp_cron=1778594408.7363629341125488281250 HTTP/1.1" 200 0 "-" "WordPress/6.9.4; https://managedmedia.org"
198.54.119.70 - - [12/May/2026:10:02:59 -0400] "POST /wp-cron.php?doing_wp_cron=1778594579.7761790752410888671875 HTTP/1.1" 200 0 "-" "WordPress/6.9.4; https://managedmedia.org"
154.248.229.177 - - [12/May/2026:10:03:00 -0400] "POST /wp-login.php/wp-login.php HTTP/1.1" 200 2137 "-" "python-requests/2.32.4"
172.202.75.66 - - [12/May/2026:10:04:02 -0400] "GET /inputs.php HTTP/1.1" 404 13163 "-" "Mozilla/5.0 (Windows NT 10.0; Win64; x64) AppleWebKit/537.36 (KHTML, like Gecko) Chrome/120.0.0.0 Safari/537.36"
172.202.75.66 - - [12/May/2026:10:04:03 -0400] "GET /goods.php HTTP/1.1" 404 13175 "-" "Mozilla/5.0 (Windows NT 10.0; Win64; x64) AppleWebKit/537.36 (KHTML, like Gecko) Chrome/120.0.0.0 Safari/537.36"
172.202.75.66 - - [12/May/2026:10:04:04 -0400] "GET /bgymj.php HTTP/1.1" 404 13177 "-" "Mozilla/5.0 (Windows NT 10.0; Win64; x64) AppleWebKit/537.36 (KHTML, like Gecko) Chrome/120.0.0.0 Safari/537.36"
172.202.75.66 - - [12/May/2026:10:04:05 -0400] "GET /wp-content/plugins/twenty/login.php HTTP/1.1" 404 13181 "-" "Mozilla/5.0 (Windows NT 10.0; Win64; x64) AppleWebKit/537.36 (KHTML, like Gecko) Chrome/120.0.0.0 Safari/537.36"
172.202.75.66 - - [12/May/2026:10:04:06 -0400] "GET /wp-mail.php HTTP/1.1" 403 979 "-" "Mozilla/5.0 (Windows NT 10.0; Win64; x64) AppleWebKit/537.36 (KHTML, like Gecko) Chrome/120.0.0.0 Safari/537.36"
172.202.75.66 - - [12/May/2026:10:04:06 -0400] "GET /about.php HTTP/1.1" 404 13175 "-" "Mozilla/5.0 (Windows NT 10.0; Win64; x64) AppleWebKit/537.36 (KHTML, like Gecko) Chrome/120.0.0.0 Safari/537.36"
172.202.75.66 - - [12/May/2026:10:04:07 -0400] "GET /wp.php HTTP/1.1" 404 13159 "-" "Mozilla/5.0 (Windows NT 10.0; Win64; x64) AppleWebKit/537.36 (KHTML, like Gecko) Chrome/120.0.0.0 Safari/537.36"
172.202.75.66 - - [12/May/2026:10:04:07 -0400] "GET /.dj/index.php HTTP/1.1" 301 0 "-" "Mozilla/5.0 (Windows NT 10.0; Win64; x64) AppleWebKit/537.36 (KHTML, like Gecko) Chrome/120.0.0.0 Safari/537.36"
172.202.75.66 - - [12/May/2026:10:04:09 -0400] "GET /ioxi-o.php HTTP/1.1" 404 13163 "-" "Mozilla/5.0 (Windows NT 10.0; Win64; x64) AppleWebKit/537.36 (KHTML, like Gecko) Chrome/120.0.0.0 Safari/537.36"
172.202.75.66 - - [12/May/2026:10:04:10 -0400] "GET /edit.php HTTP/1.1" 404 13167 "-" "Mozilla/5.0 (Windows NT 10.0; Win64; x64) AppleWebKit/537.36 (KHTML, like Gecko) Chrome/120.0.0.0 Safari/537.36"
172.202.75.66 - - [12/May/2026:10:04:10 -0400] "GET /sid3.php HTTP/1.1" 404 13165 "-" "Mozilla/5.0 (Windows NT 10.0; Win64; x64) AppleWebKit/537.36 (KHTML, like Gecko) Chrome/120.0.0.0 Safari/537.36"
172.202.75.66 - - [12/May/2026:10:04:11 -0400] "GET /load.php HTTP/1.1" 404 13167 "-" "Mozilla/5.0 (Windows NT 10.0; Win64; x64) AppleWebKit/537.36 (KHTML, like Gecko) Chrome/120.0.0.0 Safari/537.36"
172.202.75.66 - - [12/May/2026:10:04:11 -0400] "GET /166.php HTTP/1.1" 404 13186 "-" "Mozilla/5.0 (Windows NT 10.0; Win64; x64) AppleWebKit/537.36 (KHTML, like Gecko) Chrome/120.0.0.0 Safari/537.36"
172.202.75.66 - - [12/May/2026:10:04:12 -0400] "GET /leaf.php HTTP/1.1" 404 13166 "-" "Mozilla/5.0 (Windows NT 10.0; Win64; x64) AppleWebKit/537.36 (KHTML, like Gecko) Chrome/120.0.0.0 Safari/537.36"
172.202.75.66 - - [12/May/2026:10:04:12 -0400] "GET /grsiuk.php HTTP/1.1" 404 13165 "-" "Mozilla/5.0 (Windows NT 10.0; Win64; x64) AppleWebKit/537.36 (KHTML, like Gecko) Chrome/120.0.0.0 Safari/537.36"
172.202.75.66 - - [12/May/2026:10:04:12 -0400] "GET /8.php HTTP/1.1" 404 13168 "-" "Mozilla/5.0 (Windows NT 10.0; Win64; x64) AppleWebKit/537.36 (KHTML, like Gecko) Chrome/120.0.0.0 Safari/537.36"
54.39.210.160 - - [12/May/2026:10:00:06 -0400] "GET /sitemap.rss HTTP/1.1" 200 1051 "-" "Mozilla/5.0 (compatible; AhrefsBot/7.0; +http://ahrefs.com/robot/)"
154.248.229.177 - - [12/May/2026:10:02:58 -0400] "GET /wp-login.php/wp-login.php HTTP/1.1" 200 2004 "-" "python-requests/2.32.4"
198.54.119.70 - - [12/May/2026:10:03:51 -0400] "POST /wp-cron.php?doing_wp_cron=1778594631.0896489620208740234375 HTTP/1.1" 200 0 "-" "WordPress/6.9.4; https://managedmedia.org"
45.92.229.72 - - [12/May/2026:10:03:50 -0400] "POST /wp-login.php HTTP/1.1" 200 7196 "-" "Mozilla/5.0"
172.202.75.66 - - [12/May/2026:10:04:02 -0400] "GET /admin.php HTTP/1.1" 404 13177 "-" "Mozilla/5.0 (Windows NT 10.0; Win64; x64) AppleWebKit/537.36 (KHTML, like Gecko) Chrome/120.0.0.0 Safari/537.36"
172.202.75.66 - - [12/May/2026:10:04:03 -0400] "GET /file.php HTTP/1.1" 404 13167 "-" "Mozilla/5.0 (Windows NT 10.0; Win64; x64) AppleWebKit/537.36 (KHTML, like Gecko) Chrome/120.0.0.0 Safari/537.36"
172.202.75.66 - - [12/May/2026:10:04:04 -0400] "GET /ms-edit.php HTTP/1.1" 404 13166 "-" "Mozilla/5.0 (Windows NT 10.0; Win64; x64) AppleWebKit/537.36 (KHTML, like Gecko) Chrome/120.0.0.0 Safari/537.36"
172.202.75.66 - - [12/May/2026:10:04:04 -0400] "GET /simple.php HTTP/1.1" 404 13164 "-" "Mozilla/5.0 (Windows NT 10.0; Win64; x64) AppleWebKit/537.36 (KHTML, like Gecko) Chrome/120.0.0.0 Safari/537.36"
172.202.75.66 - - [12/May/2026:10:04:05 -0400] "GET /404.php HTTP/1.1" 404 13187 "-" "Mozilla/5.0 (Windows NT 10.0; Win64; x64) AppleWebKit/537.36 (KHTML, like Gecko) Chrome/120.0.0.0 Safari/537.36"
172.202.75.66 - - [12/May/2026:10:04:06 -0400] "GET /file3.php HTTP/1.1" 404 13175 "-" "Mozilla/5.0 (Windows NT 10.0; Win64; x64) AppleWebKit/537.36 (KHTML, like Gecko) Chrome/120.0.0.0 Safari/537.36"
172.202.75.66 - - [12/May/2026:10:04:07 -0400] "GET /adminfuns.php HTTP/1.1" 404 13173 "-" "Mozilla/5.0 (Windows NT 10.0; Win64; x64) AppleWebKit/537.36 (KHTML, like Gecko) Chrome/120.0.0.0 Safari/537.36"
172.202.75.66 - - [12/May/2026:10:04:08 -0400] "GET /php8.php HTTP/1.1" 404 13167 "-" "Mozilla/5.0 (Windows NT 10.0; Win64; x64) AppleWebKit/537.36 (KHTML, like Gecko) Chrome/120.0.0.0 Safari/537.36"
172.202.75.66 - - [12/May/2026:10:04:08 -0400] "GET /classwithtostring.php HTTP/1.1" 404 13185 "-" "Mozilla/5.0 (Windows NT 10.0; Win64; x64) AppleWebKit/537.36 (KHTML, like Gecko) Chrome/120.0.0.0 Safari/537.36"
172.202.75.66 - - [12/May/2026:10:04:09 -0400] "GET /info.php HTTP/1.1" 404 13166 "-" "Mozilla/5.0 (Windows NT 10.0; Win64; x64) AppleWebKit/537.36 (KHTML, like Gecko) Chrome/120.0.0.0 Safari/537.36"
172.202.75.66 - - [12/May/2026:10:04:09 -0400] "GET /011i.php HTTP/1.1" 404 13166 "-" "Mozilla/5.0 (Windows NT 10.0; Win64; x64) AppleWebKit/537.36 (KHTML, like Gecko) Chrome/120.0.0.0 Safari/537.36"
172.202.75.66 - - [12/May/2026:10:04:11 -0400] "GET /wp-mail.php HTTP/1.1" 403 979 "-" "Mozilla/5.0 (Windows NT 10.0; Win64; x64) AppleWebKit/537.36 (KHTML, like Gecko) Chrome/120.0.0.0 Safari/537.36"
172.202.75.66 - - [12/May/2026:10:04:14 -0400] "GET /classsmtps.php HTTP/1.1" 404 13163 "-" "Mozilla/5.0 (Windows NT 10.0; Win64; x64) AppleWebKit/537.36 (KHTML, like Gecko) Chrome/120.0.0.0 Safari/537.36"
172.202.75.66 - - [12/May/2026:10:04:15 -0400] "GET /CDX1.php HTTP/1.1" 404 13170 "-" "Mozilla/5.0 (Windows NT 10.0; Win64; x64) AppleWebKit/537.36 (KHTML, like Gecko) Chrome/120.0.0.0 Safari/537.36"
172.202.75.66 - - [12/May/2026:10:04:16 -0400] "GET /1.php HTTP/1.1" 404 13168 "-" "Mozilla/5.0 (Windows NT 10.0; Win64; x64) AppleWebKit/537.36 (KHTML, like Gecko) Chrome/120.0.0.0 Safari/537.36"
172.202.75.66 - - [12/May/2026:10:04:16 -0400] "GET /css.php HTTP/1.1" 404 13187 "-" "Mozilla/5.0 (Windows NT 10.0; Win64; x64) AppleWebKit/537.36 (KHTML, like Gecko) Chrome/120.0.0.0 Safari/537.36"
172.202.75.66 - - [12/May/2026:10:04:17 -0400] "GET /wp-Blogs.php HTTP/1.1" 404 13173 "-" "Mozilla/5.0 (Windows NT 10.0; Win64; x64) AppleWebKit/537.36 (KHTML, like Gecko) Chrome/120.0.0.0 Safari/537.36"
172.202.75.66 - - [12/May/2026:10:04:18 -0400] "GET /wp-content/index.php HTTP/1.1" 200 0 "-" "Mozilla/5.0 (Windows NT 10.0; Win64; x64) AppleWebKit/537.36 (KHTML, like Gecko) Chrome/120.0.0.0 Safari/537.36"
172.202.75.66 - - [12/May/2026:10:04:18 -0400] "GET /wp-content/plugins/beteng88/ws83.php HTTP/1.1" 404 13208 "-" "Mozilla/5.0 (Windows NT 10.0; Win64; x64) AppleWebKit/537.36 (KHTML, like Gecko) Chrome/120.0.0.0 Safari/537.36"
172.202.75.66 - - [12/May/2026:10:04:18 -0400] "GET /ws83.php HTTP/1.1" 404 13168 "-" "Mozilla/5.0 (Windows NT 10.0; Win64; x64) AppleWebKit/537.36 (KHTML, like Gecko) Chrome/120.0.0.0 Safari/537.36"
172.202.75.66 - - [12/May/2026:10:04:20 -0400] "GET /akcc.php HTTP/1.1" 404 13164 "-" "Mozilla/5.0 (Windows NT 10.0; Win64; x64) AppleWebKit/537.36 (KHTML, like Gecko) Chrome/120.0.0.0 Safari/537.36"
172.202.75.66 - - [12/May/2026:10:04:20 -0400] "GET /wp-admin/user/12.php HTTP/1.1" 404 13168 "-" "Mozilla/5.0 (Windows NT 10.0; Win64; x64) AppleWebKit/537.36 (KHTML, like Gecko) Chrome/120.0.0.0 Safari/537.36"
172.202.75.66 - - [12/May/2026:10:04:20 -0400] "GET /index/function.php HTTP/1.1" 404 13170 "-" "Mozilla/5.0 (Windows NT 10.0; Win64; x64) AppleWebKit/537.36 (KHTML, like Gecko) Chrome/120.0.0.0 Safari/537.36"
172.202.75.66 - - [12/May/2026:10:04:21 -0400] "GET /666.php HTTP/1.1" 404 13185 "-" "Mozilla/5.0 (Windows NT 10.0; Win64; x64) AppleWebKit/537.36 (KHTML, like Gecko) Chrome/120.0.0.0 Safari/537.36"
172.202.75.66 - - [12/May/2026:10:04:21 -0400] "GET /7.php HTTP/1.1" 404 13168 "-" "Mozilla/5.0 (Windows NT 10.0; Win64; x64) AppleWebKit/537.36 (KHTML, like Gecko) Chrome/120.0.0.0 Safari/537.36"
172.202.75.66 - - [12/May/2026:10:04:22 -0400] "GET /wp-config-sample.php HTTP/1.1" 500 905 "-" "Mozilla/5.0 (Windows NT 10.0; Win64; x64) AppleWebKit/537.36 (KHTML, like Gecko) Chrome/120.0.0.0 Safari/537.36"
172.202.75.66 - - [12/May/2026:10:04:22 -0400] "GET /log.php HTTP/1.1" 404 13187 "-" "Mozilla/5.0 (Windows NT 10.0; Win64; x64) AppleWebKit/537.36 (KHTML, like Gecko) Chrome/120.0.0.0 Safari/537.36"
172.202.75.66 - - [12/May/2026:10:04:23 -0400] "GET /bolt.php HTTP/1.1" 404 13165 "-" "Mozilla/5.0 (Windows NT 10.0; Win64; x64) AppleWebKit/537.36 (KHTML, like Gecko) Chrome/120.0.0.0 Safari/537.36"
172.202.75.66 - - [12/May/2026:10:04:24 -0400] "GET /k.php HTTP/1.1" 404 13169 "-" "Mozilla/5.0 (Windows NT 10.0; Win64; x64) AppleWebKit/537.36 (KHTML, like Gecko) Chrome/120.0.0.0 Safari/537.36"
172.202.75.66 - - [12/May/2026:10:04:25 -0400] "GET /vx.php HTTP/1.1" 404 13159 "-" "Mozilla/5.0 (Windows NT 10.0; Win64; x64) AppleWebKit/537.36 (KHTML, like Gecko) Chrome/120.0.0.0 Safari/537.36"
172.202.75.66 - - [12/May/2026:10:04:25 -0400] "GET /ws77.php HTTP/1.1" 404 13168 "-" "Mozilla/5.0 (Windows NT 10.0; Win64; x64) AppleWebKit/537.36 (KHTML, like Gecko) Chrome/120.0.0.0 Safari/537.36"
172.202.75.66 - - [12/May/2026:10:04:27 -0400] "GET /asd.php HTTP/1.1" 404 13187 "-" "Mozilla/5.0 (Windows NT 10.0; Win64; x64) AppleWebKit/537.36 (KHTML, like Gecko) Chrome/120.0.0.0 Safari/537.36"
172.202.75.66 - - [12/May/2026:10:04:27 -0400] "GET /gettest.php HTTP/1.1" 404 13168 "-" "Mozilla/5.0 (Windows NT 10.0; Win64; x64) AppleWebKit/537.36 (KHTML, like Gecko) Chrome/120.0.0.0 Safari/537.36"
172.202.75.66 - - [12/May/2026:10:04:28 -0400] "GET /install.php HTTP/1.1" 404 13165 "-" "Mozilla/5.0 (Windows NT 10.0; Win64; x64) AppleWebKit/537.36 (KHTML, like Gecko) Chrome/120.0.0.0 Safari/537.36"
172.202.75.66 - - [12/May/2026:10:04:28 -0400] "GET /tfm.php HTTP/1.1" 404 13187 "-" "Mozilla/5.0 (Windows NT 10.0; Win64; x64) AppleWebKit/537.36 (KHTML, like Gecko) Chrome/120.0.0.0 Safari/537.36"
172.202.75.66 - - [12/May/2026:10:04:29 -0400] "GET /ws81.php HTTP/1.1" 404 13168 "-" "Mozilla/5.0 (Windows NT 10.0; Win64; x64) AppleWebKit/537.36 (KHTML, like Gecko) Chrome/120.0.0.0 Safari/537.36"
172.202.75.66 - - [12/May/2026:10:04:29 -0400] "GET /222.php HTTP/1.1" 404 13186 "-" "Mozilla/5.0 (Windows NT 10.0; Win64; x64) AppleWebKit/537.36 (KHTML, like Gecko) Chrome/120.0.0.0 Safari/537.36"
172.202.75.66 - - [12/May/2026:10:04:13 -0400] "GET /fs.php HTTP/1.1" 404 13157 "-" "Mozilla/5.0 (Windows NT 10.0; Win64; x64) AppleWebKit/537.36 (KHTML, like Gecko) Chrome/120.0.0.0 Safari/537.36"
172.202.75.66 - - [12/May/2026:10:04:13 -0400] "GET /ws38.php HTTP/1.1" 404 13168 "-" "Mozilla/5.0 (Windows NT 10.0; Win64; x64) AppleWebKit/537.36 (KHTML, like Gecko) Chrome/120.0.0.0 Safari/537.36"
172.202.75.66 - - [12/May/2026:10:04:14 -0400] "GET /a7.php HTTP/1.1" 404 13157 "-" "Mozilla/5.0 (Windows NT 10.0; Win64; x64) AppleWebKit/537.36 (KHTML, like Gecko) Chrome/120.0.0.0 Safari/537.36"
172.202.75.66 - - [12/May/2026:10:04:14 -0400] "GET /amax.php HTTP/1.1" 404 13167 "-" "Mozilla/5.0 (Windows NT 10.0; Win64; x64) AppleWebKit/537.36 (KHTML, like Gecko) Chrome/120.0.0.0 Safari/537.36"
172.202.75.66 - - [12/May/2026:10:04:15 -0400] "GET /rip.php HTTP/1.1" 404 13187 "-" "Mozilla/5.0 (Windows NT 10.0; Win64; x64) AppleWebKit/537.36 (KHTML, like Gecko) Chrome/120.0.0.0 Safari/537.36"
172.202.75.66 - - [12/May/2026:10:04:16 -0400] "GET /chosen.php HTTP/1.1" 404 13164 "-" "Mozilla/5.0 (Windows NT 10.0; Win64; x64) AppleWebKit/537.36 (KHTML, like Gecko) Chrome/120.0.0.0 Safari/537.36"
172.202.75.66 - - [12/May/2026:10:04:17 -0400] "GET /php.php HTTP/1.1" 404 13187 "-" "Mozilla/5.0 (Windows NT 10.0; Win64; x64) AppleWebKit/537.36 (KHTML, like Gecko) Chrome/120.0.0.0 Safari/537.36"
172.202.75.66 - - [12/May/2026:10:04:18 -0400] "GET /file61.php HTTP/1.1" 404 13164 "-" "Mozilla/5.0 (Windows NT 10.0; Win64; x64) AppleWebKit/537.36 (KHTML, like Gecko) Chrome/120.0.0.0 Safari/537.36"
172.202.75.66 - - [12/May/2026:10:04:19 -0400] "GET /sadcut1.php HTTP/1.1" 404 13167 "-" "Mozilla/5.0 (Windows NT 10.0; Win64; x64) AppleWebKit/537.36 (KHTML, like Gecko) Chrome/120.0.0.0 Safari/537.36"
172.202.75.66 - - [12/May/2026:10:04:19 -0400] "GET /y.php HTTP/1.1" 404 13169 "-" "Mozilla/5.0 (Windows NT 10.0; Win64; x64) AppleWebKit/537.36 (KHTML, like Gecko) Chrome/120.0.0.0 Safari/537.36"
172.202.75.66 - - [12/May/2026:10:04:21 -0400] "GET /term.php HTTP/1.1" 404 13167 "-" "Mozilla/5.0 (Windows NT 10.0; Win64; x64) AppleWebKit/537.36 (KHTML, like Gecko) Chrome/120.0.0.0 Safari/537.36"
172.202.75.66 - - [12/May/2026:10:04:22 -0400] "GET /a5.php HTTP/1.1" 404 13159 "-" "Mozilla/5.0 (Windows NT 10.0; Win64; x64) AppleWebKit/537.36 (KHTML, like Gecko) Chrome/120.0.0.0 Safari/537.36"
172.202.75.66 - - [12/May/2026:10:04:23 -0400] "GET /aa.php HTTP/1.1" 404 13158 "-" "Mozilla/5.0 (Windows NT 10.0; Win64; x64) AppleWebKit/537.36 (KHTML, like Gecko) Chrome/120.0.0.0 Safari/537.36"
172.202.75.66 - - [12/May/2026:10:04:24 -0400] "GET /x.php HTTP/1.1" 404 13169 "-" "Mozilla/5.0 (Windows NT 10.0; Win64; x64) AppleWebKit/537.36 (KHTML, like Gecko) Chrome/120.0.0.0 Safari/537.36"
172.202.75.66 - - [12/May/2026:10:04:24 -0400] "GET /jga.php HTTP/1.1" 404 13187 "-" "Mozilla/5.0 (Windows NT 10.0; Win64; x64) AppleWebKit/537.36 (KHTML, like Gecko) Chrome/120.0.0.0 Safari/537.36"
172.202.75.66 - - [12/May/2026:10:04:26 -0400] "GET /2.php HTTP/1.1" 404 13169 "-" "Mozilla/5.0 (Windows NT 10.0; Win64; x64) AppleWebKit/537.36 (KHTML, like Gecko) Chrome/120.0.0.0 Safari/537.36"
172.202.75.66 - - [12/May/2026:10:04:26 -0400] "GET /abcd.php HTTP/1.1" 404 13166 "-" "Mozilla/5.0 (Windows NT 10.0; Win64; x64) AppleWebKit/537.36 (KHTML, like Gecko) Chrome/120.0.0.0 Safari/537.36"
172.202.75.66 - - [12/May/2026:10:04:26 -0400] "GET /wp-content/plugins/admin.php HTTP/1.1" 404 13168 "-" "Mozilla/5.0 (Windows NT 10.0; Win64; x64) AppleWebKit/537.36 (KHTML, like Gecko) Chrome/120.0.0.0 Safari/537.36"
172.202.75.66 - - [12/May/2026:10:04:27 -0400] "GET /default.php HTTP/1.1" 404 13164 "-" "Mozilla/5.0 (Windows NT 10.0; Win64; x64) AppleWebKit/537.36 (KHTML, like Gecko) Chrome/120.0.0.0 Safari/537.36"
172.202.75.66 - - [12/May/2026:10:04:29 -0400] "GET /t.php HTTP/1.1" 404 13169 "-" "Mozilla/5.0 (Windows NT 10.0; Win64; x64) AppleWebKit/537.36 (KHTML, like Gecko) Chrome/120.0.0.0 Safari/537.36"
172.202.75.66 - - [12/May/2026:10:04:30 -0400] "GET /6xBAm3vODE05BSzkJZRAws.php HTTP/1.1" 404 13183 "-" "Mozilla/5.0 (Windows NT 10.0; Win64; x64) AppleWebKit/537.36 (KHTML, like Gecko) Chrome/120.0.0.0 Safari/537.36"
172.202.75.66 - - [12/May/2026:10:04:30 -0400] "GET /a.php HTTP/1.1" 404 13167 "-" "Mozilla/5.0 (Windows NT 10.0; Win64; x64) AppleWebKit/537.36 (KHTML, like Gecko) Chrome/120.0.0.0 Safari/537.36"
172.202.75.66 - - [12/May/2026:10:04:32 -0400] "GET /wp-content/plugins/index.php HTTP/1.1" 200 0 "-" "Mozilla/5.0 (Windows NT 10.0; Win64; x64) AppleWebKit/537.36 (KHTML, like Gecko) Chrome/120.0.0.0 Safari/537.36"
198.54.119.70 - - [12/May/2026:10:04:33 -0400] "POST /wp-cron.php?doing_wp_cron=1778594673.2473130226135253906250 HTTP/1.1" 200 0 "-" "WordPress/6.9.4; https://managedmedia.org"
172.202.75.66 - - [12/May/2026:10:04:34 -0400] "GET /m.php HTTP/1.1" 404 13167 "-" "Mozilla/5.0 (Windows NT 10.0; Win64; x64) AppleWebKit/537.36 (KHTML, like Gecko) Chrome/120.0.0.0 Safari/537.36"
172.202.75.66 - - [12/May/2026:10:04:34 -0400] "GET /rh.php HTTP/1.1" 404 13159 "-" "Mozilla/5.0 (Windows NT 10.0; Win64; x64) AppleWebKit/537.36 (KHTML, like Gecko) Chrome/120.0.0.0 Safari/537.36"
198.54.119.70 - - [12/May/2026:10:06:02 -0400] "POST /wp-cron.php?doing_wp_cron=1778594762.0055730342864990234375 HTTP/1.1" 200 0 "-" "WordPress/6.9.4; https://managedmedia.org"
138.199.18.78 - - [12/May/2026:10:06:00 -0400] "GET /wp-content/plugins/fix/up.php HTTP/1.1" 404 15310 "-" "Mozilla/5.0 (Windows NT 10.0; Win64; x64) AppleWebKit/537.36 (KHTML, like Gecko) Chrome/85.0.4183.102 Safari/537.36"
172.202.75.66 - - [12/May/2026:10:04:30 -0400] "GET /wp-admin/maint/index.php HTTP/1.1" 301 0 "-" "Mozilla/5.0 (Windows NT 10.0; Win64; x64) AppleWebKit/537.36 (KHTML, like Gecko) Chrome/120.0.0.0 Safari/537.36"
172.202.75.66 - - [12/May/2026:10:04:31 -0400] "GET /a1.php HTTP/1.1" 404 13159 "-" "Mozilla/5.0 (Windows NT 10.0; Win64; x64) AppleWebKit/537.36 (KHTML, like Gecko) Chrome/120.0.0.0 Safari/537.36"
172.202.75.66 - - [12/May/2026:10:04:31 -0400] "GET /onclickfuns.php HTTP/1.1" 404 13192 "-" "Mozilla/5.0 (Windows NT 10.0; Win64; x64) AppleWebKit/537.36 (KHTML, like Gecko) Chrome/120.0.0.0 Safari/537.36"
172.202.75.66 - - [12/May/2026:10:04:32 -0400] "GET /w.php HTTP/1.1" 404 13168 "-" "Mozilla/5.0 (Windows NT 10.0; Win64; x64) AppleWebKit/537.36 (KHTML, like Gecko) Chrome/120.0.0.0 Safari/537.36"
172.202.75.66 - - [12/May/2026:10:04:32 -0400] "GET /wp-admin/maint/about.php HTTP/1.1" 404 13177 "-" "Mozilla/5.0 (Windows NT 10.0; Win64; x64) AppleWebKit/537.36 (KHTML, like Gecko) Chrome/120.0.0.0 Safari/537.36"
172.202.75.66 - - [12/May/2026:10:04:32 -0400] "GET /wp-good.php HTTP/1.1" 404 13168 "-" "Mozilla/5.0 (Windows NT 10.0; Win64; x64) AppleWebKit/537.36 (KHTML, like Gecko) Chrome/120.0.0.0 Safari/537.36"
172.202.75.66 - - [12/May/2026:10:04:33 -0400] "GET /.info.php HTTP/1.1" 404 13176 "-" "Mozilla/5.0 (Windows NT 10.0; Win64; x64) AppleWebKit/537.36 (KHTML, like Gecko) Chrome/120.0.0.0 Safari/537.36"
172.202.75.66 - - [12/May/2026:10:04:33 -0400] "GET /config.php HTTP/1.1" 404 13162 "-" "Mozilla/5.0 (Windows NT 10.0; Win64; x64) AppleWebKit/537.36 (KHTML, like Gecko) Chrome/120.0.0.0 Safari/537.36"
172.202.75.66 - - [12/May/2026:10:04:34 -0400] "GET /item.php HTTP/1.1" 404 13165 "-" "Mozilla/5.0 (Windows NT 10.0; Win64; x64) AppleWebKit/537.36 (KHTML, like Gecko) Chrome/120.0.0.0 Safari/537.36"
45.8.19.8 - - [12/May/2026:10:22:46 -0400] "POST /wp-login.php HTTP/1.1" 200 7196 "-" "Mozilla/5.0"
198.54.119.70 - - [12/May/2026:10:22:47 -0400] "POST /wp-cron.php?doing_wp_cron=1778595767.5880739688873291015625 HTTP/1.1" 200 0 "-" "WordPress/6.9.4; https://managedmedia.org"
198.54.119.70 - - [12/May/2026:10:14:27 -0400] "POST /wp-cron.php?doing_wp_cron=1778595267.7367620468139648437500 HTTP/1.1" 200 0 "-" "WordPress/6.9.4; https://managedmedia.org"
142.248.80.222 - - [12/May/2026:10:14:26 -0400] "GET / HTTP/1.1" 200 41031 "http://managedmedia.org/" "Mozilla/5.0 (Macintosh; Intel Mac OS X 10_15_7) AppleWebKit/605.1.15 (KHTML, like Gecko) Version/18.3 Safari/605.1.15"
142.248.80.222 - - [12/May/2026:10:14:28 -0400] "GET /.env.local HTTP/1.1" 403 1242 "-" "Mozilla/5.0 (Windows NT 10.0; Win64; x64) AppleWebKit/537.36 (KHTML, like Gecko) Chrome/145.0.0.0 Safari/537.36"
142.248.80.222 - - [12/May/2026:10:14:28 -0400] "GET /app/.env HTTP/1.1" 403 1242 "-" "Mozilla/5.0 (Macintosh; Intel Mac OS X 10.15; rv:150.0) Gecko/20100101 Firefox/150.0"
142.248.80.222 - - [12/May/2026:10:14:28 -0400] "GET /serviceAccountKey.json HTTP/1.1" 404 15296 "-" "Mozilla/5.0 (Macintosh; Intel Mac OS X 10_15_7) AppleWebKit/537.36 (KHTML, like Gecko) Chrome/147.0.0.0 Safari/537.36 Edg/147.0.0.0"
142.248.80.222 - - [12/May/2026:10:14:28 -0400] "GET /secrets.json HTTP/1.1" 404 15289 "-" "Mozilla/5.0 (Windows NT 10.0; Win64; x64; rv:149.0) Gecko/20100101 Firefox/149.0"
142.248.80.222 - - [12/May/2026:10:14:28 -0400] "GET /credentials.json HTTP/1.1" 404 15293 "-" "Mozilla/5.0 (Windows NT 10.0; Win64; x64) AppleWebKit/537.36 (KHTML, like Gecko) Chrome/147.0.0.0 Safari/537.36 Edg/147.0.0.0"
142.248.80.222 - - [12/May/2026:10:14:28 -0400] "GET /.aws/credentials HTTP/1.1" 404 15290 "-" "Mozilla/5.0 (X11; Linux x86_64; rv:149.0) Gecko/20100101 Firefox/149.0"
142.248.80.222 - - [12/May/2026:10:14:31 -0400] "GET /wp-includes/js/jquery/jquery-migrate.min.js?ver=3.4.1 HTTP/1.1" 200 5342 "-" "Mozilla/5.0 (Macintosh; Intel Mac OS X 10.15; rv:150.0) Gecko/20100101 Firefox/150.0"
142.248.80.222 - - [12/May/2026:10:14:25 -0400] "GET / HTTP/1.1" 200 41031 "-" "Mozilla/5.0 (Windows NT 10.0; Win64; x64) AppleWebKit/537.36 (KHTML, like Gecko) Chrome/146.0.0.0 Safari/537.36"
142.248.80.222 - - [12/May/2026:10:14:28 -0400] "GET /.env.production HTTP/1.1" 403 1242 "-" "Mozilla/5.0 (Windows NT 10.0; Win64; x64; rv:150.0) Gecko/20100101 Firefox/150.0"
142.248.80.222 - - [12/May/2026:10:14:28 -0400] "GET /backend/.env HTTP/1.1" 403 1242 "-" "Mozilla/5.0 (Windows NT 10.0; Win64; x64; rv:149.0) Gecko/20100101 Firefox/149.0"
