157.55.39.49 - - [12/May/2026:13:43:35 -0400] "GET /input.managedmedia.org/sitemap-13.xml HTTP/1.1" 200 183 "-" "Mozilla/5.0 AppleWebKit/537.36 (KHTML, like Gecko; compatible; bingbot/2.0; +http://www.bing.com/bingbot.htm) Chrome/116.0.1938.76 Safari/537.36"
185.191.171.5 - - [12/May/2026:13:44:44 -0400] "GET /2026/01/27/nos-conditions-de-premier-recompense-en-compagnie-de-salle-de-jeu-sans-avoir-wager/ HTTP/1.1" 200 203 "-" "Mozilla/5.0 (compatible; SemrushBot/7~bl; +http://www.semrush.com/bot.html)"
185.191.171.12 - - [12/May/2026:13:44:47 -0400] "GET /2026/01/06/these-earnings-support-content-writing-and-ensure-we-could-consistently-offer-right-up-to-time-information/ HTTP/1.1" 200 203 "-" "Mozilla/5.0 (compatible; SemrushBot/7~bl; +http://www.semrush.com/bot.html)"
185.191.171.14 - - [12/May/2026:13:45:37 -0400] "GET /2026/01/28/this-fact-places-cryptocurrencies-inside-a-legal-grey-area-if-it-pertains-to-gaming-replace/ HTTP/1.1" 200 203 "-" "Mozilla/5.0 (compatible; SemrushBot/7~bl; +http://www.semrush.com/bot.html)"
185.191.171.2 - - [12/May/2026:13:45:43 -0400] "GET /2026/01/16/page/47/ HTTP/1.1" 200 203 "-" "Mozilla/5.0 (compatible; SemrushBot/7~bl; +http://www.semrush.com/bot.html)"
85.208.96.212 - - [12/May/2026:13:45:51 -0400] "GET /2026/01/12/beste-bitcoin-herunterladen-bruce-bet-app-casinos-2026-qua-btc-inoffizieller-mitarbeiter-casino-hinblattern/ HTTP/1.1" 200 203 "-" "Mozilla/5.0 (compatible; SemrushBot/7~bl; +http://www.semrush.com/bot.html)"
216.244.66.248 - - [12/May/2026:13:36:08 -0400] "GET /2025/06/12/vergleich-online-casinos-mit-besten-bonusangeboten-fur-anfanger/feed/ HTTP/1.1" 200 328 "-" "Mozilla/5.0 (compatible; DotBot/1.2; +https://opensiteexplorer.org/dotbot; help@moz.com)"
185.191.171.8 - - [12/May/2026:13:36:58 -0400] "GET /2026/01/02/page/75/ HTTP/1.1" 200 203 "-" "Mozilla/5.0 (compatible; SemrushBot/7~bl; +http://www.semrush.com/bot.html)"
85.208.96.202 - - [12/May/2026:13:38:06 -0400] "GET /2026/02/02/ruby-luck-canada-is-one-of-the-most-common-web-based-casinos-in-the-united-states/ HTTP/1.1" 200 203 "-" "Mozilla/5.0 (compatible; SemrushBot/7~bl; +http://www.semrush.com/bot.html)"
85.208.96.205 - - [12/May/2026:13:39:11 -0400] "GET /2025/07/16/bingo-strategies-and-tips-for-success-3/ HTTP/1.1" 200 203 "-" "Mozilla/5.0 (compatible; SemrushBot/7~bl; +http://www.semrush.com/bot.html)"
85.208.96.193 - - [12/May/2026:13:40:18 -0400] "GET /2026/01/20/affinche-verso-cui-i-bisca-offrono-15-euro-senza-contare-intricato/ HTTP/1.1" 200 203 "-" "Mozilla/5.0 (compatible; SemrushBot/7~bl; +http://www.semrush.com/bot.html)"
185.191.171.16 - - [12/May/2026:13:40:32 -0400] "GET /2025/12/page/275/ HTTP/1.1" 200 203 "-" "Mozilla/5.0 (compatible; SemrushBot/7~bl; +http://www.semrush.com/bot.html)"
85.208.96.209 - - [12/May/2026:13:40:37 -0400] "GET /2026/01/22/die-autoren-hatten-nebensachlich-gelernt-wie-gleichfalls-adult-male-droid-ferner-computers-casino-konten-vertreibt-oder-welche-vorteile-unser-aufgabe-gibt/ HTTP/1.1" 200 203 "-" "Mozilla/5.0 (compatible; SemrushBot/7~bl; +http://www.semrush.com/bot.html)"
85.208.96.198 - - [12/May/2026:13:41:01 -0400] "GET /category/uncategorized/page/2238/ HTTP/1.1" 200 203 "-" "Mozilla/5.0 (compatible; SemrushBot/7~bl; +http://www.semrush.com/bot.html)"
148.113.128.146 - - [12/May/2026:13:42:28 -0400] "GET /robots.txt HTTP/1.1" 200 96 "-" "Mozilla/5.0 (compatible; AhrefsBot/7.0; +http://ahrefs.com/robot/)"
85.208.96.207 - - [12/May/2026:13:43:34 -0400] "GET /2025/12/25/page/47/ HTTP/1.1" 200 203 "-" "Mozilla/5.0 (compatible; SemrushBot/7~bl; +http://www.semrush.com/bot.html)"
85.208.96.207 - - [12/May/2026:13:44:01 -0400] "GET /author/uzair/page/1536/ HTTP/1.1" 200 203 "-" "Mozilla/5.0 (compatible; SemrushBot/7~bl; +http://www.semrush.com/bot.html)"
185.191.171.5 - - [12/May/2026:13:44:20 -0400] "GET /2026/01/25/casinos-unter-einsatz-von-freispielen-exklusive-einzahlung-im-janner-2026/ HTTP/1.1" 200 203 "-" "Mozilla/5.0 (compatible; SemrushBot/7~bl; +http://www.semrush.com/bot.html)"
85.208.96.207 - - [12/May/2026:13:44:52 -0400] "GET /author/uzair/page/3562/ HTTP/1.1" 200 203 "-" "Mozilla/5.0 (compatible; SemrushBot/7~bl; +http://www.semrush.com/bot.html)"
185.191.171.9 - - [12/May/2026:13:45:09 -0400] "GET /2026/01/12/watch-it-video-concept-and-you-will-stick-to-the-simple-actions/ HTTP/1.1" 200 203 "-" "Mozilla/5.0 (compatible; SemrushBot/7~bl; +http://www.semrush.com/bot.html)"
185.191.171.8 - - [12/May/2026:13:47:02 -0400] "GET /2026/01/22/finest-gambling-no-deposit-free-spins-100-establishment-applications-the-real-deal-money-2026/ HTTP/1.1" 200 203 "-" "Mozilla/5.0 (compatible; SemrushBot/7~bl; +http://www.semrush.com/bot.html)"
177.47.225.249 - - [12/May/2026:13:47:31 -0400] "GET /2025/09/10/how-to-get-the-most-out-of-basswin-casino-s-customer-support/ HTTP/1.1" 200 203 "-" "Mozilla/5.0 (Macintosh; Intel Mac OS X 10_15_2) AppleWebKit/537.36 (KHTML, like Gecko) Chrome/79.0.3945.130 Safari/537.36"
207.46.13.9 - - [12/May/2026:13:49:05 -0400] "GET /2025/12/25/onlajn-2025-dlja-novichkov-i-profi-rekomendacii-84/ HTTP/1.1" 200 183 "-" "Mozilla/5.0 AppleWebKit/537.36 (KHTML, like Gecko; compatible; bingbot/2.0; +http://www.bing.com/bingbot.htm) Chrome/116.0.1938.76 Safari/537.36"
157.55.39.50 - - [12/May/2026:13:49:09 -0400] "GET /0002ac75744a.html HTTP/1.1" 200 183 "-" "Mozilla/5.0 AppleWebKit/537.36 (KHTML, like Gecko; compatible; bingbot/2.0; +http://www.bing.com/bingbot.htm) Chrome/116.0.1938.76 Safari/537.36"
185.191.171.2 - - [12/May/2026:13:46:44 -0400] "GET /2026/01/12/page/19/ HTTP/1.1" 200 203 "-" "Mozilla/5.0 (compatible; SemrushBot/7~bl; +http://www.semrush.com/bot.html)"
85.208.96.205 - - [12/May/2026:13:47:49 -0400] "GET /2026/01/05/page/58/ HTTP/1.1" 200 203 "-" "Mozilla/5.0 (compatible; SemrushBot/7~bl; +http://www.semrush.com/bot.html)"
85.208.96.194 - - [12/May/2026:13:48:42 -0400] "GET /2026/01/03/better-web-based-casinos-in-the-usa-december-2025/ HTTP/1.1" 200 203 "-" "Mozilla/5.0 (compatible; SemrushBot/7~bl; +http://www.semrush.com/bot.html)"
85.208.96.195 - - [12/May/2026:13:48:50 -0400] "GET /2026/01/01/twenty-five-free-spins-to-own-british-professionals-incentive-also-offers-to-own-2025/ HTTP/1.1" 200 203 "-" "Mozilla/5.0 (compatible; SemrushBot/7~bl; +http://www.semrush.com/bot.html)"
85.208.96.201 - - [12/May/2026:13:49:28 -0400] "GET /author/uzair/page/683/ HTTP/1.1" 200 203 "-" "Mozilla/5.0 (compatible; SemrushBot/7~bl; +http://www.semrush.com/bot.html)"
185.191.171.12 - - [12/May/2026:13:49:36 -0400] "GET /category/news/page/49/ HTTP/1.1" 200 203 "-" "Mozilla/5.0 (compatible; SemrushBot/7~bl; +http://www.semrush.com/bot.html)"
47.128.98.6 - - [12/May/2026:13:49:39 -0400] "GET /2025/02/16/tipps-fur-die-teilnahme-an-sportuna-casino-turnieren-so-sichern-sie-sich-gewinne/ HTTP/1.1" 200 183 "-" "Mozilla/5.0 (Linux; Android 5.0) AppleWebKit/537.36 (KHTML, like Gecko) Mobile Safari/537.36 (compatible; Bytespider; spider-feedback@bytedance.com)"
85.208.96.211 - - [12/May/2026:13:49:42 -0400] "GET /2023/08/15/co-to-jest-house-edge-i-jak-wpywa-na-twoje-wygrane/ HTTP/1.1" 200 203 "-" "Mozilla/5.0 (compatible; SemrushBot/7~bl; +http://www.semrush.com/bot.html)"
85.208.96.201 - - [12/May/2026:13:50:46 -0400] "GET /category/alizeyeniufuklar-com-1000/ HTTP/1.1" 200 203 "-" "Mozilla/5.0 (compatible; SemrushBot/7~bl; +http://www.semrush.com/bot.html)"
85.208.96.209 - - [12/May/2026:13:51:00 -0400] "GET /2026/01/26/une-telle-moule-prise-de-connaissance-au-dessous-le-nom-doffre-en-compagnie-de-appreciee-crypto-suppose-a-l%EF%BF%BDegard-de-adorables-avantages/ HTTP/1.1" 200 203 "-" "Mozilla/5.0 (compatible; SemrushBot/7~bl; +http://www.semrush.com/bot.html)"
185.191.171.10 - - [12/May/2026:13:51:37 -0400] "GET /2025/12/24/better-on-the-web-blackjack-real-money-websites-slot-ancient-egypt-programs-to-experience/ HTTP/1.1" 200 197 "-" "Mozilla/5.0 (compatible; SemrushBot/7~bl; +http://www.semrush.com/bot.html)"
185.191.171.14 - - [12/May/2026:13:52:05 -0400] "GET /2026/01/24/page/4/ HTTP/1.1" 200 203 "-" "Mozilla/5.0 (compatible; SemrushBot/7~bl; +http://www.semrush.com/bot.html)"
85.208.96.195 - - [12/May/2026:13:49:43 -0400] "GET /2026/01/14/decide-to-try-the-fresh-oceans-otherwise-grow-your-perspectives/ HTTP/1.1" 200 203 "-" "Mozilla/5.0 (compatible; SemrushBot/7~bl; +http://www.semrush.com/bot.html)"
185.191.171.3 - - [12/May/2026:13:51:05 -0400] "GET /2025/10/09/h1-los-mejores-casinos-en-linea-en-10-2025-h1-4/ HTTP/1.1" 200 203 "-" "Mozilla/5.0 (compatible; SemrushBot/7~bl; +http://www.semrush.com/bot.html)"
196.196.160.113 - - [12/May/2026:13:51:20 -0400] "GET /wp-login.php HTTP/1.1" 200 176 "https://input.managedmedia.org/" "Mozilla/5.0 (X11; Linux x86_64) AppleWebKit/537.36 (KHTML, like Gecko) Chrome/142.0.0.0 Safari/537.36"
196.196.160.113 - - [12/May/2026:13:51:21 -0400] "GET /wp-login.php HTTP/1.1" 200 176 "https://input.managedmedia.org/wp-login.php" "Mozilla/5.0 (Windows NT 6.3; Win64; x64) AppleWebKit/537.36 (KHTML, like Gecko) Chrome/103.0.0.0 Safari/537.36"
185.191.171.3 - - [12/May/2026:13:52:42 -0400] "GET /2026/01/05/page/68/ HTTP/1.1" 200 203 "-" "Mozilla/5.0 (compatible; SemrushBot/7~bl; +http://www.semrush.com/bot.html)"
113.181.52.39 - - [12/May/2026:13:53:04 -0400] "GET /2026/01/09/confronto-fra-i-premio-di-cerimonia-dei-migliori-allibratore-non-aams/ HTTP/1.1" 200 203 "-" "Mozilla/5.0 (Windows NT 10.0; Win64; x64) AppleWebKit/537.36 (KHTML, like Gecko) Chrome/93.0.4564.0 Safari/537.36"
185.191.171.15 - - [12/May/2026:13:53:26 -0400] "GET /2025/12/19/betpanda-%EF%BF%BD-krypto-kasyna-ktorzy-maja-bonusem-do-jednego-btc/ HTTP/1.1" 200 203 "-" "Mozilla/5.0 (compatible; SemrushBot/7~bl; +http://www.semrush.com/bot.html)"
185.191.171.1 - - [12/May/2026:13:54:00 -0400] "GET /2026/01/29/durante-sintesi-insecable-mezzo-intelligente-verso-capire-il-casino-precedentemente-di-garantire-il-bankroll/ HTTP/1.1" 200 203 "-" "Mozilla/5.0 (compatible; SemrushBot/7~bl; +http://www.semrush.com/bot.html)"
207.46.13.9 - - [12/May/2026:13:54:05 -0400] "GET /0002ac6c75fd.html HTTP/1.1" 200 183 "-" "Mozilla/5.0 AppleWebKit/537.36 (KHTML, like Gecko; compatible; bingbot/2.0; +http://www.bing.com/bingbot.htm) Chrome/116.0.1938.76 Safari/537.36"
185.191.171.13 - - [12/May/2026:13:56:35 -0400] "GET /2026/01/01/page/60/ HTTP/1.1" 200 203 "-" "Mozilla/5.0 (compatible; SemrushBot/7~bl; +http://www.semrush.com/bot.html)"
54.37.252.36 - - [12/May/2026:13:57:05 -0400] "GET /robots.txt HTTP/1.1" 200 810 "-" "Mozilla/5.0 (compatible; MJ12bot/v1.4.8; http://mj12bot.com/)"
54.37.252.36 - - [12/May/2026:13:57:09 -0400] "GET /category/normel-spb-ru-2500/ HTTP/1.1" 200 183 "-" "Mozilla/5.0 (compatible; MJ12bot/v1.4.8; http://mj12bot.com/)"
54.37.252.36 - - [12/May/2026:13:57:15 -0400] "GET /category/omegle-cc/ HTTP/1.1" 200 183 "-" "Mozilla/5.0 (compatible; MJ12bot/v1.4.8; http://mj12bot.com/)"
54.37.252.36 - - [12/May/2026:13:57:19 -0400] "GET /category/onlinebaccarat/ HTTP/1.1" 200 183 "-" "Mozilla/5.0 (compatible; MJ12bot/v1.4.8; http://mj12bot.com/)"
54.37.252.36 - - [12/May/2026:13:57:21 -0400] "GET /category/onlinecasino1/ HTTP/1.1" 200 183 "-" "Mozilla/5.0 (compatible; MJ12bot/v1.4.8; http://mj12bot.com/)"
14.191.193.139 - - [12/May/2026:13:57:22 -0400] "GET /category/what-does-nlu-mean-8-2/ HTTP/1.1" 200 203 "-" "Mozilla/5.0 (Windows NT 6.1; Win64; x64) AppleWebKit/537.36 (KHTML, like Gecko) Chrome/80.0.3987.132 Safari/537.36"
54.37.252.36 - - [12/May/2026:13:57:25 -0400] "GET /category/onlinecasinoslot12/ HTTP/1.1" 200 183 "-" "Mozilla/5.0 (compatible; MJ12bot/v1.4.8; http://mj12bot.com/)"
54.37.252.36 - - [12/May/2026:13:57:29 -0400] "GET /category/oreginadiploma/ HTTP/1.1" 200 183 "-" "Mozilla/5.0 (compatible; MJ12bot/v1.4.8; http://mj12bot.com/)"
54.37.252.36 - - [12/May/2026:13:57:40 -0400] "GET /category/paribahis-16200/ HTTP/1.1" 200 183 "-" "Mozilla/5.0 (compatible; MJ12bot/v1.4.8; http://mj12bot.com/)"
54.37.252.36 - - [12/May/2026:13:57:42 -0400] "GET /category/paypal-fee-calculator-com-1000/ HTTP/1.1" 200 183 "-" "Mozilla/5.0 (compatible; MJ12bot/v1.4.8; http://mj12bot.com/)"
54.37.252.36 - - [12/May/2026:13:57:44 -0400] "GET /category/pdfmaster-ru/ HTTP/1.1" 200 183 "-" "Mozilla/5.0 (compatible; MJ12bot/v1.4.8; http://mj12bot.com/)"
54.37.252.36 - - [12/May/2026:13:57:46 -0400] "GET /category/pinco-casino-official2026-top/ HTTP/1.1" 200 183 "-" "Mozilla/5.0 (compatible; MJ12bot/v1.4.8; http://mj12bot.com/)"
54.37.252.36 - - [12/May/2026:13:57:47 -0400] "GET /category/playpoker-ru-ru/ HTTP/1.1" 200 183 "-" "Mozilla/5.0 (compatible; MJ12bot/v1.4.8; http://mj12bot.com/)"
54.37.252.36 - - [12/May/2026:13:57:51 -0400] "GET /category/super-fundament-ru-700/ HTTP/1.1" 200 183 "-" "Mozilla/5.0 (compatible; MJ12bot/v1.4.8; http://mj12bot.com/)"
185.191.171.17 - - [12/May/2026:13:58:19 -0400] "GET /2026/01/02/score-100-totally-free-revolves/ HTTP/1.1" 200 203 "-" "Mozilla/5.0 (compatible; SemrushBot/7~bl; +http://www.semrush.com/bot.html)"
185.191.171.9 - - [12/May/2026:13:53:26 -0400] "GET /robots.txt HTTP/1.1" 200 133 "-" "Mozilla/5.0 (compatible; SemrushBot/7~bl; +http://www.semrush.com/bot.html)"
185.191.171.8 - - [12/May/2026:13:53:53 -0400] "GET /2025/12/18/puoi-divertirti-purchessia-domenica-sopra-la-ricambio-domenicale-proposito-da-playjonny/ HTTP/1.1" 200 203 "-" "Mozilla/5.0 (compatible; SemrushBot/7~bl; +http://www.semrush.com/bot.html)"
85.208.96.202 - - [12/May/2026:13:56:24 -0400] "GET /2025/12/23/page/14/ HTTP/1.1" 200 203 "-" "Mozilla/5.0 (compatible; SemrushBot/7~bl; +http://www.semrush.com/bot.html)"
185.191.171.8 - - [12/May/2026:13:56:48 -0400] "GET /2025/08/08/sultan-games-kz-vkhod/ HTTP/1.1" 200 203 "-" "Mozilla/5.0 (compatible; SemrushBot/7~bl; +http://www.semrush.com/bot.html)"
162.12.197.12 - - [12/May/2026:13:56:58 -0400] "GET /2026/02/03/page/2/ HTTP/1.1" 200 203 "-" "Mozilla/5.0 (Macintosh; Intel Mac OS X 10_13_6) AppleWebKit/537.36 (KHTML, like Gecko) Brave Chrome/86.0.4240.99 Safari/537.36"
54.37.252.36 - - [12/May/2026:13:57:06 -0400] "GET /category/nongamstop-casinos/ HTTP/1.1" 200 183 "-" "Mozilla/5.0 (compatible; MJ12bot/v1.4.8; http://mj12bot.com/)"
54.37.252.36 - - [12/May/2026:13:57:11 -0400] "GET /category/om-cc/ HTTP/1.1" 200 183 "-" "Mozilla/5.0 (compatible; MJ12bot/v1.4.8; http://mj12bot.com/)"
54.37.252.36 - - [12/May/2026:13:57:13 -0400] "GET /category/omegle/ HTTP/1.1" 200 183 "-" "Mozilla/5.0 (compatible; MJ12bot/v1.4.8; http://mj12bot.com/)"
54.37.252.36 - - [12/May/2026:13:57:17 -0400] "GET /category/onlayn-kazino-reyting-xyz-2/ HTTP/1.1" 200 183 "-" "Mozilla/5.0 (compatible; MJ12bot/v1.4.8; http://mj12bot.com/)"
54.37.252.36 - - [12/May/2026:13:57:23 -0400] "GET /category/onlinecasinoslot10/ HTTP/1.1" 200 183 "-" "Mozilla/5.0 (compatible; MJ12bot/v1.4.8; http://mj12bot.com/)"
54.37.252.36 - - [12/May/2026:13:57:27 -0400] "GET /category/onlinecasinoslot13/ HTTP/1.1" 200 183 "-" "Mozilla/5.0 (compatible; MJ12bot/v1.4.8; http://mj12bot.com/)"
54.37.252.36 - - [12/May/2026:13:57:31 -0400] "GET /category/oren-ldpr-ru-100/ HTTP/1.1" 200 183 "-" "Mozilla/5.0 (compatible; MJ12bot/v1.4.8; http://mj12bot.com/)"
54.37.252.36 - - [12/May/2026:13:57:33 -0400] "GET /category/otlivhouse-ru-500/ HTTP/1.1" 200 183 "-" "Mozilla/5.0 (compatible; MJ12bot/v1.4.8; http://mj12bot.com/)"
54.37.252.36 - - [12/May/2026:13:57:34 -0400] "GET /category/otzivorgt-ru-150/ HTTP/1.1" 200 183 "-" "Mozilla/5.0 (compatible; MJ12bot/v1.4.8; http://mj12bot.com/)"
54.37.252.36 - - [12/May/2026:13:57:37 -0400] "GET /category/p0kerdom-wiki/ HTTP/1.1" 200 183 "-" "Mozilla/5.0 (compatible; MJ12bot/v1.4.8; http://mj12bot.com/)"
54.37.252.36 - - [12/May/2026:13:57:38 -0400] "GET /category/paral-kumar-oyunlar-net-1000/ HTTP/1.1" 200 183 "-" "Mozilla/5.0 (compatible; MJ12bot/v1.4.8; http://mj12bot.com/)"
185.191.171.11 - - [12/May/2026:13:57:42 -0400] "GET /category/uncategorized/page/587/ HTTP/1.1" 200 203 "-" "Mozilla/5.0 (compatible; SemrushBot/7~bl; +http://www.semrush.com/bot.html)"
54.37.252.36 - - [12/May/2026:13:57:49 -0400] "GET /category/skiptonmarket-net-1000/ HTTP/1.1" 200 183 "-" "Mozilla/5.0 (compatible; MJ12bot/v1.4.8; http://mj12bot.com/)"
54.37.252.36 - - [12/May/2026:13:57:53 -0400] "GET /category/svncp-in2/ HTTP/1.1" 200 183 "-" "Mozilla/5.0 (compatible; MJ12bot/v1.4.8; http://mj12bot.com/)"
85.208.96.208 - - [12/May/2026:13:57:54 -0400] "GET /2026/01/01/full-set-of-fifty-free-revolves-no-deposit-within-the-canada/ HTTP/1.1" 200 203 "-" "Mozilla/5.0 (compatible; SemrushBot/7~bl; +http://www.semrush.com/bot.html)"
54.37.252.36 - - [12/May/2026:13:57:55 -0400] "GET /category/t-mezerkalo-888starz-official/ HTTP/1.1" 200 183 "-" "Mozilla/5.0 (compatible; MJ12bot/v1.4.8; http://mj12bot.com/)"
148.113.130.246 - - [12/May/2026:13:58:36 -0400] "GET /2025/12/26/bingo-exterior-iti-ofera-sansa-sa-combini-distractia-care-au-castigurile-rapide/feed/ HTTP/1.1" 200 183 "-" "Mozilla/5.0 (compatible; AhrefsBot/7.0; +http://ahrefs.com/robot/)"
85.208.96.209 - - [12/May/2026:13:59:08 -0400] "GET /author/uzair/page/2622/ HTTP/1.1" 200 203 "-" "Mozilla/5.0 (compatible; SemrushBot/7~bl; +http://www.semrush.com/bot.html)"
14.178.115.169 - - [12/May/2026:14:00:14 -0400] "GET /wp-content/uploads/2025/10/1xbet-download-bangladesh-your-ultimate-guide-5_1.png HTTP/1.1" 200 248126 "https://input.managedmedia.org/" "Mozilla/5.0 (Windows NT 10.0; Win64; x64) AppleWebKit/537.36 (KHTML, like Gecko) Chrome/133.0.0.0 Safari/537.36"
85.208.96.210 - - [12/May/2026:14:00:20 -0400] "GET /2026/01/25/exclusive-maklercourtage-games-ratings/ HTTP/1.1" 200 203 "-" "Mozilla/5.0 (compatible; SemrushBot/7~bl; +http://www.semrush.com/bot.html)"
185.191.171.11 - - [12/May/2026:14:00:44 -0400] "GET /2025/06/12/the-strategic-importance-of-free-spins-in-modern-online-casinos/ HTTP/1.1" 200 203 "-" "Mozilla/5.0 (compatible; SemrushBot/7~bl; +http://www.semrush.com/bot.html)"
185.191.171.15 - - [12/May/2026:14:00:50 -0400] "GET /2025/12/26/gamble-real-money-online-blackjack-casino-thai-flower-top-ten-black-jack-gambling-enterprises-2024/ HTTP/1.1" 200 203 "-" "Mozilla/5.0 (compatible; SemrushBot/7~bl; +http://www.semrush.com/bot.html)"
85.208.96.193 - - [12/May/2026:14:00:53 -0400] "GET /2026/01/27/1-is-the-commitment-system-very-theraputic-for-users-during-the-woodbine-gambling-establishment-california/ HTTP/1.1" 200 203 "-" "Mozilla/5.0 (compatible; SemrushBot/7~bl; +http://www.semrush.com/bot.html)"
185.191.171.14 - - [12/May/2026:14:01:23 -0400] "GET /2025/12/26/v-sopra-permesso-di-curacao-offre-unesperienza-sicura-anche-poliglotta/ HTTP/1.1" 200 203 "-" "Mozilla/5.0 (compatible; SemrushBot/7~bl; +http://www.semrush.com/bot.html)"
185.191.171.18 - - [12/May/2026:14:01:49 -0400] "GET /2025/11/01/die-zukunft-der-online-slots-qualitat-erfahrungen-und-branchenentwicklung/ HTTP/1.1" 200 203 "-" "Mozilla/5.0 (compatible; SemrushBot/7~bl; +http://www.semrush.com/bot.html)"
85.208.96.211 - - [12/May/2026:14:02:20 -0400] "GET /category/t-meriobet-mirror-2000/ HTTP/1.1" 200 203 "-" "Mozilla/5.0 (compatible; SemrushBot/7~bl; +http://www.semrush.com/bot.html)"
85.208.96.197 - - [12/May/2026:14:04:49 -0400] "GET /2026/01/16/ideal-bitcoin-local-casino-to-possess-vip-and-support-system-cryptorino/ HTTP/1.1" 200 203 "-" "Mozilla/5.0 (compatible; SemrushBot/7~bl; +http://www.semrush.com/bot.html)"
85.208.96.200 - - [12/May/2026:14:04:50 -0400] "GET /2025/12/26/immortal-romance-de-microgaming-las-twin-spin-brecha-online-crazy-monkey-ranura-de-juego-particulares-de-castellano-2024/ HTTP/1.1" 200 203 "-" "Mozilla/5.0 (compatible; SemrushBot/7~bl; +http://www.semrush.com/bot.html)"
185.191.171.16 - - [12/May/2026:14:05:03 -0400] "GET /2025/12/23/verbunden-spielsaal-live-handler-baccarat-online-casino-provision-ohne-einzahlung-2025-no-abschlagzahlung-pramie/ HTTP/1.1" 200 203 "-" "Mozilla/5.0 (compatible; SemrushBot/7~bl; +http://www.semrush.com/bot.html)"
85.208.96.209 - - [12/May/2026:14:05:31 -0400] "GET /2026/01/13/beste-zahlungsmethoden-ein-erreichbar-casinos-2026-casino-888-keine-einzahlungsbonuscodes-buffeln-net/ HTTP/1.1" 200 203 "-" "Mozilla/5.0 (compatible; SemrushBot/7~bl; +http://www.semrush.com/bot.html)"
216.244.66.248 - - [12/May/2026:14:05:59 -0400] "GET /robots.txt HTTP/1.1" 200 810 "-" "Mozilla/5.0 (compatible; DotBot/1.2; +https://opensiteexplorer.org/dotbot; help@moz.com)"
85.208.96.201 - - [12/May/2026:14:06:09 -0400] "GET /2025/09/page/32/ HTTP/1.1" 200 203 "-" "Mozilla/5.0 (compatible; SemrushBot/7~bl; +http://www.semrush.com/bot.html)"
85.208.96.209 - - [12/May/2026:14:06:21 -0400] "GET /2026/01/22/so-you-can-fall-into-line-an-effective-megaways-combination-the-first-symbol-has-to-start-on-the-reel-1/ HTTP/1.1" 200 203 "-" "Mozilla/5.0 (compatible; SemrushBot/7~bl; +http://www.semrush.com/bot.html)"
85.208.96.203 - - [12/May/2026:14:06:56 -0400] "GET /2025/12/26/che-tipo-di-prendere-il-bonus-su-il-sito-di-playamo/ HTTP/1.1" 200 203 "-" "Mozilla/5.0 (compatible; SemrushBot/7~bl; +http://www.semrush.com/bot.html)"
85.208.96.212 - - [12/May/2026:14:00:42 -0400] "GET /2026/01/03/better-5-minimal-deposit-casino-sun-of-egypt-hold-and-win-casinos-2024-rating-incentives/ HTTP/1.1" 200 203 "-" "Mozilla/5.0 (compatible; SemrushBot/7~bl; +http://www.semrush.com/bot.html)"
85.208.96.212 - - [12/May/2026:14:00:48 -0400] "GET /2025/04/07/herausragende-trends-und-erkenntnisse-im-deutschen-online-glucksspielmarkt/ HTTP/1.1" 200 203 "-" "Mozilla/5.0 (compatible; SemrushBot/7~bl; +http://www.semrush.com/bot.html)"
14.162.226.115 - - [12/May/2026:14:01:14 -0400] "GET /2026/01/02/gambling-enterprise-incentive-100-percent-free-revolves-acceptance-offers/ HTTP/1.1" 200 203 "-" "Mozilla/5.0 (Windows NT 6.2; Win64; x64) AppleWebKit/537.36 (KHTML, like Gecko) Brave Chrome/86.0.4240.198 Safari/537.36"
85.208.96.200 - - [12/May/2026:14:02:08 -0400] "GET /2025/12/16/lets-face-it-cellular-telephone-video-game-is-a-waste-of-time/ HTTP/1.1" 200 203 "-" "Mozilla/5.0 (compatible; SemrushBot/7~bl; +http://www.semrush.com/bot.html)"
85.208.96.208 - - [12/May/2026:14:03:14 -0400] "GET /2025/12/page/644/ HTTP/1.1" 200 203 "-" "Mozilla/5.0 (compatible; SemrushBot/7~bl; +http://www.semrush.com/bot.html)"
40.77.167.30 - - [12/May/2026:14:03:15 -0400] "GET /input.managedmedia.org/sitemap-1.xml HTTP/1.1" 200 183 "-" "Mozilla/5.0 AppleWebKit/537.36 (KHTML, like Gecko; compatible; bingbot/2.0; +http://www.bing.com/bingbot.htm) Chrome/116.0.1938.76 Safari/537.36"
185.191.171.9 - - [12/May/2026:14:03:32 -0400] "GET /2026/01/23/i-piu-famosi-giochi-da-mucchio-online-aams-adm/ HTTP/1.1" 200 203 "-" "Mozilla/5.0 (compatible; SemrushBot/7~bl; +http://www.semrush.com/bot.html)"
54.39.0.151 - - [12/May/2026:14:03:50 -0400] "GET /2025/12/26/gry-kasynowe-big-time-gaming-na-smartfony/feed/ HTTP/1.1" 200 183 "-" "Mozilla/5.0 (compatible; AhrefsBot/7.0; +http://ahrefs.com/robot/)"
85.208.96.200 - - [12/May/2026:14:04:34 -0400] "GET /2025/12/18/dos-bumbet-casino-%EF%BF%BD-tragaperras-ineditos-sobre-cualquier-folleto-moderado/ HTTP/1.1" 200 203 "-" "Mozilla/5.0 (compatible; SemrushBot/7~bl; +http://www.semrush.com/bot.html)"
85.208.96.210 - - [12/May/2026:14:04:43 -0400] "GET /2026/01/15/comment-samuser-pour-des-jeux-non-payants-de-instrument-vers-dessous-salle-de-jeu/ HTTP/1.1" 200 203 "-" "Mozilla/5.0 (compatible; SemrushBot/7~bl; +http://www.semrush.com/bot.html)"
85.208.96.197 - - [12/May/2026:14:04:47 -0400] "GET /2026/01/26/nueve-talismania-casino-%EF%BF%BD-presente-casino-chileno-con-100-de-bono-referente-a-su-inicial-deposito/ HTTP/1.1" 200 203 "-" "Mozilla/5.0 (compatible; SemrushBot/7~bl; +http://www.semrush.com/bot.html)"
185.191.171.4 - - [12/May/2026:14:06:11 -0400] "GET /2025/08/18/oficialnyj-sajt-kazino-7k-zerkalokazino-7k-casino/ HTTP/1.1" 200 203 "-" "Mozilla/5.0 (compatible; SemrushBot/7~bl; +http://www.semrush.com/bot.html)"
85.208.96.197 - - [12/May/2026:14:07:22 -0400] "GET /category/uncategorized/page/1107/ HTTP/1.1" 200 203 "-" "Mozilla/5.0 (compatible; SemrushBot/7~bl; +http://www.semrush.com/bot.html)"
62.84.185.63 - - [12/May/2026:14:07:48 -0400] "GET /robots.txt HTTP/1.1" 200 810 "-" "Mozilla/5.0 (compatible; MJ12bot/v1.4.8; http://mj12bot.com/)"
62.84.185.63 - - [12/May/2026:14:07:50 -0400] "GET /category/notongamstop3/ HTTP/1.1" 200 183 "-" "Mozilla/5.0 (compatible; MJ12bot/v1.4.8; http://mj12bot.com/)"
62.84.185.63 - - [12/May/2026:14:07:52 -0400] "GET /category/novosti-foreks/ HTTP/1.1" 200 183 "-" "Mozilla/5.0 (compatible; MJ12bot/v1.4.8; http://mj12bot.com/)"
62.84.185.63 - - [12/May/2026:14:07:57 -0400] "GET /category/online-slots/ HTTP/1.1" 200 183 "-" "Mozilla/5.0 (compatible; MJ12bot/v1.4.8; http://mj12bot.com/)"
62.84.185.63 - - [12/May/2026:14:08:04 -0400] "GET /category/pinco-casino-zerkalo2026-top/ HTTP/1.1" 200 183 "-" "Mozilla/5.0 (compatible; MJ12bot/v1.4.8; http://mj12bot.com/)"
62.84.185.63 - - [12/May/2026:14:08:09 -0400] "GET /category/pinco-cazino-kazakhstan-top/ HTTP/1.1" 200 183 "-" "Mozilla/5.0 (compatible; MJ12bot/v1.4.8; http://mj12bot.com/)"
62.84.185.63 - - [12/May/2026:14:07:55 -0400] "GET /category/novosti-kriptovaljut/ HTTP/1.1" 200 183 "-" "Mozilla/5.0 (compatible; MJ12bot/v1.4.8; http://mj12bot.com/)"
62.84.185.63 - - [12/May/2026:14:08:00 -0400] "GET /category/onlinecasinoslot16/ HTTP/1.1" 200 183 "-" "Mozilla/5.0 (compatible; MJ12bot/v1.4.8; http://mj12bot.com/)"
62.84.185.63 - - [12/May/2026:14:08:02 -0400] "GET /category/pin-up-qeydiyyat/ HTTP/1.1" 200 183 "-" "Mozilla/5.0 (compatible; MJ12bot/v1.4.8; http://mj12bot.com/)"
62.84.185.63 - - [12/May/2026:14:08:06 -0400] "GET /category/pinco-cazino-aviator-top/ HTTP/1.1" 200 183 "-" "Mozilla/5.0 (compatible; MJ12bot/v1.4.8; http://mj12bot.com/)"
62.84.185.63 - - [12/May/2026:14:08:16 -0400] "GET /category/pokerplay-ru-ru/ HTTP/1.1" 200 183 "-" "Mozilla/5.0 (compatible; MJ12bot/v1.4.8; http://mj12bot.com/)"
62.84.185.63 - - [12/May/2026:14:08:18 -0400] "GET /category/python-docs-ru-500/ HTTP/1.1" 200 183 "-" "Mozilla/5.0 (compatible; MJ12bot/v1.4.8; http://mj12bot.com/)"
62.84.185.63 - - [12/May/2026:14:08:21 -0400] "GET /category/pytube-io5/ HTTP/1.1" 200 183 "-" "Mozilla/5.0 (compatible; MJ12bot/v1.4.8; http://mj12bot.com/)"
85.208.96.205 - - [12/May/2026:14:09:14 -0400] "GET /2026/01/06/se-sei-indivis-proselite-mentre-sinon-parla-di-queste-offerte-ti-guideremo-di-traverso-lintero-corso/ HTTP/1.1" 200 203 "-" "Mozilla/5.0 (compatible; SemrushBot/7~bl; +http://www.semrush.com/bot.html)"
85.208.96.205 - - [12/May/2026:14:09:15 -0400] "GET /2025/04/22/les-tendances-contemporaines-en-design-de-jeux-de-hasard-une-analyse-approfondie/ HTTP/1.1" 200 203 "-" "Mozilla/5.0 (compatible; SemrushBot/7~bl; +http://www.semrush.com/bot.html)"
85.208.96.207 - - [12/May/2026:14:09:21 -0400] "GET /2025/12/page/186/ HTTP/1.1" 200 203 "-" "Mozilla/5.0 (compatible; SemrushBot/7~bl; +http://www.semrush.com/bot.html)"
62.84.185.63 - - [12/May/2026:14:08:11 -0400] "GET /category/pinup-aviator2026-top/ HTTP/1.1" 200 183 "-" "Mozilla/5.0 (compatible; MJ12bot/v1.4.8; http://mj12bot.com/)"
62.84.185.63 - - [12/May/2026:14:08:14 -0400] "GET /category/pirlotv-mx-c1/ HTTP/1.1" 200 183 "-" "Mozilla/5.0 (compatible; MJ12bot/v1.4.8; http://mj12bot.com/)"
85.208.96.197 - - [12/May/2026:14:08:49 -0400] "GET /2025/12/24/%E2%80%8Bcellular-look-at-deposit-by-cell-casino-jax-login-mobi-phone-very-first-commonwealth-lender/ HTTP/1.1" 200 203 "-" "Mozilla/5.0 (compatible; SemrushBot/7~bl; +http://www.semrush.com/bot.html)"
85.208.96.204 - - [12/May/2026:14:09:17 -0400] "GET /2026/01/23/trendy-good-fresh-fruit-farm-harbors-bonus-games-33-100-percent-free-spins-during-the-15x-multiplier/ HTTP/1.1" 200 203 "-" "Mozilla/5.0 (compatible; SemrushBot/7~bl; +http://www.semrush.com/bot.html)"
62.84.185.63 - - [12/May/2026:14:09:58 -0400] "GET /category/r7-casino-official2-xyz/ HTTP/1.1" 200 183 "-" "Mozilla/5.0 (compatible; MJ12bot/v1.4.8; http://mj12bot.com/)"
62.84.185.63 - - [12/May/2026:14:10:00 -0400] "GET /category/r7c-icu/ HTTP/1.1" 200 183 "-" "Mozilla/5.0 (compatible; MJ12bot/v1.4.8; http://mj12bot.com/)"
62.84.185.63 - - [12/May/2026:14:10:03 -0400] "GET /category/r7cs-info/ HTTP/1.1" 200 183 "-" "Mozilla/5.0 (compatible; MJ12bot/v1.4.8; http://mj12bot.com/)"
62.84.185.63 - - [12/May/2026:14:10:11 -0400] "GET /category/reyting-luchshih-kazino-onlayn-xyz-2/ HTTP/1.1" 200 183 "-" "Mozilla/5.0 (compatible; MJ12bot/v1.4.8; http://mj12bot.com/)"
62.84.185.63 - - [12/May/2026:14:10:14 -0400] "GET /category/reyting-luchshih-onlayn-kazino-xyz-2/ HTTP/1.1" 200 183 "-" "Mozilla/5.0 (compatible; MJ12bot/v1.4.8; http://mj12bot.com/)"
62.84.185.63 - - [12/May/2026:14:10:24 -0400] "GET /category/t-meriobet-promocod/ HTTP/1.1" 200 183 "-" "Mozilla/5.0 (compatible; MJ12bot/v1.4.8; http://mj12bot.com/)"
85.208.96.198 - - [12/May/2026:14:11:16 -0400] "GET /2026/01/08/presque-toutes-les-instrument-a-thunes-des-bigoudis-aident-grace-au-champion-en-compagnie-de-egayer-pour-le-plaisir/ HTTP/1.1" 200 203 "-" "Mozilla/5.0 (compatible; SemrushBot/7~bl; +http://www.semrush.com/bot.html)"
85.208.96.209 - - [12/May/2026:14:11:40 -0400] "GET /2025/12/29/beste-online-casinos-via-echtgeld-in-das-schweiz-erprobung-2025/ HTTP/1.1" 200 203 "-" "Mozilla/5.0 (compatible; SemrushBot/7~bl; +http://www.semrush.com/bot.html)"
14.163.228.137 - - [12/May/2026:14:12:27 -0400] "GET /2025/09/23/top-10-onlajn-kazino-na-dengi-rejting-2025-obzory-2/ HTTP/1.1" 200 203 "-" "Mozilla/5.0 (Macintosh; Intel Mac OS X 10_15_7) AppleWebKit/537.36 (KHTML, like Gecko) Brave Chrome/86.0.4240.111 Safari/537.36"
185.191.171.8 - - [12/May/2026:14:13:09 -0400] "GET /2026/01/04/scommesse-sportive-verso-starcasinobet-gioca-online-qualunque-gli-sport/ HTTP/1.1" 200 203 "-" "Mozilla/5.0 (compatible; SemrushBot/7~bl; +http://www.semrush.com/bot.html)"
85.208.96.194 - - [12/May/2026:14:13:26 -0400] "GET /2026/01/12/pantasia-2024-%EC%9D%B8%EC%84%BC%ED%8B%B0%EB%B8%8C-%EB%B0%8F-%EB%B9%84%EA%B3%A0/ HTTP/1.1" 200 203 "-" "Mozilla/5.0 (compatible; SemrushBot/7~bl; +http://www.semrush.com/bot.html)"
216.244.66.248 - - [12/May/2026:14:14:15 -0400] "GET /2025/10/21/vavada-zerkalo-vhod-na-oficialnyj-sajt-2025-2109/ HTTP/1.1" 200 328 "-" "Mozilla/5.0 (compatible; DotBot/1.2; +https://opensiteexplorer.org/dotbot; help@moz.com)"
185.191.171.10 - - [12/May/2026:14:14:24 -0400] "GET /2025/04/17/kumar-siteleri-turkiye-en-iyi-online-kumar-siteleri-2025-hizli-odeme/ HTTP/1.1" 200 203 "-" "Mozilla/5.0 (compatible; SemrushBot/7~bl; +http://www.semrush.com/bot.html)"
85.208.96.198 - - [12/May/2026:14:14:31 -0400] "GET /2026/01/22/untern-spielautomaten-unter-zuhilfenahme-von-erfolgreichsten-auszahlungsquoten-darf-gates-towards-olympus-ergo-fur-immer-weich-klopfen/ HTTP/1.1" 200 203 "-" "Mozilla/5.0 (compatible; SemrushBot/7~bl; +http://www.semrush.com/bot.html)"
216.244.66.248 - - [12/May/2026:14:14:36 -0400] "GET /author/uzair/page/3159/ HTTP/1.1" 200 328 "-" "Mozilla/5.0 (compatible; DotBot/1.2; +https://opensiteexplorer.org/dotbot; help@moz.com)"
216.244.66.248 - - [12/May/2026:14:14:54 -0400] "GET /2025/10/22/online-kaszino-mobil-jatek-barhol-13/ HTTP/1.1" 200 328 "-" "Mozilla/5.0 (compatible; DotBot/1.2; +https://opensiteexplorer.org/dotbot; help@moz.com)"
185.191.171.18 - - [12/May/2026:14:15:06 -0400] "GET /2026/01/22/eye-of-horus-fur-nusse-spielen-ostmark-2025-analysen-extra-cash-online-slot-ferner-tipps/ HTTP/1.1" 200 203 "-" "Mozilla/5.0 (compatible; SemrushBot/7~bl; +http://www.semrush.com/bot.html)"
85.208.96.200 - - [12/May/2026:14:15:18 -0400] "GET /2025/12/10/kazino-oficialnyj-sajt-igrat-v-onlajn-kazino-pin-934/ HTTP/1.1" 200 203 "-" "Mozilla/5.0 (compatible; SemrushBot/7~bl; +http://www.semrush.com/bot.html)"
62.84.185.63 - - [12/May/2026:14:09:56 -0400] "GET /category/quizible-com-z1/ HTTP/1.1" 200 183 "-" "Mozilla/5.0 (compatible; MJ12bot/v1.4.8; http://mj12bot.com/)"
185.191.171.2 - - [12/May/2026:14:10:01 -0400] "GET /2025/12/14/770-casino-en-ligne-la-meilleure-exprience-de-jeu-412/ HTTP/1.1" 200 203 "-" "Mozilla/5.0 (compatible; SemrushBot/7~bl; +http://www.semrush.com/bot.html)"
62.84.185.63 - - [12/May/2026:14:10:06 -0400] "GET /category/r7kazino-life/ HTTP/1.1" 200 183 "-" "Mozilla/5.0 (compatible; MJ12bot/v1.4.8; http://mj12bot.com/)"
62.84.185.63 - - [12/May/2026:14:10:08 -0400] "GET /category/ready-text/ HTTP/1.1" 200 183 "-" "Mozilla/5.0 (compatible; MJ12bot/v1.4.8; http://mj12bot.com/)"
185.191.171.14 - - [12/May/2026:14:10:10 -0400] "GET /2025/12/page/48/ HTTP/1.1" 200 203 "-" "Mozilla/5.0 (compatible; SemrushBot/7~bl; +http://www.semrush.com/bot.html)"
62.84.185.63 - - [12/May/2026:14:10:17 -0400] "GET /category/slovenska-casina1/ HTTP/1.1" 200 183 "-" "Mozilla/5.0 (compatible; MJ12bot/v1.4.8; http://mj12bot.com/)"
62.84.185.63 - - [12/May/2026:14:10:19 -0400] "GET /category/t-meofficial-site-pokerdom-3000/ HTTP/1.1" 200 183 "-" "Mozilla/5.0 (compatible; MJ12bot/v1.4.8; http://mj12bot.com/)"
185.191.171.6 - - [12/May/2026:14:10:21 -0400] "GET /category/uncategorized/page/1462/ HTTP/1.1" 200 203 "-" "Mozilla/5.0 (compatible; SemrushBot/7~bl; +http://www.semrush.com/bot.html)"
62.84.185.63 - - [12/May/2026:14:10:22 -0400] "GET /category/t-mepokerdom-oficial/ HTTP/1.1" 200 183 "-" "Mozilla/5.0 (compatible; MJ12bot/v1.4.8; http://mj12bot.com/)"
185.191.171.3 - - [12/May/2026:14:11:22 -0400] "GET /author/uzair/page/2609/ HTTP/1.1" 200 203 "-" "Mozilla/5.0 (compatible; SemrushBot/7~bl; +http://www.semrush.com/bot.html)"
185.191.171.5 - - [12/May/2026:14:12:22 -0400] "GET /2025/02/24/exploring-the-variety-of-slots-available-at-spinny-casino/ HTTP/1.1" 200 203 "-" "Mozilla/5.0 (compatible; SemrushBot/7~bl; +http://www.semrush.com/bot.html)"
185.191.171.7 - - [12/May/2026:14:13:29 -0400] "GET /author/uzair/page/2357/ HTTP/1.1" 200 203 "-" "Mozilla/5.0 (compatible; SemrushBot/7~bl; +http://www.semrush.com/bot.html)"
185.191.171.7 - - [12/May/2026:14:13:43 -0400] "GET /2026/02/11/however-are-bitten-because-of-the-gaming-bug-in-early-stages-did-marcus-particular-favours-too/ HTTP/1.1" 200 203 "-" "Mozilla/5.0 (compatible; SemrushBot/7~bl; +http://www.semrush.com/bot.html)"
185.191.171.2 - - [12/May/2026:14:14:25 -0400] "GET /2025/12/16/how-to-get-the-new-local-casino-real-cash-no-deposit-added-bonus/ HTTP/1.1" 200 203 "-" "Mozilla/5.0 (compatible; SemrushBot/7~bl; +http://www.semrush.com/bot.html)"
216.244.66.248 - - [12/May/2026:14:15:15 -0400] "GET /2026/01/page/1445/ HTTP/1.1" 200 328 "-" "Mozilla/5.0 (compatible; DotBot/1.2; +https://opensiteexplorer.org/dotbot; help@moz.com)"
185.191.171.14 - - [12/May/2026:14:15:45 -0400] "GET /2025/12/31/beste-fairy-land-slot-angeschlossen-casinos-via-rapider-ausschuttung-2025/ HTTP/1.1" 200 203 "-" "Mozilla/5.0 (compatible; SemrushBot/7~bl; +http://www.semrush.com/bot.html)"
185.191.171.12 - - [12/May/2026:14:16:39 -0400] "GET /2025/11/23/1win-azerbaycan-giri-v-qeydiyyat-1587-2/ HTTP/1.1" 200 203 "-" "Mozilla/5.0 (compatible; SemrushBot/7~bl; +http://www.semrush.com/bot.html)"
17.246.19.78 - - [12/May/2026:14:17:16 -0400] "GET /robots.txt HTTP/1.1" 200 133 "-" "Mozilla/5.0 (Macintosh; Intel Mac OS X 10_15_7) AppleWebKit/605.1.15 (KHTML, like Gecko) Version/17.4 Safari/605.1.15 (Applebot/0.1; +http://www.apple.com/go/applebot)"
17.246.19.78 - - [12/May/2026:14:17:16 -0400] "GET /2025/12/22/aufwarts-der-uberholspur-perfekte-zahlungsmethoden-zu-handen-schnelle-auszahlungen-ferner-warme/ HTTP/1.1" 200 203 "-" "Mozilla/5.0 (Macintosh; Intel Mac OS X 10_15_7) AppleWebKit/605.1.15 (KHTML, like Gecko) Version/17.4 Safari/605.1.15 (Applebot/0.1; +http://www.apple.com/go/applebot)"
216.244.66.248 - - [12/May/2026:14:17:22 -0400] "GET /2026/01/20/investment-your-account-%EF%BF%BD-steps-to-make-a-deposit/ HTTP/1.1" 200 328 "-" "Mozilla/5.0 (compatible; DotBot/1.2; +https://opensiteexplorer.org/dotbot; help@moz.com)"
47.128.121.93 - - [12/May/2026:14:17:26 -0400] "GET /2025/12/25/the-comprehensive-guide-to-1xbet-betting-features/ HTTP/1.1" 200 183 "-" "Mozilla/5.0 (Linux; Android 5.0) AppleWebKit/537.36 (KHTML, like Gecko) Mobile Safari/537.36 (compatible; TikTokSpider; ttspider-feedback@tiktok.com)"
216.244.66.248 - - [12/May/2026:14:18:24 -0400] "GET /2026/01/20/dragons-pearl-that-it-western-styled-slot-was-starred-into-good-5-x-4-reels-grid-and-will-be-offering-forty-winnings-outlines/ HTTP/1.1" 200 328 "-" "Mozilla/5.0 (compatible; DotBot/1.2; +https://opensiteexplorer.org/dotbot; help@moz.com)"
124.8.169.107 - - [12/May/2026:14:18:26 -0400] "GET /2026/01/26/the-thrills-of-online-betting-a-deep-dive-into/ HTTP/1.1" 200 203 "https://input.managedmedia.org/2026/01/26/the-thrills-of-online-betting-a-deep-dive-into/" "Mozilla/5.0 (Windows NT 6.1; WOW64) AppleWebKit/537.36 (KHTML, like Gecko) Chrome/34.0.3238.460 Safari/537.36"
185.191.171.12 - - [12/May/2026:14:18:31 -0400] "GET /2024/08/05/desenvolvimento-de-jogos-para-cassinos-processo/ HTTP/1.1" 200 203 "-" "Mozilla/5.0 (compatible; SemrushBot/7~bl; +http://www.semrush.com/bot.html)"
185.191.171.12 - - [12/May/2026:14:18:33 -0400] "GET /2026/02/25/interfaa-mobila-ii-pune-la-dispoziie-fiecare-funciile-importante/ HTTP/1.1" 200 203 "-" "Mozilla/5.0 (compatible; SemrushBot/7~bl; +http://www.semrush.com/bot.html)"
216.244.66.248 - - [12/May/2026:14:18:47 -0400] "GET /2025/12/26/kasyno-online-skrill-czasami-strategie-dla-platnosci-na-kasynach-siec/feed/ HTTP/1.1" 200 328 "-" "Mozilla/5.0 (compatible; DotBot/1.2; +https://opensiteexplorer.org/dotbot; help@moz.com)"
216.244.66.248 - - [12/May/2026:14:18:55 -0400] "GET /2026/01/03/greatest-bitcoin-casino-no-deposit-added-bonus-also-offers-to-possess-december-2025/feed/ HTTP/1.1" 200 328 "-" "Mozilla/5.0 (compatible; DotBot/1.2; +https://opensiteexplorer.org/dotbot; help@moz.com)"
85.208.96.204 - - [12/May/2026:14:19:36 -0400] "GET /2026/01/16/tiene-una-emocionante-experiencia-de-participar-rabbit-road-slot-online-acerca-de-espana/ HTTP/1.1" 200 203 "-" "Mozilla/5.0 (compatible; SemrushBot/7~bl; +http://www.semrush.com/bot.html)"
185.191.171.10 - - [12/May/2026:14:19:53 -0400] "GET /2026/01/13/auffuhren-diese-ming-dynasty-1-kaution-blackjack-online-as-part-of-verde-kasino/ HTTP/1.1" 200 203 "-" "Mozilla/5.0 (compatible; SemrushBot/7~bl; +http://www.semrush.com/bot.html)"
85.208.96.201 - - [12/May/2026:14:20:13 -0400] "GET /2026/01/29/do-not-get-used-to-undertaking-huge-wagers-and-you-will-bringing-too-large-regarding-a-threat/ HTTP/1.1" 200 203 "-" "Mozilla/5.0 (compatible; SemrushBot/7~bl; +http://www.semrush.com/bot.html)"
85.208.96.198 - - [12/May/2026:14:20:48 -0400] "GET /2026/01/01/page/59/ HTTP/1.1" 200 203 "-" "Mozilla/5.0 (compatible; SemrushBot/7~bl; +http://www.semrush.com/bot.html)"
207.46.13.150 - - [12/May/2026:14:21:28 -0400] "GET /input.managedmedia.org/sitemap-5.xml HTTP/1.1" 200 183 "-" "Mozilla/5.0 AppleWebKit/537.36 (KHTML, like Gecko; compatible; bingbot/2.0; +http://www.bing.com/bingbot.htm) Chrome/116.0.1938.76 Safari/537.36"
169.224.12.57 - - [12/May/2026:14:22:20 -0400] "GET /2025/03/31/wildsino-casino-turniere-und-wettbewerbe-fur-glucksspielfans/ HTTP/1.1" 200 203 "-" "Mozilla/5.0 (Macintosh; Intel Mac OS X 10_15_7) AppleWebKit/537.36 (KHTML, like Gecko) Chrome/96.0.4664.110 Safari/537.36"
185.191.171.1 - - [12/May/2026:14:22:22 -0400] "GET /category/casino01265/ HTTP/1.1" 200 203 "-" "Mozilla/5.0 (compatible; SemrushBot/7~bl; +http://www.semrush.com/bot.html)"
85.208.96.212 - - [12/May/2026:14:23:09 -0400] "GET /2025/12/26/wideo-graj-na-automaty-isoftbet-w-internecie-i-gry-kasynowe-calkowicie-za-darmo-2025/ HTTP/1.1" 200 203 "-" "Mozilla/5.0 (compatible; SemrushBot/7~bl; +http://www.semrush.com/bot.html)"
216.244.66.248 - - [12/May/2026:14:15:44 -0400] "GET /2026/01/05/ideas-on-how-to-play-spectacular-expensive-diamonds-on-the-internet-for-real-currency/ HTTP/1.1" 200 328 "-" "Mozilla/5.0 (compatible; DotBot/1.2; +https://opensiteexplorer.org/dotbot; help@moz.com)"
185.191.171.9 - - [12/May/2026:14:16:13 -0400] "GET /2026/01/03/best-position-bonuses-exciting-video-game/ HTTP/1.1" 200 203 "-" "Mozilla/5.0 (compatible; SemrushBot/7~bl; +http://www.semrush.com/bot.html)"
216.244.66.248 - - [12/May/2026:14:16:38 -0400] "GET /2025/12/31/better-no-deposit-local-casino-bonuses-for-online-pokies-2025-book/ HTTP/1.1" 200 328 "-" "Mozilla/5.0 (compatible; DotBot/1.2; +https://opensiteexplorer.org/dotbot; help@moz.com)"
216.244.66.248 - - [12/May/2026:14:16:41 -0400] "GET /2026/01/15/play-wolf-focus-on-totally-free-in-the-wild-antics-mega-jackpot-trial-and-study-remark/ HTTP/1.1" 200 328 "-" "Mozilla/5.0 (compatible; DotBot/1.2; +https://opensiteexplorer.org/dotbot; help@moz.com)"
185.191.171.13 - - [12/May/2026:14:16:56 -0400] "GET /2025/05/16/hoe-u-het-meeste-haalt-uit-de-bonusaanbiedingen-van-a-href-https-zinxcasino-nl-zinx-a/ HTTP/1.1" 200 203 "-" "Mozilla/5.0 (compatible; SemrushBot/7~bl; +http://www.semrush.com/bot.html)"
185.191.171.13 - - [12/May/2026:14:16:58 -0400] "GET /category/uncategorized/page/2327/ HTTP/1.1" 200 203 "-" "Mozilla/5.0 (compatible; SemrushBot/7~bl; +http://www.semrush.com/bot.html)"
185.191.171.11 - - [12/May/2026:14:17:34 -0400] "GET /2025/09/page/38/ HTTP/1.1" 200 203 "-" "Mozilla/5.0 (compatible; SemrushBot/7~bl; +http://www.semrush.com/bot.html)"
85.208.96.198 - - [12/May/2026:14:18:06 -0400] "GET /2025/12/25/best-you-mobile-casinos-available-on-the-internet-inside-2024/ HTTP/1.1" 200 203 "-" "Mozilla/5.0 (compatible; SemrushBot/7~bl; +http://www.semrush.com/bot.html)"
85.208.96.204 - - [12/May/2026:14:18:24 -0400] "GET /2026/01/25/acerca-de-como-transformar-bono-de-casino-1xslot-mis-robux-a-dinero-conveniente/ HTTP/1.1" 200 203 "-" "Mozilla/5.0 (compatible; SemrushBot/7~bl; +http://www.semrush.com/bot.html)"
185.191.171.14 - - [12/May/2026:14:19:19 -0400] "GET /2025/12/22/page/115/ HTTP/1.1" 200 203 "-" "Mozilla/5.0 (compatible; SemrushBot/7~bl; +http://www.semrush.com/bot.html)"
185.191.171.14 - - [12/May/2026:14:20:00 -0400] "GET /2026/01/14/les-explications-avec-empocher-aux-differents-jeu-en-compagnie-de-salle-de-jeu-hein-perfectionner-vos-probabilites-pour-rafler/ HTTP/1.1" 200 203 "-" "Mozilla/5.0 (compatible; SemrushBot/7~bl; +http://www.semrush.com/bot.html)"
185.191.171.16 - - [12/May/2026:14:20:11 -0400] "GET /2025/12/page/117/ HTTP/1.1" 200 203 "-" "Mozilla/5.0 (compatible; SemrushBot/7~bl; +http://www.semrush.com/bot.html)"
185.191.171.4 - - [12/May/2026:14:20:40 -0400] "GET /2025/12/24/its-impossible-to-blame-las-vegas-casino-on-the-internet-to-have-looking-to-imitate-the-experience-you-get-whenever-going-to-vegas/ HTTP/1.1" 200 203 "-" "Mozilla/5.0 (compatible; SemrushBot/7~bl; +http://www.semrush.com/bot.html)"
185.191.171.15 - - [12/May/2026:14:20:54 -0400] "GET /2026/01/01/best-online-casinos-around-australia-better-gambling-enterprise-internet-sites-to-have-2025/ HTTP/1.1" 200 203 "-" "Mozilla/5.0 (compatible; SemrushBot/7~bl; +http://www.semrush.com/bot.html)"
185.191.171.5 - - [12/May/2026:14:22:25 -0400] "GET /2025/12/31/page/12/ HTTP/1.1" 200 203 "-" "Mozilla/5.0 (compatible; SemrushBot/7~bl; +http://www.semrush.com/bot.html)"
185.191.171.16 - - [12/May/2026:14:22:32 -0400] "GET /2026/01/16/finest-100-percent-free-spins-incentives-no-deposit-from-the-u-s-bonanza-1-deposit-casinos-january-2026/ HTTP/1.1" 200 203 "-" "Mozilla/5.0 (compatible; SemrushBot/7~bl; +http://www.semrush.com/bot.html)"
85.208.96.201 - - [12/May/2026:14:23:59 -0400] "GET /2026/02/07/page/8/ HTTP/1.1" 200 203 "-" "Mozilla/5.0 (compatible; SemrushBot/7~bl; +http://www.semrush.com/bot.html)"
85.208.96.209 - - [12/May/2026:14:23:16 -0400] "GET /2026/01/03/simultaneously-the-latest-multiplier-every-single-day-honor-falls-create-an-arbitrary-yet-satisfying-element-to-your-gameplay/ HTTP/1.1" 200 203 "-" "Mozilla/5.0 (compatible; SemrushBot/7~bl; +http://www.semrush.com/bot.html)"
85.208.96.200 - - [12/May/2026:14:24:22 -0400] "GET /2026/01/19/tips-allege-50-100-free-spins-at-the-playojo-gambling-establishment/ HTTP/1.1" 200 203 "-" "Mozilla/5.0 (compatible; SemrushBot/7~bl; +http://www.semrush.com/bot.html)"
124.8.169.107 - - [12/May/2026:14:24:45 -0400] "GET /2026/01/26/the-thrills-of-online-betting-a-deep-dive-into/ HTTP/1.1" 200 203 "https://input.managedmedia.org/2026/01/26/the-thrills-of-online-betting-a-deep-dive-into/" "Mozilla/5.0 (Windows NT 6.1; WOW64) AppleWebKit/537.36 (KHTML, like Gecko) Chrome/36.0.7289.325 Safari/537.36"
185.191.171.5 - - [12/May/2026:14:25:16 -0400] "GET /2026/02/08/mangi-pharaohs-chancei-ice-kasiino-eesti-tasuta-kui-sul-pole-paris-raha-veebis/ HTTP/1.1" 404 1251 "-" "Mozilla/5.0 (compatible; SemrushBot/7~bl; +http://www.semrush.com/bot.html)"
85.208.96.195 - - [12/May/2026:14:25:27 -0400] "GET /category/uncategorized/page/1073/ HTTP/1.1" 404 1251 "-" "Mozilla/5.0 (compatible; SemrushBot/7~bl; +http://www.semrush.com/bot.html)"
85.208.96.196 - - [12/May/2026:14:25:42 -0400] "GET /2026/02/13/how-to-download-1xbet-on-pc-a-comprehensive-guide-6/ HTTP/1.1" 404 1251 "-" "Mozilla/5.0 (compatible; SemrushBot/7~bl; +http://www.semrush.com/bot.html)"
85.208.96.197 - - [12/May/2026:14:24:01 -0400] "GET /2026/02/04/why-dont-we-become-actual-i-enjoy-to-fairly-share-their-favorites-particularly-when-you-are-looking-at-casinos/ HTTP/1.1" 200 203 "-" "Mozilla/5.0 (compatible; SemrushBot/7~bl; +http://www.semrush.com/bot.html)"
85.208.96.194 - - [12/May/2026:14:24:15 -0400] "GET /category/uncategorized/page/420/ HTTP/1.1" 200 203 "-" "Mozilla/5.0 (compatible; SemrushBot/7~bl; +http://www.semrush.com/bot.html)"
47.128.122.133 - - [12/May/2026:14:24:20 -0400] "GET /2026/02/03/ruby-luck-gambling-establishment-would-not-be-in-which-it-is-now-instead-of-the-players-constant-involvement/ HTTP/1.1" 200 183 "-" "Mozilla/5.0 (Linux; Android 5.0) AppleWebKit/537.36 (KHTML, like Gecko) Mobile Safari/537.36 (compatible; TikTokSpider; ttspider-feedback@tiktok.com)"
37.157.219.105 - - [12/May/2026:14:24:41 -0400] "GET /category/casino14/ HTTP/1.1" 200 203 "-" "Mozilla/5.0 (Macintosh; Intel Mac OS X 10_14_4) AppleWebKit/537.36 (KHTML, like Gecko) Chrome/88.0.4324.192 Safari/537.36"
185.191.171.5 - - [12/May/2026:14:24:54 -0400] "GET /2026/01/10/las-vegas-ilmaiset-online-kolikkopelit-strip-blackjack-pelaa-blackjackia-ilmaiseksi/ HTTP/1.1" 200 203 "-" "Mozilla/5.0 (compatible; SemrushBot/7~bl; +http://www.semrush.com/bot.html)"
149.202.52.184 - - [12/May/2026:14:26:06 -0400] "GET /2025/11/04/experience-the-thrill-of-baji-live-a-new-era-in-3/ HTTP/1.1" 404 1251 "-" "Mozilla/5.0 (Windows NT 10.0; Win64; x64) AppleWebKit/537.36 (KHTML, like Gecko) Chrome/139.0.0.0 Safari/537.36"
51.75.18.6 - - [12/May/2026:14:26:06 -0400] "GET /2025/11/04/experience-the-thrill-of-baji-live-a-new-era-in-3/ HTTP/1.1" 404 1251 "-" "Mozilla/5.0 (Windows NT 10.0; Win64; x64) AppleWebKit/537.36 (KHTML, like Gecko) Chrome/139.0.0.0 Safari/537.36"
85.208.96.208 - - [12/May/2026:14:26:14 -0400] "GET /2026/01/22/une-connaissance-de-jeux-lucrative-sauf-que-fiabilisee-toi-meme-constitue-proposee/ HTTP/1.1" 404 1251 "-" "Mozilla/5.0 (compatible; SemrushBot/7~bl; +http://www.semrush.com/bot.html)"
185.191.171.14 - - [12/May/2026:14:27:12 -0400] "GET /category/uncategorized/page/2697/ HTTP/1.1" 404 1251 "-" "Mozilla/5.0 (compatible; SemrushBot/7~bl; +http://www.semrush.com/bot.html)"
142.44.220.194 - - [12/May/2026:14:28:02 -0400] "GET /2025/12/27/ten-best-the-brand-new-casinos-on-the-internet-playing-the-real-deal-money-in-2024/feed/ HTTP/1.1" 404 1251 "-" "Mozilla/5.0 (compatible; AhrefsBot/7.0; +http://ahrefs.com/robot/)"
54.39.210.46 - - [12/May/2026:14:28:07 -0400] "GET /2025/08/26/page/2/ HTTP/1.1" 404 1251 "-" "Mozilla/5.0 (compatible; AhrefsBot/7.0; +http://ahrefs.com/robot/)"
167.114.139.93 - - [12/May/2026:14:28:12 -0400] "GET /2025/12/16/finest-canadian-casinos-and-you-will-why-are-them-stand-out/feed/ HTTP/1.1" 404 1251 "-" "Mozilla/5.0 (compatible; AhrefsBot/7.0; +http://ahrefs.com/robot/)"
85.208.96.194 - - [12/May/2026:14:28:20 -0400] "GET /2026/01/30/o-jetx-e-tambem-conhecido-como-o-jogo-carry-out-foguetinho-para-ganhar-dinheiro/ HTTP/1.1" 404 1251 "-" "Mozilla/5.0 (compatible; SemrushBot/7~bl; +http://www.semrush.com/bot.html)"
185.191.171.16 - - [12/May/2026:14:28:48 -0400] "GET /2026/01/20/zachecamy-na-odwiedzenia-zagladniecia-z-wyzszy-general-regulamin-bonusow-bizzo-casino-w-ktorym-caloksztalt-jest-szczegolowo-po-szczegole-przykladowe/ HTTP/1.1" 404 1251 "-" "Mozilla/5.0 (compatible; SemrushBot/7~bl; +http://www.semrush.com/bot.html)"
54.39.136.143 - - [12/May/2026:14:29:08 -0400] "GET /2025/12/27/black-jack-on-the-web-for-real-money-during-the-bovada-gambling-establishment/feed/ HTTP/1.1" 404 1251 "-" "Mozilla/5.0 (compatible; AhrefsBot/7.0; +http://ahrefs.com/robot/)"
85.208.96.202 - - [12/May/2026:14:29:13 -0400] "GET /2026/01/26/fatti-addirittura-iniziali-2026-sui-bisca-online-non-che-razza-di-infido-improvvisamente-aams/ HTTP/1.1" 404 1251 "-" "Mozilla/5.0 (compatible; SemrushBot/7~bl; +http://www.semrush.com/bot.html)"
185.191.171.16 - - [12/May/2026:14:29:27 -0400] "GET /2026/01/12/mybet-erfahrungen-sportwetten-auswertung-totem-lightning-power-reels-online-slot-erprobung-2026/ HTTP/1.1" 404 1251 "-" "Mozilla/5.0 (compatible; SemrushBot/7~bl; +http://www.semrush.com/bot.html)"
85.208.96.209 - - [12/May/2026:14:29:33 -0400] "GET /2026/01/02/s-41-and-you-can-krome-opportunity-the-fresh-miccosukee-group-and-additionally-operates-nv-casino-this-new-smoke-store-on-the-southwestern-area/ HTTP/1.1" 404 1251 "-" "Mozilla/5.0 (compatible; SemrushBot/7~bl; +http://www.semrush.com/bot.html)"
52.167.144.150 - - [12/May/2026:14:29:38 -0400] "GET /2026/01/12/greatest-internet-casino-analysis-2026-leading-web-free-online-monopoly-based-casinos/ HTTP/1.1" 404 1251 "-" "Mozilla/5.0 AppleWebKit/537.36 (KHTML, like Gecko; compatible; bingbot/2.0; +http://www.bing.com/bingbot.htm) Chrome/116.0.1938.76 Safari/537.36"
167.114.139.182 - - [12/May/2026:14:29:42 -0400] "GET /2025/12/26/kazino-oficialnyj-sajt-pin-up-casino-igrat-onlajn-256/feed/ HTTP/1.1" 404 1251 "-" "Mozilla/5.0 (compatible; AhrefsBot/7.0; +http://ahrefs.com/robot/)"
