85.208.96.202 - - [12/May/2026:12:43:41 -0400] "GET /2025/12/18/imposible-se-precisa-deposito-de-alcanzar-alrededor-bono-esto-obliga-cual-dentro-de-los-novios-boletos/ HTTP/1.1" 200 203 "-" "Mozilla/5.0 (compatible; SemrushBot/7~bl; +http://www.semrush.com/bot.html)"
47.128.122.136 - - [12/May/2026:12:43:58 -0400] "GET /2026/02/02/the-choice-during-the-rocketplay-gambling-enterprise-try-challenging-and-it-is-unclear-where-to-start/ HTTP/1.1" 200 183 "-" "Mozilla/5.0 (Linux; Android 5.0) AppleWebKit/537.36 (KHTML, like Gecko) Mobile Safari/537.36 (compatible; TikTokSpider; ttspider-feedback@tiktok.com)"
185.191.171.10 - - [12/May/2026:12:44:43 -0400] "GET /category/uncategorized/page/1409/ HTTP/1.1" 200 203 "-" "Mozilla/5.0 (compatible; SemrushBot/7~bl; +http://www.semrush.com/bot.html)"
185.191.171.11 - - [12/May/2026:12:45:59 -0400] "GET /2026/01/25/wunderino-la-dolce-vita-slot-free-spins-provision-sourcecode-2026-400-neukundenbonus-einzahlen/ HTTP/1.1" 200 203 "-" "Mozilla/5.0 (compatible; SemrushBot/7~bl; +http://www.semrush.com/bot.html)"
185.191.171.14 - - [12/May/2026:12:46:11 -0400] "GET /2026/01/17/virtuelle-casinos-im-wandel-die-bedeutung-von-willkommensboni-und-freispiele-fur-spieler/ HTTP/1.1" 200 203 "-" "Mozilla/5.0 (compatible; SemrushBot/7~bl; +http://www.semrush.com/bot.html)"
185.191.171.15 - - [12/May/2026:12:47:49 -0400] "GET /2026/01/21/the-1st-step-discover-light-%EF%BF%BDmanage-account-%EF%BF%BD-option-discovered-below-the-term/ HTTP/1.1" 200 203 "-" "Mozilla/5.0 (compatible; SemrushBot/7~bl; +http://www.semrush.com/bot.html)"
85.208.96.196 - - [12/May/2026:12:48:11 -0400] "GET /2026/01/22/eye-of-horus-entdecke-spielautomaten-online-golden-egypt-unser-horus-casino-ereignis/ HTTP/1.1" 200 203 "-" "Mozilla/5.0 (compatible; SemrushBot/7~bl; +http://www.semrush.com/bot.html)"
216.244.66.248 - - [12/May/2026:12:48:12 -0400] "GET /author/uzair/page/3166/ HTTP/1.1" 200 328 "-" "Mozilla/5.0 (compatible; DotBot/1.2; +https://opensiteexplorer.org/dotbot; help@moz.com)"
85.208.96.196 - - [12/May/2026:12:48:18 -0400] "GET /2025/12/24/lo-divertimento-ancora-approvazione-mediante-italia-e-naturalmente-addirittura-la-centrale-alternativa-degli-scommettitori-online/ HTTP/1.1" 200 203 "-" "Mozilla/5.0 (compatible; SemrushBot/7~bl; +http://www.semrush.com/bot.html)"
216.244.66.248 - - [12/May/2026:12:48:54 -0400] "GET /2025/03/page/17/ HTTP/1.1" 200 328 "-" "Mozilla/5.0 (compatible; DotBot/1.2; +https://opensiteexplorer.org/dotbot; help@moz.com)"
216.244.66.248 - - [12/May/2026:12:48:57 -0400] "GET /2025/10/page/49/ HTTP/1.1" 200 328 "-" "Mozilla/5.0 (compatible; DotBot/1.2; +https://opensiteexplorer.org/dotbot; help@moz.com)"
216.244.66.248 - - [12/May/2026:12:49:19 -0400] "GET /author/uzair/page/3053/ HTTP/1.1" 200 328 "-" "Mozilla/5.0 (compatible; DotBot/1.2; +https://opensiteexplorer.org/dotbot; help@moz.com)"
185.191.171.7 - - [12/May/2026:12:49:31 -0400] "GET /2026/01/19/a-verified-membership-is-the-passport-in-order-to-a-secure-and-you-can-uninterrupted-betting-travel/ HTTP/1.1" 200 203 "-" "Mozilla/5.0 (compatible; SemrushBot/7~bl; +http://www.semrush.com/bot.html)"
85.208.96.194 - - [12/May/2026:12:49:33 -0400] "GET /category/uncategorized/page/1357/ HTTP/1.1" 200 203 "-" "Mozilla/5.0 (compatible; SemrushBot/7~bl; +http://www.semrush.com/bot.html)"
216.244.66.248 - - [12/May/2026:12:49:38 -0400] "GET /2025/12/24/page/18/ HTTP/1.1" 200 328 "-" "Mozilla/5.0 (compatible; DotBot/1.2; +https://opensiteexplorer.org/dotbot; help@moz.com)"
185.191.171.10 - - [12/May/2026:12:49:42 -0400] "GET /category/nomad/ HTTP/1.1" 200 203 "-" "Mozilla/5.0 (compatible; SemrushBot/7~bl; +http://www.semrush.com/bot.html)"
185.191.171.2 - - [12/May/2026:12:50:06 -0400] "GET /2026/01/28/thunderstruck-ii-rebellion-casino-sovelluksen-uusin-versio-reaalitulot/ HTTP/1.1" 200 203 "-" "Mozilla/5.0 (compatible; SemrushBot/7~bl; +http://www.semrush.com/bot.html)"
185.191.171.13 - - [12/May/2026:12:50:24 -0400] "GET /2026/02/09/one-standout-feature-of-share-local-casino-home-is-the-steeped-society-feel/ HTTP/1.1" 200 203 "-" "Mozilla/5.0 (compatible; SemrushBot/7~bl; +http://www.semrush.com/bot.html)"
216.244.66.248 - - [12/May/2026:12:50:29 -0400] "GET /2026/01/21/registrandosi-sinon-ottengono-ulteriori-50-giri-gratuitamente-escludendo-ricaricare/ HTTP/1.1" 200 328 "-" "Mozilla/5.0 (compatible; DotBot/1.2; +https://opensiteexplorer.org/dotbot; help@moz.com)"
85.208.96.212 - - [12/May/2026:12:50:35 -0400] "GET /2026/01/26/czy-warto-postarac-sie-swoich-sil-do-bakarata-siec-na-ios-firmy-apple-na-kasynie-internetowym/ HTTP/1.1" 200 203 "-" "Mozilla/5.0 (compatible; SemrushBot/7~bl; +http://www.semrush.com/bot.html)"
74.7.230.58 - - [12/May/2026:12:45:33 -0400] "GET /robots.txt HTTP/1.1" 200 96 "-" "Mozilla/5.0 (Macintosh; Intel Mac OS X 10_15_7) AppleWebKit/537.36 (KHTML, like Gecko) Chrome/131.0.0.0 Safari/537.36; compatible; OAI-SearchBot/1.3; robots.txt; +https://openai.com/searchbot"
85.208.96.200 - - [12/May/2026:12:45:47 -0400] "GET /2025/12/08/page/3/ HTTP/1.1" 200 203 "-" "Mozilla/5.0 (compatible; SemrushBot/7~bl; +http://www.semrush.com/bot.html)"
185.191.171.17 - - [12/May/2026:12:46:20 -0400] "GET /2026/02/25/quick-hit-harbors-on-the-internet-play-a-real-income-short-hit-pokies/ HTTP/1.1" 200 203 "-" "Mozilla/5.0 (compatible; SemrushBot/7~bl; +http://www.semrush.com/bot.html)"
185.191.171.11 - - [12/May/2026:12:46:47 -0400] "GET /2026/01/06/page/89/ HTTP/1.1" 200 203 "-" "Mozilla/5.0 (compatible; SemrushBot/7~bl; +http://www.semrush.com/bot.html)"
85.208.96.201 - - [12/May/2026:12:47:24 -0400] "GET /2026/01/03/nile-river-best-online-casino-deals-cruise-and-egypt-tours-egyptian-temples/ HTTP/1.1" 200 203 "-" "Mozilla/5.0 (compatible; SemrushBot/7~bl; +http://www.semrush.com/bot.html)"
185.191.171.15 - - [12/May/2026:12:47:47 -0400] "GET /2025/12/26/my-time-playing-%EF%BF%BDborgata-roulette-professional%EF%BF%BD-try-including-effective/ HTTP/1.1" 200 203 "-" "Mozilla/5.0 (compatible; SemrushBot/7~bl; +http://www.semrush.com/bot.html)"
185.191.171.18 - - [12/May/2026:12:47:51 -0400] "GET /2026/01/23/quale-funziona-il-mucchio-live-nelle-saggezza-da-inganno-online/ HTTP/1.1" 200 203 "-" "Mozilla/5.0 (compatible; SemrushBot/7~bl; +http://www.semrush.com/bot.html)"
216.244.66.248 - - [12/May/2026:12:47:53 -0400] "GET /2025/11/page/48/ HTTP/1.1" 200 328 "-" "Mozilla/5.0 (compatible; DotBot/1.2; +https://opensiteexplorer.org/dotbot; help@moz.com)"
185.191.171.1 - - [12/May/2026:12:48:51 -0400] "GET /2026/02/10/fuel-your-wins-explore-the-convenience-of-a-pay-by/ HTTP/1.1" 200 203 "-" "Mozilla/5.0 (compatible; SemrushBot/7~bl; +http://www.semrush.com/bot.html)"
85.208.96.203 - - [12/May/2026:12:49:47 -0400] "GET /2025/12/22/page/2/ HTTP/1.1" 200 203 "-" "Mozilla/5.0 (compatible; SemrushBot/7~bl; +http://www.semrush.com/bot.html)"
14.187.159.63 - - [12/May/2026:12:51:03 -0400] "GET /2025/12/01/pejting-top-10-luchshix-onlajn-kazino-poccii-po-2-2/ HTTP/1.1" 200 203 "-" "Mozilla/5.0 (Macintosh; Intel Mac OS X 10_14_4) AppleWebKit/537.36 (KHTML, like Gecko) Chrome/101.0.4951.54 Safari/537.36"
185.191.171.19 - - [12/May/2026:12:52:01 -0400] "GET /2025/11/26/ta-exairetika-mustika-ton-niketon-sto-glorion/ HTTP/1.1" 200 203 "-" "Mozilla/5.0 (compatible; SemrushBot/7~bl; +http://www.semrush.com/bot.html)"
85.208.96.210 - - [12/May/2026:12:52:08 -0400] "GET /2026/01/02/and-the-incentive-round-has-stopped-being-a-rare-eliminate-but-something-you-are-entirely-pregnant/ HTTP/1.1" 200 203 "-" "Mozilla/5.0 (compatible; SemrushBot/7~bl; +http://www.semrush.com/bot.html)"
85.208.96.198 - - [12/May/2026:12:52:55 -0400] "GET /2026/01/06/omegle-review-2023-features-app-value/ HTTP/1.1" 200 203 "-" "Mozilla/5.0 (compatible; SemrushBot/7~bl; +http://www.semrush.com/bot.html)"
47.82.11.203 - - [12/May/2026:12:53:05 -0400] "GET /2026/01/01/blackjack-erreichbar-zum-besten-geben-die-leser-jolly-roger-vollstandiger-artikel-spiele/ HTTP/1.1" 200 183 "https://input.managedmedia.org/" "Mozilla/5.0 (Windows NT 10.0; Win64; x64) AppleWebKit/537.36 (KHTML, like Gecko) Chrome/135.0.0.0 Safari/537.36"
185.191.171.13 - - [12/May/2026:12:53:35 -0400] "GET /2025/03/31/unlocking-the-mechanics-and-psychology-of-slot-games-a-deep-dive-into-the-world-of-online-slots/ HTTP/1.1" 200 203 "-" "Mozilla/5.0 (compatible; SemrushBot/7~bl; +http://www.semrush.com/bot.html)"
185.191.171.14 - - [12/May/2026:12:53:42 -0400] "GET /2025/12/22/soluciona-a-la-slot-sugar-rush-de-balde-en-internet-falto-descargas-ni-registros/ HTTP/1.1" 200 203 "-" "Mozilla/5.0 (compatible; SemrushBot/7~bl; +http://www.semrush.com/bot.html)"
85.208.96.197 - - [12/May/2026:12:50:48 -0400] "GET /2026/02/05/dans-ces-camarades-une-liste-plutot-celebres-pareillement-netent-partie-brigadier-aussi-bien-que-yggdrasil/ HTTP/1.1" 200 203 "-" "Mozilla/5.0 (compatible; SemrushBot/7~bl; +http://www.semrush.com/bot.html)"
85.208.96.212 - - [12/May/2026:12:51:35 -0400] "GET /category/uncategorized/page/1089/ HTTP/1.1" 200 203 "-" "Mozilla/5.0 (compatible; SemrushBot/7~bl; +http://www.semrush.com/bot.html)"
85.208.96.193 - - [12/May/2026:12:51:48 -0400] "GET /2026/01/01/verbunden-casinos-via-echtgeld-victorious-slot-spiel-startguthaben-2026-traktandum-verzeichnis/ HTTP/1.1" 200 203 "-" "Mozilla/5.0 (compatible; SemrushBot/7~bl; +http://www.semrush.com/bot.html)"
216.244.66.248 - - [12/May/2026:12:52:04 -0400] "GET /2025/06/05/sugar-rush-1000-de-la-lumiere-des-couleurs-a-l-energie-douce-qui-eveille/feed/ HTTP/1.1" 200 328 "-" "Mozilla/5.0 (compatible; DotBot/1.2; +https://opensiteexplorer.org/dotbot; help@moz.com)"
185.191.171.5 - - [12/May/2026:12:52:17 -0400] "GET /2025/12/24/learning-to-make-highest-5-gambling-enterprise-real-money-redemptions/ HTTP/1.1" 200 203 "-" "Mozilla/5.0 (compatible; SemrushBot/7~bl; +http://www.semrush.com/bot.html)"
185.191.171.5 - - [12/May/2026:12:53:17 -0400] "GET /2026/01/13/you-need-to-us-that-you-will-get-been-having-an-effective-low-bet-ecosystem/ HTTP/1.1" 200 203 "-" "Mozilla/5.0 (compatible; SemrushBot/7~bl; +http://www.semrush.com/bot.html)"
85.208.96.195 - - [12/May/2026:12:53:39 -0400] "GET /2025/12/18/besplatnye-vrashhenija-i-bonusy-vash-put-k/ HTTP/1.1" 200 203 "-" "Mozilla/5.0 (compatible; SemrushBot/7~bl; +http://www.semrush.com/bot.html)"
185.191.171.9 - - [12/May/2026:12:54:26 -0400] "GET /2026/01/19/it-will-be-easy-and-in-addition-redundant-with-regards-to-the-rng/ HTTP/1.1" 200 203 "-" "Mozilla/5.0 (compatible; SemrushBot/7~bl; +http://www.semrush.com/bot.html)"
185.191.171.2 - - [12/May/2026:12:54:41 -0400] "GET /2025/12/page/576/ HTTP/1.1" 200 203 "-" "Mozilla/5.0 (compatible; SemrushBot/7~bl; +http://www.semrush.com/bot.html)"
85.208.96.197 - - [12/May/2026:12:54:43 -0400] "GET /2026/01/15/cuales-son-las-excelentes-casinos-desprovisto-kyc-referente-a-2025-uno-para-uno/ HTTP/1.1" 200 203 "-" "Mozilla/5.0 (compatible; SemrushBot/7~bl; +http://www.semrush.com/bot.html)"
85.208.96.193 - - [12/May/2026:12:56:51 -0400] "GET /category/news/page/20/ HTTP/1.1" 200 203 "-" "Mozilla/5.0 (compatible; SemrushBot/7~bl; +http://www.semrush.com/bot.html)"
85.208.96.197 - - [12/May/2026:12:56:53 -0400] "GET /category/reyting-onlayn-kazino-po-vyplatam-xyz-2/ HTTP/1.1" 200 203 "-" "Mozilla/5.0 (compatible; SemrushBot/7~bl; +http://www.semrush.com/bot.html)"
185.191.171.14 - - [12/May/2026:12:57:17 -0400] "GET /2026/01/17/one-of-many-extremely-important-areas-of-deciding-on-the-best-bitcoin-local-casino-try-knowing-the-skills-of-most-other-professionals/ HTTP/1.1" 200 203 "-" "Mozilla/5.0 (compatible; SemrushBot/7~bl; +http://www.semrush.com/bot.html)"
85.208.96.196 - - [12/May/2026:12:57:50 -0400] "GET /2026/01/13/swift-spiele-arctic-agents-online-slot-casino-erfahrungen-schnelle-auszahlung/ HTTP/1.1" 200 203 "-" "Mozilla/5.0 (compatible; SemrushBot/7~bl; +http://www.semrush.com/bot.html)"
154.125.227.139 - - [12/May/2026:12:58:00 -0400] "GET /2025/12/31/betsafe-sports-betting-opinion-2025-are-betsafe-sportsbook-legit/ HTTP/1.1" 200 203 "-" "Mozilla/5.0 (Windows NT 10.0; WOW64) AppleWebKit/537.36 (KHTML, like Gecko) Chrome/107.0.0.0 Safari/537.36"
185.191.171.1 - - [12/May/2026:12:58:00 -0400] "GET /author/uzair/page/3413/ HTTP/1.1" 200 203 "-" "Mozilla/5.0 (compatible; SemrushBot/7~bl; +http://www.semrush.com/bot.html)"
85.208.96.212 - - [12/May/2026:12:53:47 -0400] "GET /category/onlinebaccarat/ HTTP/1.1" 200 203 "-" "Mozilla/5.0 (compatible; SemrushBot/7~bl; +http://www.semrush.com/bot.html)"
185.191.171.19 - - [12/May/2026:12:54:49 -0400] "GET /2026/01/23/the-worldwide-success-of-casinos-on-the-internet-should-be-attributed-to-a-particular-grounds/ HTTP/1.1" 200 203 "-" "Mozilla/5.0 (compatible; SemrushBot/7~bl; +http://www.semrush.com/bot.html)"
85.208.96.193 - - [12/May/2026:12:55:53 -0400] "GET /2025/12/26/aztec-gold-50-dragons-fentes-libres-de-creneaux-outil-vers-dessous-un-brin-de-samuser-gratuitement-en-mode-demo-mega-carton/ HTTP/1.1" 200 203 "-" "Mozilla/5.0 (compatible; SemrushBot/7~bl; +http://www.semrush.com/bot.html)"
185.191.171.19 - - [12/May/2026:12:56:01 -0400] "GET /2026/01/21/page/31/ HTTP/1.1" 200 203 "-" "Mozilla/5.0 (compatible; SemrushBot/7~bl; +http://www.semrush.com/bot.html)"
85.208.96.210 - - [12/May/2026:12:56:05 -0400] "GET /2025/12/31/sporting-events-betting-resources-now-and-you-may-week-end/ HTTP/1.1" 200 203 "-" "Mozilla/5.0 (compatible; SemrushBot/7~bl; +http://www.semrush.com/bot.html)"
185.191.171.12 - - [12/May/2026:12:57:32 -0400] "GET /2026/01/13/ok-i-do-believe-i-understand-gambling-establishment-bonus-now-let-me-know-on-casino-acceptance-bonus/ HTTP/1.1" 200 203 "-" "Mozilla/5.0 (compatible; SemrushBot/7~bl; +http://www.semrush.com/bot.html)"
185.191.171.14 - - [12/May/2026:12:57:53 -0400] "GET /2026/01/23/happy-zodiac-video-game-remark-2026-rtp-incentives-trial/ HTTP/1.1" 200 203 "-" "Mozilla/5.0 (compatible; SemrushBot/7~bl; +http://www.semrush.com/bot.html)"
85.208.96.212 - - [12/May/2026:12:58:49 -0400] "GET /2025/04/25/the-evolution-and-strategic-significance-of-digital-slot-gaming-in-the-uk-market/ HTTP/1.1" 200 203 "-" "Mozilla/5.0 (compatible; SemrushBot/7~bl; +http://www.semrush.com/bot.html)"
85.208.96.208 - - [12/May/2026:12:59:07 -0400] "GET /2026/02/01/as-to-the-reasons-you-players-choose-betmgm-%EF%BF%BD-secure-safer-reputable/ HTTP/1.1" 200 203 "-" "Mozilla/5.0 (compatible; SemrushBot/7~bl; +http://www.semrush.com/bot.html)"
185.191.171.10 - - [12/May/2026:13:00:53 -0400] "GET /2026/01/02/page/28/ HTTP/1.1" 200 203 "-" "Mozilla/5.0 (compatible; SemrushBot/7~bl; +http://www.semrush.com/bot.html)"
85.208.96.202 - - [12/May/2026:13:01:01 -0400] "GET /2026/01/28/page/40/ HTTP/1.1" 200 203 "-" "Mozilla/5.0 (compatible; SemrushBot/7~bl; +http://www.semrush.com/bot.html)"
85.208.96.211 - - [12/May/2026:13:01:35 -0400] "GET /2025/12/19/unulteriore-colpa-di-decisione-che-tipo-di-acquitte-loperatore-personalita-dei-con-laggiunta-di-affidabili-sul-commercio/ HTTP/1.1" 200 203 "-" "Mozilla/5.0 (compatible; SemrushBot/7~bl; +http://www.semrush.com/bot.html)"
85.208.96.210 - - [12/May/2026:13:03:11 -0400] "GET /category/post/page/42/ HTTP/1.1" 200 203 "-" "Mozilla/5.0 (compatible; SemrushBot/7~bl; +http://www.semrush.com/bot.html)"
85.208.96.199 - - [12/May/2026:13:04:37 -0400] "GET /2026/01/13/ideas-on-how-to-bundle-a-visit-to-downstream-gambling-establishment/ HTTP/1.1" 200 203 "-" "Mozilla/5.0 (compatible; SemrushBot/7~bl; +http://www.semrush.com/bot.html)"
85.208.96.202 - - [12/May/2026:13:04:53 -0400] "GET /2026/01/03/icy-pelican-peetoom-5-trinocasino-app-aanmelding-storting-wonders-va-netent-2024-review-consumptie-ijs-plu-wat-is-de-immerion-casino-app-koude-ozential/ HTTP/1.1" 200 203 "-" "Mozilla/5.0 (compatible; SemrushBot/7~bl; +http://www.semrush.com/bot.html)"
185.191.171.11 - - [12/May/2026:13:06:21 -0400] "GET /2026/02/04/nettcasino-foxin-wins-spilleautomat-de-30-beste-nettcasinoene-inni-forbidden-throne-spilleautomater-gratis-spinn-norge-og-oslo-2026-%D9%81%D8%A7%D9%86%D8%B2%D9%8A%D8%B3/ HTTP/1.1" 200 203 "-" "Mozilla/5.0 (compatible; SemrushBot/7~bl; +http://www.semrush.com/bot.html)"
185.191.171.15 - - [12/May/2026:13:06:51 -0400] "GET /2026/01/23/are-you-searching-for-a-knowledgeable-internet-casino-to-experience-actual-currency-harbors/ HTTP/1.1" 200 203 "-" "Mozilla/5.0 (compatible; SemrushBot/7~bl; +http://www.semrush.com/bot.html)"
185.191.171.8 - - [12/May/2026:13:06:54 -0400] "GET /2026/01/26/resena-de-gaming-club-copia-bono-de-cincuenta-giros-de-balde-acerca-de-double-bubble-deposito-inclusive-1-750-usd/ HTTP/1.1" 200 203 "-" "Mozilla/5.0 (compatible; SemrushBot/7~bl; +http://www.semrush.com/bot.html)"
185.191.171.12 - - [12/May/2026:12:59:51 -0400] "GET /2026/02/03/payments-how-quickly-you-might-lose-otherwise-winnings-and-in-actual-fact-receive-money/ HTTP/1.1" 200 203 "-" "Mozilla/5.0 (compatible; SemrushBot/7~bl; +http://www.semrush.com/bot.html)"
200.76.169.2 - - [12/May/2026:13:00:31 -0400] "GET /category/sindinero-org-casino-online-retiro-inmediato/ HTTP/1.1" 200 203 "-" "Mozilla/5.0 (Windows NT 10.0; WOW64) AppleWebKit/537.36 (KHTML, like Gecko) Chrome/80.0.3987.106 Safari/537.36"
185.191.171.6 - - [12/May/2026:13:01:15 -0400] "GET /2026/01/15/exploring-the-future-of-crypto-casino-ecosystem-in/ HTTP/1.1" 200 203 "-" "Mozilla/5.0 (compatible; SemrushBot/7~bl; +http://www.semrush.com/bot.html)"
85.208.96.204 - - [12/May/2026:13:01:33 -0400] "GET /2026/02/09/how-good-go-out-4-gamble-local-casino-enjoys-gloss-people-secure/ HTTP/1.1" 200 203 "-" "Mozilla/5.0 (compatible; SemrushBot/7~bl; +http://www.semrush.com/bot.html)"
85.208.96.196 - - [12/May/2026:13:02:06 -0400] "GET /2025/10/31/beyond-limits-6000-games-global-sports-action/ HTTP/1.1" 200 203 "-" "Mozilla/5.0 (compatible; SemrushBot/7~bl; +http://www.semrush.com/bot.html)"
185.191.171.4 - - [12/May/2026:13:02:51 -0400] "GET /2025/12/22/preciselywhat-are-on-line-casino-southern-area-africa-no-deposit-bonuses/ HTTP/1.1" 200 203 "-" "Mozilla/5.0 (compatible; SemrushBot/7~bl; +http://www.semrush.com/bot.html)"
85.208.96.196 - - [12/May/2026:13:03:07 -0400] "GET /category/uncategorized/page/836/ HTTP/1.1" 200 203 "-" "Mozilla/5.0 (compatible; SemrushBot/7~bl; +http://www.semrush.com/bot.html)"
185.191.171.16 - - [12/May/2026:13:03:14 -0400] "GET /2026/01/30/casinofy-%EF%BF%BD-casinos-on-the-internet-%EF%BF%BD-bet365-casino-nj-comment/ HTTP/1.1" 200 203 "-" "Mozilla/5.0 (compatible; SemrushBot/7~bl; +http://www.semrush.com/bot.html)"
185.191.171.10 - - [12/May/2026:13:03:44 -0400] "GET /2026/01/02/page/85/ HTTP/1.1" 200 203 "-" "Mozilla/5.0 (compatible; SemrushBot/7~bl; +http://www.semrush.com/bot.html)"
185.191.171.19 - - [12/May/2026:13:05:01 -0400] "GET /2026/02/21/descubre-tu-mejor-casino-online-con-guias-expertas-4/ HTTP/1.1" 200 203 "-" "Mozilla/5.0 (compatible; SemrushBot/7~bl; +http://www.semrush.com/bot.html)"
85.208.96.195 - - [12/May/2026:13:05:39 -0400] "GET /2026/01/01/highfly-casino-gaming-experience-explorando-el-mun/ HTTP/1.1" 200 203 "-" "Mozilla/5.0 (compatible; SemrushBot/7~bl; +http://www.semrush.com/bot.html)"
185.191.171.4 - - [12/May/2026:13:06:06 -0400] "GET /2025/12/25/super-jack-slot-machine-on-the-web-rtp-gamble-totally-free-wazdan-online-casino-games/ HTTP/1.1" 200 203 "-" "Mozilla/5.0 (compatible; SemrushBot/7~bl; +http://www.semrush.com/bot.html)"
185.191.171.7 - - [12/May/2026:13:06:09 -0400] "GET /2025/04/14/10-expert-tips-for-choosing-the-best-online-casino-a-lucky-mistercasino-1-guide/ HTTP/1.1" 200 203 "-" "Mozilla/5.0 (compatible; SemrushBot/7~bl; +http://www.semrush.com/bot.html)"
85.208.96.210 - - [12/May/2026:13:07:32 -0400] "GET /2025/12/26/las-sitios-latinoamericanos-se-va-a-apoyar-sobre-el-silli%EF%BF%BDn-deberian-vuelto-cualquier-aspecto-turistico-de-esos-que-quieren-novedosas-aventuras/ HTTP/1.1" 200 203 "-" "Mozilla/5.0 (compatible; SemrushBot/7~bl; +http://www.semrush.com/bot.html)"
85.208.96.201 - - [12/May/2026:13:08:41 -0400] "GET /2026/01/20/website-subscribers-inquire-in-the-event-the-short-reflexes-is-the-the-answer-to-profitable/ HTTP/1.1" 200 203 "-" "Mozilla/5.0 (compatible; SemrushBot/7~bl; +http://www.semrush.com/bot.html)"
157.55.39.11 - - [12/May/2026:13:09:11 -0400] "GET /2026/01/11/kasinot-perussa-los-spybet-tili-login-mejores-juegos-de-local-casino-verkossa/ HTTP/1.1" 200 183 "-" "Mozilla/5.0 AppleWebKit/537.36 (KHTML, like Gecko; compatible; bingbot/2.0; +http://www.bing.com/bingbot.htm) Chrome/116.0.1938.76 Safari/537.36"
157.55.39.8 - - [12/May/2026:13:09:16 -0400] "GET /2026/01/11/enjoy-lottery-online-and-winnings-huge-that-have-jackpot-com/ HTTP/1.1" 200 183 "-" "Mozilla/5.0 AppleWebKit/537.36 (KHTML, like Gecko; compatible; bingbot/2.0; +http://www.bing.com/bingbot.htm) Chrome/116.0.1938.76 Safari/537.36"
85.208.96.197 - - [12/May/2026:13:09:20 -0400] "GET /2026/01/14/page/4/ HTTP/1.1" 200 203 "-" "Mozilla/5.0 (compatible; SemrushBot/7~bl; +http://www.semrush.com/bot.html)"
185.191.171.3 - - [12/May/2026:13:09:57 -0400] "GET /2026/01/13/erreichbar-die-super-jewel-repeater-slot-maschine-kasino-echtgeld-ostmark-2026/ HTTP/1.1" 200 203 "-" "Mozilla/5.0 (compatible; SemrushBot/7~bl; +http://www.semrush.com/bot.html)"
185.191.171.9 - - [12/May/2026:13:10:17 -0400] "GET /author/uzair/page/1633/ HTTP/1.1" 200 203 "-" "Mozilla/5.0 (compatible; SemrushBot/7~bl; +http://www.semrush.com/bot.html)"
85.208.96.197 - - [12/May/2026:13:11:14 -0400] "GET /2026/01/01/best-paypal-casinos-vereinigtes-drucken-sie-diese-seite-konigreich-december-2025/ HTTP/1.1" 200 203 "-" "Mozilla/5.0 (compatible; SemrushBot/7~bl; +http://www.semrush.com/bot.html)"
85.208.96.211 - - [12/May/2026:13:11:21 -0400] "GET /2025/12/26/slotastic-gambling-enterprise-good-for-free-revolves-incentives-and-you-can-advertisements/ HTTP/1.1" 200 203 "-" "Mozilla/5.0 (compatible; SemrushBot/7~bl; +http://www.semrush.com/bot.html)"
85.208.96.208 - - [12/May/2026:13:11:23 -0400] "GET /2026/01/13/wie-kann-person-ten-ecu-als-den-einzahlungsfreien-provision-verlangen/ HTTP/1.1" 200 203 "-" "Mozilla/5.0 (compatible; SemrushBot/7~bl; +http://www.semrush.com/bot.html)"
85.208.96.202 - - [12/May/2026:13:11:40 -0400] "GET /author/uzair/page/3537/ HTTP/1.1" 200 203 "-" "Mozilla/5.0 (compatible; SemrushBot/7~bl; +http://www.semrush.com/bot.html)"
40.77.167.58 - - [12/May/2026:13:12:12 -0400] "GET /2025/12/26/pourboire-avec-free-spins-sans-nul-classe-obtenez-jusqua-super-nudge-6000-jeu-50-espaces-sans-frais/ HTTP/1.1" 200 183 "-" "Mozilla/5.0 AppleWebKit/537.36 (KHTML, like Gecko; compatible; bingbot/2.0; +http://www.bing.com/bingbot.htm) Chrome/116.0.1938.76 Safari/537.36"
85.208.96.202 - - [12/May/2026:13:14:15 -0400] "GET /2026/01/22/kuren-eltern-diese-spielbank-spiele-selbige-nachfolgende-erfolgreichsten-gewinnchancen-bieten/ HTTP/1.1" 200 203 "-" "Mozilla/5.0 (compatible; SemrushBot/7~bl; +http://www.semrush.com/bot.html)"
85.208.96.212 - - [12/May/2026:13:14:29 -0400] "GET /2025/12/22/page/102/ HTTP/1.1" 200 203 "-" "Mozilla/5.0 (compatible; SemrushBot/7~bl; +http://www.semrush.com/bot.html)"
85.208.96.206 - - [12/May/2026:13:15:42 -0400] "GET /robots.txt HTTP/1.1" 200 133 "-" "Mozilla/5.0 (compatible; SemrushBot/7~bl; +http://www.semrush.com/bot.html)"
185.191.171.4 - - [12/May/2026:13:15:52 -0400] "GET /2026/01/13/online-spielbank-provision-beste-casino-exclusive-ruckzug-maklercourtage-angebote-im-kollationieren-2026/ HTTP/1.1" 200 203 "-" "Mozilla/5.0 (compatible; SemrushBot/7~bl; +http://www.semrush.com/bot.html)"
185.191.171.5 - - [12/May/2026:13:07:14 -0400] "GET /2025/12/18/sopra-finaria-aggiorniamo-nondimeno-le-nostre-liste-a-assicurarti-continuamente-volte-gratifica-senza-contare-fitto-ancora-convenienti/ HTTP/1.1" 200 203 "-" "Mozilla/5.0 (compatible; SemrushBot/7~bl; +http://www.semrush.com/bot.html)"
85.208.96.206 - - [12/May/2026:13:07:16 -0400] "GET /2026/01/09/page/33/ HTTP/1.1" 200 203 "-" "Mozilla/5.0 (compatible; SemrushBot/7~bl; +http://www.semrush.com/bot.html)"
142.44.225.114 - - [12/May/2026:13:09:08 -0400] "GET /2025/12/24/black-jack-otherwise-21-is-one-of-the-most-preferred-games-played-in-our-gambling-establishment/feed/ HTTP/1.1" 200 183 "-" "Mozilla/5.0 (compatible; AhrefsBot/7.0; +http://ahrefs.com/robot/)"
185.191.171.13 - - [12/May/2026:13:09:47 -0400] "GET /2025/12/24/s-the-jackpot-area-install-casino-best-for-you/ HTTP/1.1" 200 203 "-" "Mozilla/5.0 (compatible; SemrushBot/7~bl; +http://www.semrush.com/bot.html)"
185.191.171.7 - - [12/May/2026:13:10:37 -0400] "GET /author/uzair/page/1141/ HTTP/1.1" 200 203 "-" "Mozilla/5.0 (compatible; SemrushBot/7~bl; +http://www.semrush.com/bot.html)"
157.100.199.74 - - [12/May/2026:13:10:41 -0400] "GET /2026/01/23/15-100-100-percent-free-revolves-no-deposit-trendy-fruit-the-brand-new-variation-better-web-based-casinos-genuine-money-december-2025-%D8%A2%D8%B1%DB%8C%D8%A7%D9%86-%D9%88%D8%A8/ HTTP/1.1" 200 203 "-" "Mozilla/5.0 (Windows NT 6.3; WOW64) AppleWebKit/537.36 (KHTML, like Gecko) Chrome/41.0.2225.0 Safari/537.36"
85.208.96.202 - - [12/May/2026:13:10:54 -0400] "GET /author/uzair/page/2629/ HTTP/1.1" 200 203 "-" "Mozilla/5.0 (compatible; SemrushBot/7~bl; +http://www.semrush.com/bot.html)"
85.208.96.197 - - [12/May/2026:13:11:36 -0400] "GET /2026/01/05/located-up-to-100-100-free-spins-available-with-the-big-trout-bonanza-position-on-boyle-gambling-enterprise/ HTTP/1.1" 200 203 "-" "Mozilla/5.0 (compatible; SemrushBot/7~bl; +http://www.semrush.com/bot.html)"
85.208.96.203 - - [12/May/2026:13:12:12 -0400] "GET /2026/01/23/complesso-dipende-dalle-abat-competenze-addirittura-dal-tuo-creativita/ HTTP/1.1" 200 203 "-" "Mozilla/5.0 (compatible; SemrushBot/7~bl; +http://www.semrush.com/bot.html)"
85.208.96.209 - - [12/May/2026:13:13:30 -0400] "GET /2025/12/25/page/55/ HTTP/1.1" 200 203 "-" "Mozilla/5.0 (compatible; SemrushBot/7~bl; +http://www.semrush.com/bot.html)"
47.82.10.140 - - [12/May/2026:13:13:44 -0400] "GET /2026/01/21/vulkan-las-vegas-thirty-euroletten-reward-frei-einzahlung-2023-thirty-promo-programmcode/ HTTP/1.1" 200 183 "https://input.managedmedia.org/" "Mozilla/5.0 (Macintosh; Intel Mac OS X 10_15_7) AppleWebKit/537.36 (KHTML, like Gecko) Chrome/135.0.0.0 Safari/537.36"
185.191.171.15 - - [12/May/2026:13:13:54 -0400] "GET /2025/01/04/getting-started-with-legionbet-casino-a-beginner-s-guide-2/ HTTP/1.1" 200 203 "-" "Mozilla/5.0 (compatible; SemrushBot/7~bl; +http://www.semrush.com/bot.html)"
185.191.171.8 - - [12/May/2026:13:14:51 -0400] "GET /2026/01/15/page/23/ HTTP/1.1" 200 203 "-" "Mozilla/5.0 (compatible; SemrushBot/7~bl; +http://www.semrush.com/bot.html)"
85.208.96.210 - - [12/May/2026:13:15:12 -0400] "GET /category/reyting-onlayn-kazino-xyz-1/ HTTP/1.1" 200 203 "-" "Mozilla/5.0 (compatible; SemrushBot/7~bl; +http://www.semrush.com/bot.html)"
85.208.96.210 - - [12/May/2026:13:15:35 -0400] "GET /2026/01/16/page/33/ HTTP/1.1" 200 203 "-" "Mozilla/5.0 (compatible; SemrushBot/7~bl; +http://www.semrush.com/bot.html)"
85.208.96.197 - - [12/May/2026:13:15:43 -0400] "GET /2025/10/19/kazino-igrat-v-onlajn-pin-up-casino-oficialnyj-714/ HTTP/1.1" 200 203 "-" "Mozilla/5.0 (compatible; SemrushBot/7~bl; +http://www.semrush.com/bot.html)"
207.46.13.130 - - [12/May/2026:13:18:13 -0400] "GET /0002ac70df3e.html HTTP/1.1" 200 183 "-" "Mozilla/5.0 AppleWebKit/537.36 (KHTML, like Gecko; compatible; bingbot/2.0; +http://www.bing.com/bingbot.htm) Chrome/116.0.1938.76 Safari/537.36"
85.208.96.207 - - [12/May/2026:13:16:41 -0400] "GET /2026/01/09/jesli-w-kazdym-kasynie-jest-wiele-automaty-online-jak-osobach-usluga-oprogramowania/ HTTP/1.1" 200 203 "-" "Mozilla/5.0 (compatible; SemrushBot/7~bl; +http://www.semrush.com/bot.html)"
185.191.171.12 - - [12/May/2026:13:16:56 -0400] "GET /2026/01/15/discover-aristocrat-buffalo-range-discover-far-more-dogecoin-online-casino-video-game/ HTTP/1.1" 200 203 "-" "Mozilla/5.0 (compatible; SemrushBot/7~bl; +http://www.semrush.com/bot.html)"
185.191.171.7 - - [12/May/2026:13:16:59 -0400] "GET /2026/01/21/best-bitcoin-local-casino-having-vip-and-commitment-system-cryptorino/ HTTP/1.1" 200 203 "-" "Mozilla/5.0 (compatible; SemrushBot/7~bl; +http://www.semrush.com/bot.html)"
85.208.96.206 - - [12/May/2026:13:17:01 -0400] "GET /2025/12/31/50-tours-gratuits-en-compagnie-de-salle-de-jeu-sans-classe-2025-50-gratis/ HTTP/1.1" 200 203 "-" "Mozilla/5.0 (compatible; SemrushBot/7~bl; +http://www.semrush.com/bot.html)"
14.254.112.36 - - [12/May/2026:13:17:06 -0400] "GET /category/casino19/ HTTP/1.1" 200 203 "-" "Mozilla/5.0 (Macintosh; Intel Mac OS X 11_1_0) AppleWebKit/537.36 (KHTML, like Gecko) Brave Chrome/89.0.4389.105 Safari/537.36"
185.191.171.5 - - [12/May/2026:13:17:46 -0400] "GET /2026/01/25/haufig-gestellte-fragen-zu-paypal-gangbar-casinos-via-3-eur-einzahlung/ HTTP/1.1" 200 203 "-" "Mozilla/5.0 (compatible; SemrushBot/7~bl; +http://www.semrush.com/bot.html)"
185.191.171.3 - - [12/May/2026:13:18:30 -0400] "GET /2026/01/05/page/40/ HTTP/1.1" 200 203 "-" "Mozilla/5.0 (compatible; SemrushBot/7~bl; +http://www.semrush.com/bot.html)"
185.191.171.14 - - [12/May/2026:13:18:31 -0400] "GET /2026/01/27/note-the-newest-golden-nugget-advantages-program-is-only-found-in-michigan-pennsylvania-and-you-will-west-virginia/ HTTP/1.1" 200 203 "-" "Mozilla/5.0 (compatible; SemrushBot/7~bl; +http://www.semrush.com/bot.html)"
85.208.96.199 - - [12/May/2026:13:18:13 -0400] "GET /2026/02/06/melbet-azrbaycanda-bahis-v-kazino-dunyasna-giri-3/ HTTP/1.1" 200 203 "-" "Mozilla/5.0 (compatible; SemrushBot/7~bl; +http://www.semrush.com/bot.html)"
47.82.11.74 - - [12/May/2026:13:20:09 -0400] "GET /2026/01/03/200-gambling-establishment-bonuses-allege-huge-added-bonus-and-you-may-victory/ HTTP/1.1" 200 183 "https://input.managedmedia.org/" "Mozilla/5.0 (Windows NT 10.0; Win64; x64) AppleWebKit/537.36 (KHTML, like Gecko) Chrome/135.0.0.0 Safari/537.36"
185.191.171.16 - - [12/May/2026:13:21:30 -0400] "GET /2026/01/19/tips-check-in-at-the-admiral-x-casino-and-you-may-activate-their-profile/ HTTP/1.1" 200 203 "-" "Mozilla/5.0 (compatible; SemrushBot/7~bl; +http://www.semrush.com/bot.html)"
177.128.193.211 - - [12/May/2026:13:21:52 -0400] "GET /2025/09/04/how-to-play-bingo-at-online-casinos-5/ HTTP/1.1" 200 203 "-" "Mozilla/5.0 (Windows NT 10.0) AppleWebKit/537.36 (KHTML, like Gecko) Chrome/85.0.4121.813 Safari/537.36"
181.115.161.179 - - [12/May/2026:13:21:57 -0400] "GET / HTTP/1.1" 200 203 "-" "Mozilla/5.0 (Windows NT 10.0; Win64; x64) AppleWebKit/537.36 (KHTML, like Gecko) Chrome/120.0.0.0 Safari/537.36"
85.208.96.210 - - [12/May/2026:13:22:11 -0400] "GET /2025/12/31/blackjack-strategien-basisstrategie-liste-dolphins-pearl-gewinn-zum-gewinnen/ HTTP/1.1" 200 203 "-" "Mozilla/5.0 (compatible; SemrushBot/7~bl; +http://www.semrush.com/bot.html)"
85.208.96.199 - - [12/May/2026:13:22:27 -0400] "GET /category/uncategorized/page/1264/ HTTP/1.1" 200 203 "-" "Mozilla/5.0 (compatible; SemrushBot/7~bl; +http://www.semrush.com/bot.html)"
85.208.96.197 - - [12/May/2026:13:22:28 -0400] "GET /2026/01/22/page/29/ HTTP/1.1" 200 203 "-" "Mozilla/5.0 (compatible; SemrushBot/7~bl; +http://www.semrush.com/bot.html)"
85.208.96.207 - - [12/May/2026:13:22:30 -0400] "GET /2026/01/29/about-nyx-playing-groupnyx-betting-classification-are-headquartered-within-the-las-vegas-having-invention-away-from-stockholm-and-you-may-questionnaire/ HTTP/1.1" 200 203 "-" "Mozilla/5.0 (compatible; SemrushBot/7~bl; +http://www.semrush.com/bot.html)"
85.208.96.195 - - [12/May/2026:13:22:32 -0400] "GET /2025/12/31/page/60/ HTTP/1.1" 200 203 "-" "Mozilla/5.0 (compatible; SemrushBot/7~bl; +http://www.semrush.com/bot.html)"
216.244.66.248 - - [12/May/2026:13:22:33 -0400] "GET /robots.txt HTTP/1.1" 200 810 "-" "Mozilla/5.0 (compatible; DotBot/1.2; +https://opensiteexplorer.org/dotbot; help@moz.com)"
52.167.144.211 - - [12/May/2026:13:22:51 -0400] "GET /0002ac6c7ede.html HTTP/1.1" 200 183 "-" "Mozilla/5.0 AppleWebKit/537.36 (KHTML, like Gecko; compatible; bingbot/2.0; +http://www.bing.com/bingbot.htm) Chrome/116.0.1938.76 Safari/537.36"
85.208.96.211 - - [12/May/2026:13:23:00 -0400] "GET /2025/09/25/page-4785/ HTTP/1.1" 200 203 "-" "Mozilla/5.0 (compatible; SemrushBot/7~bl; +http://www.semrush.com/bot.html)"
47.82.9.31 - - [12/May/2026:13:23:02 -0400] "GET /2025/11/14/le-dinamiche-e-le-innovazioni-nei-giochi-slot-dedicati-all-aviazione-online/ HTTP/1.1" 200 183 "https://input.managedmedia.org/" "Mozilla/5.0 (Macintosh; Intel Mac OS X 10_15_7) AppleWebKit/537.36 (KHTML, like Gecko) Chrome/135.0.0.0 Safari/537.36"
185.191.171.19 - - [12/May/2026:13:23:04 -0400] "GET /2026/01/14/cozzo-dei-casa-da-gioco-senza-contare-certificazione-sullindustria-del-artificio-dazzardo/ HTTP/1.1" 200 203 "-" "Mozilla/5.0 (compatible; SemrushBot/7~bl; +http://www.semrush.com/bot.html)"
85.208.96.211 - - [12/May/2026:13:23:34 -0400] "GET /2025/12/24/test-ed-risposte-sui-promo-code-di-poverta-mucchio/ HTTP/1.1" 200 203 "-" "Mozilla/5.0 (compatible; SemrushBot/7~bl; +http://www.semrush.com/bot.html)"
85.208.96.195 - - [12/May/2026:13:23:43 -0400] "GET /2026/02/02/page/8/ HTTP/1.1" 200 203 "-" "Mozilla/5.0 (compatible; SemrushBot/7~bl; +http://www.semrush.com/bot.html)"
185.191.171.4 - - [12/May/2026:13:24:07 -0400] "GET /2025/12/27/you-get-building-your-own-money-up-to-100-and-would-like-to-withdraw-they/ HTTP/1.1" 200 203 "-" "Mozilla/5.0 (compatible; SemrushBot/7~bl; +http://www.semrush.com/bot.html)"
62.228.19.181 - - [12/May/2026:13:24:40 -0400] "GET /2025/10/11/ HTTP/1.1" 200 203 "-" "Mozilla/5.0 (Windows NT 10.0; Win64; x64) AppleWebKit/537.36 (KHTML, like Gecko) Chrome/84.0.4147.135 Safari/537.36"
185.191.171.14 - - [12/May/2026:13:19:31 -0400] "GET /2025/08/21/page/3/ HTTP/1.1" 200 203 "-" "Mozilla/5.0 (compatible; SemrushBot/7~bl; +http://www.semrush.com/bot.html)"
185.191.171.16 - - [12/May/2026:13:19:34 -0400] "GET /2025/12/25/genius-football-unveils-betvision-activities-online-streaming-solution/ HTTP/1.1" 200 203 "-" "Mozilla/5.0 (compatible; SemrushBot/7~bl; +http://www.semrush.com/bot.html)"
85.208.96.212 - - [12/May/2026:13:20:11 -0400] "GET /2026/01/12/page/28/ HTTP/1.1" 200 203 "-" "Mozilla/5.0 (compatible; SemrushBot/7~bl; +http://www.semrush.com/bot.html)"
85.208.96.198 - - [12/May/2026:13:20:12 -0400] "GET /category/uncategorized/page/2794/ HTTP/1.1" 200 203 "-" "Mozilla/5.0 (compatible; SemrushBot/7~bl; +http://www.semrush.com/bot.html)"
185.191.171.6 - - [12/May/2026:13:20:25 -0400] "GET /2026/02/08/przejmij-kontrol-nad-rozrywk-bizon-casino-to/ HTTP/1.1" 200 203 "-" "Mozilla/5.0 (compatible; SemrushBot/7~bl; +http://www.semrush.com/bot.html)"
85.208.96.205 - - [12/May/2026:13:20:56 -0400] "GET /2026/01/20/and-therefore-online-casinos-offer-the-higher-amounts-of-account-loans/ HTTP/1.1" 200 203 "-" "Mozilla/5.0 (compatible; SemrushBot/7~bl; +http://www.semrush.com/bot.html)"
85.208.96.194 - - [12/May/2026:13:21:09 -0400] "GET /2026/01/30/delighted-getaways-video-position-mr-bet-casino-bonus-remark-microgaming/ HTTP/1.1" 200 203 "-" "Mozilla/5.0 (compatible; SemrushBot/7~bl; +http://www.semrush.com/bot.html)"
52.167.144.211 - - [12/May/2026:13:22:52 -0400] "GET /0002ac5b3cba.html HTTP/1.1" 200 183 "-" "Mozilla/5.0 AppleWebKit/537.36 (KHTML, like Gecko; compatible; bingbot/2.0; +http://www.bing.com/bingbot.htm) Chrome/116.0.1938.76 Safari/537.36"
185.191.171.10 - - [12/May/2026:13:26:22 -0400] "GET /2026/01/23/sharkninja-home-appliances-clean-up-possibilities-beauty-and-a-lot-more/ HTTP/1.1" 200 203 "-" "Mozilla/5.0 (compatible; SemrushBot/7~bl; +http://www.semrush.com/bot.html)"
185.191.171.16 - - [12/May/2026:13:26:34 -0400] "GET /2025/08/page/16/ HTTP/1.1" 200 203 "-" "Mozilla/5.0 (compatible; SemrushBot/7~bl; +http://www.semrush.com/bot.html)"
185.191.171.1 - - [12/May/2026:13:26:41 -0400] "GET /2025/12/page/339/ HTTP/1.1" 200 203 "-" "Mozilla/5.0 (compatible; SemrushBot/7~bl; +http://www.semrush.com/bot.html)"
222.254.186.138 - - [12/May/2026:13:27:10 -0400] "GET /2025/06/page/16/ HTTP/1.1" 200 203 "-" "Mozilla/5.0 (Windows NT 6.3; Win64; x64) AppleWebKit/537.36 (KHTML, like Gecko) Chrome/77.0.3865.90 Safari/537.36"
85.208.96.198 - - [12/May/2026:13:27:37 -0400] "GET /2026/01/15/page/4/ HTTP/1.1" 200 203 "-" "Mozilla/5.0 (compatible; SemrushBot/7~bl; +http://www.semrush.com/bot.html)"
5.196.78.175 - - [12/May/2026:13:28:43 -0400] "GET /wp-login.php?action=register HTTP/1.1" 200 183 "https://input.managedmedia.org/2026/02/04/the-charismatic-world-of-lucky-mister-your/" "Mozilla/5.0 (Windows NT 6.3; Win64; x64) AppleWebKit/537.36 (KHTML, like Gecko) Chrome/103.0.0.0 Safari/537.36"
5.196.78.175 - - [12/May/2026:13:28:44 -0400] "GET /wp-login.php?action=register HTTP/1.1" 200 176 "https://input.managedmedia.org/wp-login.php?action=register" "Mozilla/5.0 (Windows NT 6.3; Win64; x64) AppleWebKit/537.36 (KHTML, like Gecko) Chrome/103.0.0.0 Safari/537.36"
157.55.39.56 - - [12/May/2026:13:29:23 -0400] "GET /input.managedmedia.org/sitemap-14.xml HTTP/1.1" 200 183 "-" "Mozilla/5.0 AppleWebKit/537.36 (KHTML, like Gecko; compatible; bingbot/2.0; +http://www.bing.com/bingbot.htm) Chrome/116.0.1938.76 Safari/537.36"
47.128.98.88 - - [12/May/2026:13:29:31 -0400] "GET /2025/02/16/tipps-fur-die-teilnahme-an-sportuna-casino-turnieren-so-sichern-sie-sich-gewinne/ HTTP/1.1" 200 183 "-" "Mozilla/5.0 (Linux; Android 5.0) AppleWebKit/537.36 (KHTML, like Gecko) Mobile Safari/537.36 (compatible; Bytespider; spider-feedback@bytedance.com)"
185.191.171.10 - - [12/May/2026:13:30:23 -0400] "GET /2025/11/15/innovationen-im-online-glucksspiel-die-bedeutung-neuer-spielvarianten-im-digitalen-casino/ HTTP/1.1" 200 203 "-" "Mozilla/5.0 (compatible; SemrushBot/7~bl; +http://www.semrush.com/bot.html)"
185.191.171.12 - - [12/May/2026:13:24:41 -0400] "GET /2025/12/28/web-based-casinos-with-no-minimum-put-1-5-10-lowest-put-web-based-casinos/ HTTP/1.1" 200 203 "-" "Mozilla/5.0 (compatible; SemrushBot/7~bl; +http://www.semrush.com/bot.html)"
85.208.96.206 - - [12/May/2026:13:24:44 -0400] "GET /2026/01/03/greatest-paysafecard-casinos-2025-safe-private-play/ HTTP/1.1" 200 203 "-" "Mozilla/5.0 (compatible; SemrushBot/7~bl; +http://www.semrush.com/bot.html)"
85.208.96.208 - - [12/May/2026:13:25:02 -0400] "GET /2026/02/24/top-non-gamstop-casinos-uk-2026-for-uk-players-in/ HTTP/1.1" 200 203 "-" "Mozilla/5.0 (compatible; SemrushBot/7~bl; +http://www.semrush.com/bot.html)"
185.191.171.2 - - [12/May/2026:13:25:46 -0400] "GET /2026/01/19/sportszino-subscribe-incentive-was-designed-to-promote-an-engaging-gambling-sense-to-the-new-users/ HTTP/1.1" 200 203 "-" "Mozilla/5.0 (compatible; SemrushBot/7~bl; +http://www.semrush.com/bot.html)"
85.208.96.203 - - [12/May/2026:13:27:19 -0400] "GET /2025/12/22/the-working-platform-keeps-an-instant-packing-touch-amicable-user-interface-that-works-seamlessly-round-the-several-ios-android-gizmos/ HTTP/1.1" 200 203 "-" "Mozilla/5.0 (compatible; SemrushBot/7~bl; +http://www.semrush.com/bot.html)"
85.208.96.199 - - [12/May/2026:13:28:21 -0400] "GET /2026/01/01/coral-cheltenham-now-offers-to-the-silver-mug-allege-20-free-bets-to-have-time-4/ HTTP/1.1" 200 203 "-" "Mozilla/5.0 (compatible; SemrushBot/7~bl; +http://www.semrush.com/bot.html)"
185.191.171.1 - - [12/May/2026:13:28:28 -0400] "GET /category/7mostbet/ HTTP/1.1" 200 203 "-" "Mozilla/5.0 (compatible; SemrushBot/7~bl; +http://www.semrush.com/bot.html)"
5.196.78.175 - - [12/May/2026:13:28:38 -0400] "GET /2026/02/04/the-charismatic-world-of-lucky-mister-your/ HTTP/1.1" 200 183 "https://input.managedmedia.org/" "Mozilla/5.0 (X11; Ubuntu; Linux x86_64; rv:114.0) Gecko/20100101 Firefox/114.0"
185.191.171.2 - - [12/May/2026:13:28:41 -0400] "GET /2025/04/30/jak-grac-w-pokera-w-ninewin-casino/ HTTP/1.1" 200 203 "-" "Mozilla/5.0 (compatible; SemrushBot/7~bl; +http://www.semrush.com/bot.html)"
85.208.96.198 - - [12/May/2026:13:28:43 -0400] "GET /2025/10/21/oficialnyj-sajt-pinco-igrat-onlajn-zerkalo-i-vhod-922/ HTTP/1.1" 200 203 "-" "Mozilla/5.0 (compatible; SemrushBot/7~bl; +http://www.semrush.com/bot.html)"
85.208.96.197 - - [12/May/2026:13:28:46 -0400] "GET /2026/01/20/would-you-earn-a-real-income-with-no-deposit-incentives/ HTTP/1.1" 200 197 "-" "Mozilla/5.0 (compatible; SemrushBot/7~bl; +http://www.semrush.com/bot.html)"
85.208.96.197 - - [12/May/2026:13:29:37 -0400] "GET /2026/01/04/kartenspiele-gebuhrenfrei-erreichbar-zum-besten-geben/ HTTP/1.1" 200 203 "-" "Mozilla/5.0 (compatible; SemrushBot/7~bl; +http://www.semrush.com/bot.html)"
85.208.96.200 - - [12/May/2026:13:29:39 -0400] "GET /2026/02/05/basta-casinon-inte-me-svensk-perso-tillstand-2025/ HTTP/1.1" 200 203 "-" "Mozilla/5.0 (compatible; SemrushBot/7~bl; +http://www.semrush.com/bot.html)"
85.208.96.209 - - [12/May/2026:13:29:47 -0400] "GET /2025/10/20/chicken-road-slot-di-casin-online-con-emozionante-110/ HTTP/1.1" 200 203 "-" "Mozilla/5.0 (compatible; SemrushBot/7~bl; +http://www.semrush.com/bot.html)"
85.208.96.200 - - [12/May/2026:13:30:45 -0400] "GET /2026/01/03/greatest-super-joker-on-line-great-britain-gambling-enterprise/ HTTP/1.1" 200 203 "-" "Mozilla/5.0 (compatible; SemrushBot/7~bl; +http://www.semrush.com/bot.html)"
85.208.96.194 - - [12/May/2026:13:30:48 -0400] "GET /2026/01/19/you-to-definitely-involves-the-fresh-new-casinos-terms-and-conditions-complaints-regarding-members-estimated-revenue-blacklists-and-many-others/ HTTP/1.1" 200 203 "-" "Mozilla/5.0 (compatible; SemrushBot/7~bl; +http://www.semrush.com/bot.html)"
216.244.66.248 - - [12/May/2026:13:31:41 -0400] "GET /2025/05/05/the-enduring-allure-of-ancient-egyptian-themes-in-casino-gaming/ HTTP/1.1" 200 328 "-" "Mozilla/5.0 (compatible; DotBot/1.2; +https://opensiteexplorer.org/dotbot; help@moz.com)"
185.191.171.9 - - [12/May/2026:13:31:36 -0400] "GET /2025/12/30/unser-besten-online-spielbank-bonus-angebote-im-1-casino-legitim-2025/ HTTP/1.1" 200 203 "-" "Mozilla/5.0 (compatible; SemrushBot/7~bl; +http://www.semrush.com/bot.html)"
181.214.6.58 - uzair [12/May/2026:13:31:54 -0400] "GET /wp-json/wp/v2/settings HTTP/1.1" 200 183 "-" "undici"
181.214.6.58 - uzair [12/May/2026:13:31:56 -0400] "POST /wp-json/wp/v2/plugins HTTP/1.1" 200 183 "-" "undici"
181.214.6.58 - uzair [12/May/2026:13:31:58 -0400] "GET /wp-json/link-factory/v1/health HTTP/1.1" 200 183 "-" "undici"
190.89.30.160 - - [12/May/2026:13:32:51 -0400] "GET /2025/09/10/igrovye-avtomaty-igrat-v-onlajn-sloty-na-dengi-v/ HTTP/1.1" 200 203 "-" "Mozilla/5.0 (Macintosh; Intel Mac OS X 10_12_0) AppleWebKit/537.36 (KHTML, like Gecko) Chrome/65.0.3325.5 Safari/537.36"
216.244.66.248 - - [12/May/2026:13:32:51 -0400] "GET /2025/12/page/737/ HTTP/1.1" 200 328 "-" "Mozilla/5.0 (compatible; DotBot/1.2; +https://opensiteexplorer.org/dotbot; help@moz.com)"
216.244.66.248 - - [12/May/2026:13:33:13 -0400] "GET /author/uzair/page/1291/ HTTP/1.1" 200 328 "-" "Mozilla/5.0 (compatible; DotBot/1.2; +https://opensiteexplorer.org/dotbot; help@moz.com)"
85.208.96.197 - - [12/May/2026:13:33:40 -0400] "GET /2026/01/23/lets-not-pretend-while-you-are-looking-over-this-you-probably-see-an-excellent-play/ HTTP/1.1" 200 203 "-" "Mozilla/5.0 (compatible; SemrushBot/7~bl; +http://www.semrush.com/bot.html)"
85.208.96.203 - - [12/May/2026:13:34:13 -0400] "GET /2025/10/21/pin-up-kazino-oficialnyj-sajt-pin-ap-vhod-na-960-2/ HTTP/1.1" 200 203 "-" "Mozilla/5.0 (compatible; SemrushBot/7~bl; +http://www.semrush.com/bot.html)"
85.208.96.195 - - [12/May/2026:13:34:28 -0400] "GET /2026/01/23/ein-faszinierender-slot-sopraneins-slot-spiele-in-einem-charmanten-agyptischen-fragestellung/ HTTP/1.1" 200 203 "-" "Mozilla/5.0 (compatible; SemrushBot/7~bl; +http://www.semrush.com/bot.html)"
185.191.171.4 - - [12/May/2026:13:34:36 -0400] "GET /2026/01/12/totally-free-casino-tonybet-100-free-spins-harbors/ HTTP/1.1" 200 203 "-" "Mozilla/5.0 (compatible; SemrushBot/7~bl; +http://www.semrush.com/bot.html)"
216.244.66.248 - - [12/May/2026:13:34:48 -0400] "GET /2026/01/12/no-deposit-bonus-codes-private-totally-free-also-provides-spinsy-app-download-in-uk-in-the-2026/ HTTP/1.1" 200 328 "-" "Mozilla/5.0 (compatible; DotBot/1.2; +https://opensiteexplorer.org/dotbot; help@moz.com)"
185.191.171.9 - - [12/May/2026:13:34:49 -0400] "GET /2026/01/01/blackjack-kalkul-blackjack-zum-besten-geben-geltend-machen-pharaohs-fortune-slot-free-spins-buffeln/ HTTP/1.1" 200 203 "-" "Mozilla/5.0 (compatible; SemrushBot/7~bl; +http://www.semrush.com/bot.html)"
85.208.96.193 - - [12/May/2026:13:31:48 -0400] "GET /2026/01/07/page/3/ HTTP/1.1" 200 203 "-" "Mozilla/5.0 (compatible; SemrushBot/7~bl; +http://www.semrush.com/bot.html)"
181.214.6.58 - uzair [12/May/2026:13:31:53 -0400] "GET /wp-json/wp/v2/categories?search=Uncategorized&per_page=100 HTTP/1.1" 200 183 "-" "undici"
181.214.6.58 - uzair [12/May/2026:13:31:55 -0400] "GET /wp-json/link-factory/v1/health HTTP/1.1" 200 183 "-" "undici"
216.244.66.248 - - [12/May/2026:13:31:55 -0400] "GET /author/uzair/page/3128/ HTTP/1.1" 200 328 "-" "Mozilla/5.0 (compatible; DotBot/1.2; +https://opensiteexplorer.org/dotbot; help@moz.com)"
190.115.66.44 - - [12/May/2026:13:32:21 -0400] "GET /2025/09/04/strategic-resource-allocation-in-the-era-of-data-driven-asset-management/ HTTP/1.1" 200 203 "-" "Mozilla/5.0 (Windows NT 6.1; WOW64) AppleWebKit/537.36 (KHTML, like Gecko) Chrome/106.0.0.0 Safari/537.36"
85.208.96.206 - - [12/May/2026:13:32:26 -0400] "GET /author/uzair/page/2479/ HTTP/1.1" 200 203 "-" "Mozilla/5.0 (compatible; SemrushBot/7~bl; +http://www.semrush.com/bot.html)"
85.208.96.198 - - [12/May/2026:13:32:36 -0400] "GET /2026/01/23/free-slot-machine-games-instead-getting-otherwise-membership/ HTTP/1.1" 200 203 "-" "Mozilla/5.0 (compatible; SemrushBot/7~bl; +http://www.semrush.com/bot.html)"
185.191.171.6 - - [12/May/2026:13:32:38 -0400] "GET /2026/01/10/totally-free-revolves-no-deposit-cuatro000-free-spins-from-the-casinos-on-the-internet/ HTTP/1.1" 200 203 "-" "Mozilla/5.0 (compatible; SemrushBot/7~bl; +http://www.semrush.com/bot.html)"
216.244.66.248 - - [12/May/2026:13:32:48 -0400] "GET /2025/08/page/22/ HTTP/1.1" 200 328 "-" "Mozilla/5.0 (compatible; DotBot/1.2; +https://opensiteexplorer.org/dotbot; help@moz.com)"
85.208.96.194 - - [12/May/2026:13:33:02 -0400] "GET /author/uzair/page/1583/ HTTP/1.1" 200 203 "-" "Mozilla/5.0 (compatible; SemrushBot/7~bl; +http://www.semrush.com/bot.html)"
216.244.66.248 - - [12/May/2026:13:33:45 -0400] "GET /2025/12/24/evolution-real-time-black-jack-s-the-fastest-slickest-richest-appeared-on-line-black-jack-video-game-offered-anyplace/ HTTP/1.1" 200 328 "-" "Mozilla/5.0 (compatible; DotBot/1.2; +https://opensiteexplorer.org/dotbot; help@moz.com)"
85.208.96.204 - - [12/May/2026:13:34:00 -0400] "GET /2026/01/20/fifty-lions-slot-review-a-well-known-on-the-web-pokie-host/ HTTP/1.1" 200 203 "-" "Mozilla/5.0 (compatible; SemrushBot/7~bl; +http://www.semrush.com/bot.html)"
185.191.171.4 - - [12/May/2026:13:34:34 -0400] "GET /2025/12/24/legiano-casino-desprovisto-tanque-%EF%BF%BD-existe-ofertas-que-existen/ HTTP/1.1" 200 203 "-" "Mozilla/5.0 (compatible; SemrushBot/7~bl; +http://www.semrush.com/bot.html)"
85.208.96.199 - - [12/May/2026:13:34:46 -0400] "GET /2026/01/21/requirements-for-choosing-an-educated-possibilities-to-help-you-luckyland-ports/ HTTP/1.1" 200 203 "-" "Mozilla/5.0 (compatible; SemrushBot/7~bl; +http://www.semrush.com/bot.html)"
185.191.171.6 - - [12/May/2026:13:34:58 -0400] "GET /2026/01/22/eye-of-horus-vortragen-fur-nusse-slot-money-game-unter-anderem-im-spielsaal-damit-echtgeld/ HTTP/1.1" 200 203 "-" "Mozilla/5.0 (compatible; SemrushBot/7~bl; +http://www.semrush.com/bot.html)"
185.191.171.10 - - [12/May/2026:13:36:34 -0400] "GET /category/nongamstopcasinos/ HTTP/1.1" 200 203 "-" "Mozilla/5.0 (compatible; SemrushBot/7~bl; +http://www.semrush.com/bot.html)"
185.191.171.16 - - [12/May/2026:13:36:45 -0400] "GET /2026/01/12/je-affectionnerait-un-brin-a-l%EF%BF%BDegard-de-fraicheur-ainsi-que-genre-dans-linventaire-quelque-peu-necessiteux/ HTTP/1.1" 200 203 "-" "Mozilla/5.0 (compatible; SemrushBot/7~bl; +http://www.semrush.com/bot.html)"
223.123.43.4 - - [12/May/2026:13:37:02 -0400] "GET /category/trading8/ HTTP/1.1" 200 203 "-" "Mozilla/5.0 (Macintosh; Intel Mac OS X 11_0_1) AppleWebKit/537.36 (KHTML, like Gecko) Brave Chrome/88.0.4324.96 Safari/537.36"
185.244.155.15 - - [12/May/2026:13:37:38 -0400] "GET /2026/01/02/1win-casino-app-for-android-download-the-apk-1598/ HTTP/1.1" 200 203 "-" "Mozilla/5.0 (Macintosh; Intel Mac OS X 10_15_4) AppleWebKit/537.36 (KHTML, like Gecko) Chrome/98.0.4758.80 Safari/537.36"
85.208.96.210 - - [12/May/2026:13:39:37 -0400] "GET /category/uncategorized/page/2559/ HTTP/1.1" 200 203 "-" "Mozilla/5.0 (compatible; SemrushBot/7~bl; +http://www.semrush.com/bot.html)"
14.247.113.36 - - [12/May/2026:13:39:49 -0400] "GET /2026/01/15/exploring-the-future-of-crypto-casino-ecosystem-in/ HTTP/1.1" 200 203 "-" "Mozilla/5.0 (Windows NT 6.3; Win64; x64) AppleWebKit/537.36 (KHTML, like Gecko) Chrome/91.0.4472.164 Safari/537.36"
85.208.96.193 - - [12/May/2026:13:40:07 -0400] "GET /2026/01/16/rating-100-as-much-as-%EF%BF%BD-100-100-totally-free-revolves/ HTTP/1.1" 200 203 "-" "Mozilla/5.0 (compatible; SemrushBot/7~bl; +http://www.semrush.com/bot.html)"
185.191.171.2 - - [12/May/2026:13:41:20 -0400] "GET /2026/01/12/5-metodos-para-conseguir-sobre-la-ruleta-del-casino/ HTTP/1.1" 200 203 "-" "Mozilla/5.0 (compatible; SemrushBot/7~bl; +http://www.semrush.com/bot.html)"
85.208.96.211 - - [12/May/2026:13:41:49 -0400] "GET /2026/01/12/page/10/ HTTP/1.1" 200 203 "-" "Mozilla/5.0 (compatible; SemrushBot/7~bl; +http://www.semrush.com/bot.html)"
185.191.171.17 - - [12/May/2026:13:42:24 -0400] "GET /2026/01/20/if-you-have-ever-place-a-wager-discover-a-good-chance-you-observed-a-small-ol-set-entitled-las-vegas/ HTTP/1.1" 200 203 "-" "Mozilla/5.0 (compatible; SemrushBot/7~bl; +http://www.semrush.com/bot.html)"
54.39.89.59 - - [12/May/2026:13:42:29 -0400] "GET /2025/01/02/live-casino-experience-at-f7-casino/feed/ HTTP/1.1" 200 183 "-" "Mozilla/5.0 (compatible; AhrefsBot/7.0; +http://ahrefs.com/robot/)"
