185.191.171.4 - - [12/May/2026:12:03:24 -0400] "GET /2026/01/01/8-echtgeld-casinos-im-erprobung-2025-allemal-einzahlen-casino-hot-diamonds-obsiegen/ HTTP/1.1" 200 203 "-" "Mozilla/5.0 (compatible; SemrushBot/7~bl; +http://www.semrush.com/bot.html)"
185.191.171.6 - - [12/May/2026:12:00:47 -0400] "GET /2026/01/20/nolimitcoins-%EF%BF%BD-getting-ports-members-which-love-100-free-gold-coins/ HTTP/1.1" 200 203 "-" "Mozilla/5.0 (compatible; SemrushBot/7~bl; +http://www.semrush.com/bot.html)"
185.191.171.13 - - [12/May/2026:12:01:56 -0400] "GET /2026/02/03/find-the-wonderful-key-to-open-the-latest-phenomenal-riches-in-book-from-advantages/ HTTP/1.1" 200 203 "-" "Mozilla/5.0 (compatible; SemrushBot/7~bl; +http://www.semrush.com/bot.html)"
85.208.96.202 - - [12/May/2026:12:02:18 -0400] "GET /2026/01/02/page/30/ HTTP/1.1" 200 203 "-" "Mozilla/5.0 (compatible; SemrushBot/7~bl; +http://www.semrush.com/bot.html)"
85.208.96.206 - - [12/May/2026:12:02:39 -0400] "GET /2026/02/10/dies-existireren-angewandten-bargeldbonus-freispiele-weiters-einen-chronologisch-befristeten-bonus/ HTTP/1.1" 200 203 "-" "Mozilla/5.0 (compatible; SemrushBot/7~bl; +http://www.semrush.com/bot.html)"
185.191.171.11 - - [12/May/2026:12:02:49 -0400] "GET /2026/01/10/huuuge-gambling-enterprise-opinion-2026-incentives-opinions-details/ HTTP/1.1" 200 203 "-" "Mozilla/5.0 (compatible; SemrushBot/7~bl; +http://www.semrush.com/bot.html)"
47.82.11.176 - - [12/May/2026:12:03:22 -0400] "GET /2025/02/15/innovative-plattformen-im-digitalen-zeitalter-die-bedeutung-von-user-experience-und-personalisierung/ HTTP/1.1" 200 183 "https://input.managedmedia.org/" "Mozilla/5.0 (Windows NT 10.0; Win64; x64) AppleWebKit/537.36 (KHTML, like Gecko) Chrome/134.0.0.0 Safari/537.36 Edg/134.0.0.0"
216.244.66.248 - - [12/May/2026:12:04:06 -0400] "GET /2025/10/19/online-casino-erfahrungen-sterreich-1383/ HTTP/1.1" 200 328 "-" "Mozilla/5.0 (compatible; DotBot/1.2; +https://opensiteexplorer.org/dotbot; help@moz.com)"
85.208.96.205 - - [12/May/2026:12:04:14 -0400] "GET /category/uncategorized/page/1783/ HTTP/1.1" 200 203 "-" "Mozilla/5.0 (compatible; SemrushBot/7~bl; +http://www.semrush.com/bot.html)"
47.82.11.22 - - [12/May/2026:12:04:39 -0400] "GET /2026/01/11/parhaat-15-kaikkien-nettikasinoiden-bonusta-internet-kasino-2024-ja-kampanjaa-joulukuussa-2025/ HTTP/1.1" 200 183 "https://input.managedmedia.org/" "Mozilla/5.0 (Windows NT 10.0; Win64; x64) AppleWebKit/537.36 (KHTML, like Gecko) Chrome/135.0.0.0 Safari/537.36"
85.208.96.207 - - [12/May/2026:12:04:47 -0400] "GET /2026/01/19/findet-man-nebensachlich-online-casinos-exklusive-umsatzbedingungen-frei-einschreibung/ HTTP/1.1" 200 203 "-" "Mozilla/5.0 (compatible; SemrushBot/7~bl; +http://www.semrush.com/bot.html)"
216.244.66.248 - - [12/May/2026:12:05:35 -0400] "GET /2025/08/10/demophile-paikhnidia-me-prosphores-sto-cazinostra-casino/ HTTP/1.1" 200 328 "-" "Mozilla/5.0 (compatible; DotBot/1.2; +https://opensiteexplorer.org/dotbot; help@moz.com)"
216.244.66.248 - - [12/May/2026:12:05:50 -0400] "GET /2025/03/19/understanding-the-rise-of-free-slots-online-a-reflection-of-digital-gaming-s-future/ HTTP/1.1" 200 328 "-" "Mozilla/5.0 (compatible; DotBot/1.2; +https://opensiteexplorer.org/dotbot; help@moz.com)"
85.208.96.193 - - [12/May/2026:12:06:03 -0400] "GET /2026/01/24/on-line-pokies-for-aussies-enjoy-greatest-online-slots-and-no-registration/ HTTP/1.1" 200 203 "-" "Mozilla/5.0 (compatible; SemrushBot/7~bl; +http://www.semrush.com/bot.html)"
178.150.14.250 - - [12/May/2026:12:06:14 -0400] "GET /category/r7cs-vip/ HTTP/1.1" 200 183 "-" "Mozilla/5.0 (compatible; MJ12bot/v1.4.8; http://mj12bot.com/)"
178.150.14.250 - - [12/May/2026:12:06:17 -0400] "GET /category/t-meselector-casino-zerkalo/ HTTP/1.1" 200 183 "-" "Mozilla/5.0 (compatible; MJ12bot/v1.4.8; http://mj12bot.com/)"
178.150.14.250 - - [12/May/2026:12:06:19 -0400] "GET /category/t-mesriobet-promocod/ HTTP/1.1" 200 183 "-" "Mozilla/5.0 (compatible; MJ12bot/v1.4.8; http://mj12bot.com/)"
216.244.66.248 - - [12/May/2026:12:06:24 -0400] "GET /2026/01/08/lessor-rapide-les-telephones-intelligents-a-change-la-couleur-prochain/ HTTP/1.1" 200 328 "-" "Mozilla/5.0 (compatible; DotBot/1.2; +https://opensiteexplorer.org/dotbot; help@moz.com)"
185.191.171.17 - - [12/May/2026:12:04:21 -0400] "GET /2025/12/18/discover-the-excitement-of-slots-n-bets-casino-9/ HTTP/1.1" 200 203 "-" "Mozilla/5.0 (compatible; SemrushBot/7~bl; +http://www.semrush.com/bot.html)"
185.191.171.4 - - [12/May/2026:12:04:45 -0400] "GET /author/uzair/page/618/ HTTP/1.1" 200 203 "-" "Mozilla/5.0 (compatible; SemrushBot/7~bl; +http://www.semrush.com/bot.html)"
85.208.96.201 - - [12/May/2026:12:04:51 -0400] "GET /2025/12/25/tragaperras-regalado-maquinas-tragamonedas-de-gold-fish-casino-balde-online/ HTTP/1.1" 200 203 "-" "Mozilla/5.0 (compatible; SemrushBot/7~bl; +http://www.semrush.com/bot.html)"
85.208.96.207 - - [12/May/2026:12:04:54 -0400] "GET /category/uncategorized/page/290/ HTTP/1.1" 200 203 "-" "Mozilla/5.0 (compatible; SemrushBot/7~bl; +http://www.semrush.com/bot.html)"
85.208.96.197 - - [12/May/2026:12:05:00 -0400] "GET /2026/01/07/le-toilettage-en-tenant-bureau-classiques-mien-observation-grand-a-decouvrir-chez-ligne/ HTTP/1.1" 200 203 "-" "Mozilla/5.0 (compatible; SemrushBot/7~bl; +http://www.semrush.com/bot.html)"
85.208.96.198 - - [12/May/2026:12:05:48 -0400] "GET /2026/01/02/paypal-is-just-one-of-the-fastest-ways-so-youre-able-to-withdraw-payouts-at-the-court-united-states-casinos/ HTTP/1.1" 200 203 "-" "Mozilla/5.0 (compatible; SemrushBot/7~bl; +http://www.semrush.com/bot.html)"
216.244.66.248 - - [12/May/2026:12:06:07 -0400] "GET /2026/01/07/spielbank-freispiele-2026-captains-treasure-slot-free-spins-blos-einzahlung/ HTTP/1.1" 200 328 "-" "Mozilla/5.0 (compatible; DotBot/1.2; +https://opensiteexplorer.org/dotbot; help@moz.com)"
216.244.66.248 - - [12/May/2026:12:06:10 -0400] "GET /2026/01/29/pays-are-granted-out-of-leftover-to-ideal-beginning-with-this-new-furthermost-left-reel/ HTTP/1.1" 200 328 "-" "Mozilla/5.0 (compatible; DotBot/1.2; +https://opensiteexplorer.org/dotbot; help@moz.com)"
178.150.14.250 - - [12/May/2026:12:06:12 -0400] "GET /robots.txt HTTP/1.1" 200 810 "-" "Mozilla/5.0 (compatible; MJ12bot/v1.4.8; http://mj12bot.com/)"
178.150.14.250 - - [12/May/2026:12:06:15 -0400] "GET /category/t-meriobetcasino-official/ HTTP/1.1" 200 183 "-" "Mozilla/5.0 (compatible; MJ12bot/v1.4.8; http://mj12bot.com/)"
216.244.66.248 - - [12/May/2026:12:06:30 -0400] "GET /2026/01/15/best-online-slots-games-for-minimum-1-deposit-casino-real-money-in-2026-ten-greatest-casino-websites/ HTTP/1.1" 200 328 "-" "Mozilla/5.0 (compatible; DotBot/1.2; +https://opensiteexplorer.org/dotbot; help@moz.com)"
85.208.96.206 - - [12/May/2026:12:06:47 -0400] "GET /2026/01/26/this-type-of-100-free-coins-have-been-around-in-your-account-as-soon-as-you-have-accomplished-the-brand-new-registration-and-you-will-logged-from-inside-the/ HTTP/1.1" 200 203 "-" "Mozilla/5.0 (compatible; SemrushBot/7~bl; +http://www.semrush.com/bot.html)"
216.244.66.248 - - [12/May/2026:12:07:12 -0400] "GET /2026/01/06/quale-abbiamo-selezionato-demi-tour-migliori-saio-online-privato-di-autoesclusione/ HTTP/1.1" 200 328 "-" "Mozilla/5.0 (compatible; DotBot/1.2; +https://opensiteexplorer.org/dotbot; help@moz.com)"
4.193.137.131 - - [12/May/2026:12:07:22 -0400] "GET /file.php HTTP/1.1" 200 183 "-" "Mozilla/5.0 (Windows NT 10.0; Win64; x64) AppleWebKit/537.36 (KHTML, like Gecko) Chrome/120.0.0.0 Safari/537.36"
4.193.137.131 - - [12/May/2026:12:07:22 -0400] "GET /gettest.php HTTP/1.1" 200 183 "-" "Mozilla/5.0 (Windows NT 10.0; Win64; x64) AppleWebKit/537.36 (KHTML, like Gecko) Chrome/120.0.0.0 Safari/537.36"
4.193.137.131 - - [12/May/2026:12:07:23 -0400] "GET /gg.php HTTP/1.1" 200 183 "-" "Mozilla/5.0 (Windows NT 10.0; Win64; x64) AppleWebKit/537.36 (KHTML, like Gecko) Chrome/120.0.0.0 Safari/537.36"
4.193.137.131 - - [12/May/2026:12:07:25 -0400] "GET /ms-files.php HTTP/1.1" 200 183 "-" "Mozilla/5.0 (Windows NT 10.0; Win64; x64) AppleWebKit/537.36 (KHTML, like Gecko) Chrome/120.0.0.0 Safari/537.36"
4.193.137.131 - - [12/May/2026:12:07:26 -0400] "GET /lock360.php HTTP/1.1" 200 176 "-" "Mozilla/5.0 (Windows NT 10.0; Win64; x64) AppleWebKit/537.36 (KHTML, like Gecko) Chrome/120.0.0.0 Safari/537.36"
216.244.66.248 - - [12/May/2026:12:06:28 -0400] "GET /2026/01/13/seriose-angeschlossen-casinos-2026-offizielle-erklarung-auf-jeden-fall-sportlich-vortragen-within-de/ HTTP/1.1" 200 328 "-" "Mozilla/5.0 (compatible; DotBot/1.2; +https://opensiteexplorer.org/dotbot; help@moz.com)"
85.208.96.206 - - [12/May/2026:12:06:39 -0400] "GET /robots.txt HTTP/1.1" 200 133 "-" "Mozilla/5.0 (compatible; SemrushBot/7~bl; +http://www.semrush.com/bot.html)"
185.191.171.19 - - [12/May/2026:12:06:39 -0400] "GET /2025/12/25/este-articulo-ya-durante-bastante-ha-sido-guardado-con-el-fin-de-consultarlo-acerca-de-otro-segundo-acuda-es-invierno-zona-sobre-cliente/ HTTP/1.1" 200 203 "-" "Mozilla/5.0 (compatible; SemrushBot/7~bl; +http://www.semrush.com/bot.html)"
4.193.137.131 - - [12/May/2026:12:07:23 -0400] "GET /maintenance.php HTTP/1.1" 200 183 "-" "Mozilla/5.0 (Windows NT 10.0; Win64; x64) AppleWebKit/537.36 (KHTML, like Gecko) Chrome/120.0.0.0 Safari/537.36"
4.193.137.131 - - [12/May/2026:12:07:24 -0400] "GET /users.php HTTP/1.1" 200 183 "-" "Mozilla/5.0 (Windows NT 10.0; Win64; x64) AppleWebKit/537.36 (KHTML, like Gecko) Chrome/120.0.0.0 Safari/537.36"
4.193.137.131 - - [12/May/2026:12:07:24 -0400] "GET /install.php HTTP/1.1" 200 183 "-" "Mozilla/5.0 (Windows NT 10.0; Win64; x64) AppleWebKit/537.36 (KHTML, like Gecko) Chrome/120.0.0.0 Safari/537.36"
4.193.137.131 - - [12/May/2026:12:07:24 -0400] "GET /jga.php HTTP/1.1" 200 183 "-" "Mozilla/5.0 (Windows NT 10.0; Win64; x64) AppleWebKit/537.36 (KHTML, like Gecko) Chrome/120.0.0.0 Safari/537.36"
4.193.137.131 - - [12/May/2026:12:07:25 -0400] "GET /lock.php HTTP/1.1" 200 183 "-" "Mozilla/5.0 (Windows NT 10.0; Win64; x64) AppleWebKit/537.36 (KHTML, like Gecko) Chrome/120.0.0.0 Safari/537.36"
4.193.137.131 - - [12/May/2026:12:07:26 -0400] "GET /wp-blog-header.php HTTP/1.1" 200 176 "-" "Mozilla/5.0 (Windows NT 10.0; Win64; x64) AppleWebKit/537.36 (KHTML, like Gecko) Chrome/120.0.0.0 Safari/537.36"
4.193.137.131 - - [12/May/2026:12:07:27 -0400] "GET /log.php HTTP/1.1" 200 183 "-" "Mozilla/5.0 (Windows NT 10.0; Win64; x64) AppleWebKit/537.36 (KHTML, like Gecko) Chrome/120.0.0.0 Safari/537.36"
4.193.137.131 - - [12/May/2026:12:07:27 -0400] "GET /meta.php HTTP/1.1" 200 183 "-" "Mozilla/5.0 (Windows NT 10.0; Win64; x64) AppleWebKit/537.36 (KHTML, like Gecko) Chrome/120.0.0.0 Safari/537.36"
4.193.137.131 - - [12/May/2026:12:07:27 -0400] "GET /mini.php HTTP/1.1" 200 183 "-" "Mozilla/5.0 (Windows NT 10.0; Win64; x64) AppleWebKit/537.36 (KHTML, like Gecko) Chrome/120.0.0.0 Safari/537.36"
4.193.137.131 - - [12/May/2026:12:07:28 -0400] "GET /mjq.php HTTP/1.1" 200 183 "-" "Mozilla/5.0 (Windows NT 10.0; Win64; x64) AppleWebKit/537.36 (KHTML, like Gecko) Chrome/120.0.0.0 Safari/537.36"
4.193.137.131 - - [12/May/2026:12:07:28 -0400] "GET /new.php HTTP/1.1" 200 183 "-" "Mozilla/5.0 (Windows NT 10.0; Win64; x64) AppleWebKit/537.36 (KHTML, like Gecko) Chrome/120.0.0.0 Safari/537.36"
4.193.137.131 - - [12/May/2026:12:07:29 -0400] "GET /option.php HTTP/1.1" 200 183 "-" "Mozilla/5.0 (Windows NT 10.0; Win64; x64) AppleWebKit/537.36 (KHTML, like Gecko) Chrome/120.0.0.0 Safari/537.36"
4.193.137.131 - - [12/May/2026:12:07:30 -0400] "GET /profile.php HTTP/1.1" 200 183 "-" "Mozilla/5.0 (Windows NT 10.0; Win64; x64) AppleWebKit/537.36 (KHTML, like Gecko) Chrome/120.0.0.0 Safari/537.36"
4.193.137.131 - - [12/May/2026:12:07:30 -0400] "GET /qw_03b4ad31.php HTTP/1.1" 200 183 "-" "Mozilla/5.0 (Windows NT 10.0; Win64; x64) AppleWebKit/537.36 (KHTML, like Gecko) Chrome/120.0.0.0 Safari/537.36"
4.193.137.131 - - [12/May/2026:12:07:31 -0400] "GET /test.php HTTP/1.1" 200 183 "-" "Mozilla/5.0 (Windows NT 10.0; Win64; x64) AppleWebKit/537.36 (KHTML, like Gecko) Chrome/120.0.0.0 Safari/537.36"
4.193.137.131 - - [12/May/2026:12:07:32 -0400] "GET /themes.php HTTP/1.1" 200 183 "-" "Mozilla/5.0 (Windows NT 10.0; Win64; x64) AppleWebKit/537.36 (KHTML, like Gecko) Chrome/120.0.0.0 Safari/537.36"
4.193.137.131 - - [12/May/2026:12:07:32 -0400] "GET /wp-header.php HTTP/1.1" 200 183 "-" "Mozilla/5.0 (Windows NT 10.0; Win64; x64) AppleWebKit/537.36 (KHTML, like Gecko) Chrome/120.0.0.0 Safari/537.36"
4.193.137.131 - - [12/May/2026:12:07:33 -0400] "GET /wp-content/themes/panel.php HTTP/1.1" 200 183 "-" "Mozilla/5.0 (Windows NT 10.0; Win64; x64) AppleWebKit/537.36 (KHTML, like Gecko) Chrome/120.0.0.0 Safari/537.36"
4.193.137.131 - - [12/May/2026:12:07:34 -0400] "GET /wp-content/themes/config.php HTTP/1.1" 200 183 "-" "Mozilla/5.0 (Windows NT 10.0; Win64; x64) AppleWebKit/537.36 (KHTML, like Gecko) Chrome/120.0.0.0 Safari/537.36"
4.193.137.131 - - [12/May/2026:12:07:35 -0400] "GET /wp-content/languages/plugins/config.php HTTP/1.1" 200 183 "-" "Mozilla/5.0 (Windows NT 10.0; Win64; x64) AppleWebKit/537.36 (KHTML, like Gecko) Chrome/120.0.0.0 Safari/537.36"
85.208.96.193 - - [12/May/2026:12:07:26 -0400] "GET /2026/01/27/page/41/ HTTP/1.1" 200 203 "-" "Mozilla/5.0 (compatible; SemrushBot/7~bl; +http://www.semrush.com/bot.html)"
4.193.137.131 - - [12/May/2026:12:07:29 -0400] "GET /onclickfuns.php HTTP/1.1" 200 183 "-" "Mozilla/5.0 (Windows NT 10.0; Win64; x64) AppleWebKit/537.36 (KHTML, like Gecko) Chrome/120.0.0.0 Safari/537.36"
4.193.137.131 - - [12/May/2026:12:07:29 -0400] "GET /plugin-editor.php HTTP/1.1" 200 183 "-" "Mozilla/5.0 (Windows NT 10.0; Win64; x64) AppleWebKit/537.36 (KHTML, like Gecko) Chrome/120.0.0.0 Safari/537.36"
4.193.137.131 - - [12/May/2026:12:07:30 -0400] "GET /radio.php HTTP/1.1" 200 183 "-" "Mozilla/5.0 (Windows NT 10.0; Win64; x64) AppleWebKit/537.36 (KHTML, like Gecko) Chrome/120.0.0.0 Safari/537.36"
4.193.137.131 - - [12/May/2026:12:07:31 -0400] "GET /sql.php HTTP/1.1" 200 183 "-" "Mozilla/5.0 (Windows NT 10.0; Win64; x64) AppleWebKit/537.36 (KHTML, like Gecko) Chrome/120.0.0.0 Safari/537.36"
4.193.137.131 - - [12/May/2026:12:07:32 -0400] "GET /wp-content/data.php HTTP/1.1" 200 183 "-" "Mozilla/5.0 (Windows NT 10.0; Win64; x64) AppleWebKit/537.36 (KHTML, like Gecko) Chrome/120.0.0.0 Safari/537.36"
4.193.137.131 - - [12/May/2026:12:07:33 -0400] "GET /wp-content/languages/wp-blog-header.php HTTP/1.1" 200 183 "-" "Mozilla/5.0 (Windows NT 10.0; Win64; x64) AppleWebKit/537.36 (KHTML, like Gecko) Chrome/120.0.0.0 Safari/537.36"
4.193.137.131 - - [12/May/2026:12:07:34 -0400] "GET /wp-includes/phpmailer/phpmailer.php HTTP/1.1" 200 183 "-" "Mozilla/5.0 (Windows NT 10.0; Win64; x64) AppleWebKit/537.36 (KHTML, like Gecko) Chrome/120.0.0.0 Safari/537.36"
4.193.137.131 - - [12/May/2026:12:07:34 -0400] "GET /wp.php HTTP/1.1" 200 183 "-" "Mozilla/5.0 (Windows NT 10.0; Win64; x64) AppleWebKit/537.36 (KHTML, like Gecko) Chrome/120.0.0.0 Safari/537.36"
4.193.137.131 - - [12/May/2026:12:07:35 -0400] "GET /wp-content/themes/test.php HTTP/1.1" 200 183 "-" "Mozilla/5.0 (Windows NT 10.0; Win64; x64) AppleWebKit/537.36 (KHTML, like Gecko) Chrome/120.0.0.0 Safari/537.36"
185.191.171.6 - - [12/May/2026:12:08:07 -0400] "GET /2026/01/15/cuestiones-solventes-de-casinos-cual-pagan-al-momento-en-mexico/ HTTP/1.1" 200 203 "-" "Mozilla/5.0 (compatible; SemrushBot/7~bl; +http://www.semrush.com/bot.html)"
185.191.171.10 - - [12/May/2026:12:08:19 -0400] "GET /2026/02/07/the-center-of-the-web-sites/ HTTP/1.1" 200 203 "-" "Mozilla/5.0 (compatible; SemrushBot/7~bl; +http://www.semrush.com/bot.html)"
207.46.13.9 - - [12/May/2026:12:08:35 -0400] "GET /0002ac5b1cee.html HTTP/1.1" 200 183 "-" "Mozilla/5.0 AppleWebKit/537.36 (KHTML, like Gecko; compatible; bingbot/2.0; +http://www.bing.com/bingbot.htm) Chrome/116.0.1938.76 Safari/537.36"
85.208.96.193 - - [12/May/2026:12:09:10 -0400] "GET /2026/01/01/10-ecu-provision-abzuglich-einzahlung-im-casino-top-boni-robin-sherwood-marauders-slot-keine-einzahlung-12-2025/ HTTP/1.1" 200 203 "-" "Mozilla/5.0 (compatible; SemrushBot/7~bl; +http://www.semrush.com/bot.html)"
85.208.96.202 - - [12/May/2026:12:09:52 -0400] "GET /2026/02/03/zabawne-gra-stale-oferty-i-mozesz-czysty-interfejs-sprawiaja-ty-do-korzystanie-z-serwisu-jest-latwe-i-mozesz-ekscytujace/ HTTP/1.1" 200 203 "-" "Mozilla/5.0 (compatible; SemrushBot/7~bl; +http://www.semrush.com/bot.html)"
85.208.96.211 - - [12/May/2026:12:10:52 -0400] "GET /2026/02/10/quelles-s-en-compagnie-de-retraite-contretype-ressemblent-davantage-avant/ HTTP/1.1" 200 203 "-" "Mozilla/5.0 (compatible; SemrushBot/7~bl; +http://www.semrush.com/bot.html)"
85.208.96.202 - - [12/May/2026:12:11:27 -0400] "GET /2026/02/05/page/27/ HTTP/1.1" 200 203 "-" "Mozilla/5.0 (compatible; SemrushBot/7~bl; +http://www.semrush.com/bot.html)"
85.208.96.210 - - [12/May/2026:12:12:49 -0400] "GET /2025/12/28/publication-of-ra-on-the-internet-position-sa-gamble-free-novomatic-slots-to-have-enjoyable/ HTTP/1.1" 200 203 "-" "Mozilla/5.0 (compatible; SemrushBot/7~bl; +http://www.semrush.com/bot.html)"
85.208.96.209 - - [12/May/2026:12:13:15 -0400] "GET /2025/12/26/blackjack-is-amongst-the-most-useful-no-deposit-online-casino-games-getting-participants-just-who-favor-a-combination-of-skills-and-you-may-luck/ HTTP/1.1" 200 203 "-" "Mozilla/5.0 (compatible; SemrushBot/7~bl; +http://www.semrush.com/bot.html)"
85.208.96.196 - - [12/May/2026:12:13:35 -0400] "GET /2026/02/05/basta-casino-bonus-2026-igenom-listar-svenska-sprake-casinobonusar/ HTTP/1.1" 200 203 "-" "Mozilla/5.0 (compatible; SemrushBot/7~bl; +http://www.semrush.com/bot.html)"
185.191.171.16 - - [12/May/2026:12:13:38 -0400] "GET /2026/01/19/is-zula-local-casino-a-genuine-money-betting-web-site/ HTTP/1.1" 200 203 "-" "Mozilla/5.0 (compatible; SemrushBot/7~bl; +http://www.semrush.com/bot.html)"
85.208.96.210 - - [12/May/2026:12:15:29 -0400] "GET /2025/12/22/volte-pro-ed-riguardo-a-di-bollettino-del-gratifica-ossequio-888/ HTTP/1.1" 200 203 "-" "Mozilla/5.0 (compatible; SemrushBot/7~bl; +http://www.semrush.com/bot.html)"
185.191.171.4 - - [12/May/2026:12:16:48 -0400] "GET /2025/12/22/cashback-is-definitely-one-of-the-better-different-casino-incentives-of-many-on-the-web-providers-offer-nowadays/ HTTP/1.1" 200 203 "-" "Mozilla/5.0 (compatible; SemrushBot/7~bl; +http://www.semrush.com/bot.html)"
85.208.96.206 - - [12/May/2026:12:17:00 -0400] "GET /2025/06/27/jakie-sa-najnowsze-promocje-w-winningzrush-casino/ HTTP/1.1" 200 203 "-" "Mozilla/5.0 (compatible; SemrushBot/7~bl; +http://www.semrush.com/bot.html)"
85.208.96.206 - - [12/May/2026:12:19:27 -0400] "GET /2026/01/02/better-5-deposit-casinos-2025-enjoy-at-the-reduced-deposit-casinos/ HTTP/1.1" 200 203 "-" "Mozilla/5.0 (compatible; SemrushBot/7~bl; +http://www.semrush.com/bot.html)"
85.208.96.210 - - [12/May/2026:12:19:45 -0400] "GET /2026/01/13/fun-teutonia-kasino-app-mobile-bitcoin-casino-online-slots-and-live-spiele/ HTTP/1.1" 200 203 "-" "Mozilla/5.0 (compatible; SemrushBot/7~bl; +http://www.semrush.com/bot.html)"
85.208.96.205 - - [12/May/2026:12:20:31 -0400] "GET /2025/12/24/gli-appassionati-di-giochi-di-carte-non-lirica-di-opzioni-da-analizzare/ HTTP/1.1" 200 203 "-" "Mozilla/5.0 (compatible; SemrushBot/7~bl; +http://www.semrush.com/bot.html)"
185.191.171.19 - - [12/May/2026:12:20:58 -0400] "GET /2026/01/23/totally-free-revolves-pokies/ HTTP/1.1" 200 203 "-" "Mozilla/5.0 (compatible; SemrushBot/7~bl; +http://www.semrush.com/bot.html)"
185.191.171.17 - - [12/May/2026:12:08:25 -0400] "GET /2026/01/19/im-palmslots-erreichbar-spielcasino-nutzt-eres-keinen-grab-weiters-gunstgewerblerin-droid-app/ HTTP/1.1" 200 203 "-" "Mozilla/5.0 (compatible; SemrushBot/7~bl; +http://www.semrush.com/bot.html)"
185.191.171.11 - - [12/May/2026:12:08:52 -0400] "GET /author/uzair/page/3017/ HTTP/1.1" 200 203 "-" "Mozilla/5.0 (compatible; SemrushBot/7~bl; +http://www.semrush.com/bot.html)"
185.191.171.16 - - [12/May/2026:12:11:03 -0400] "GET /2026/02/02/primary-reputation-waives-benefits-fees-to-5-and-you-can-gets-your-free-drinks-in-the-casino/ HTTP/1.1" 200 203 "-" "Mozilla/5.0 (compatible; SemrushBot/7~bl; +http://www.semrush.com/bot.html)"
185.191.171.16 - - [12/May/2026:12:11:45 -0400] "GET /2026/01/13/of-these-from-sacramento-ca-the-official-investment-the-newest-drive-is-only-to-forty-five-kilometers/ HTTP/1.1" 200 203 "-" "Mozilla/5.0 (compatible; SemrushBot/7~bl; +http://www.semrush.com/bot.html)"
181.119.70.28 - - [12/May/2026:12:12:24 -0400] "GET /2025/10/13/myth-taken-als-innovationsinstrument-strategien-und-chancen-in-der-modernen-markenbildung/ HTTP/1.1" 200 203 "-" "Mozilla/5.0 (Macintosh; Intel Mac OS X 10_15_7) AppleWebKit/537.36 (KHTML, like Gecko) Chrome/102.0.5005.40 Safari/537.36"
185.191.171.16 - - [12/May/2026:12:12:24 -0400] "GET /2026/01/02/gamble-totally-free-larger-bass-bonanza-booming-seven-slot-for-money-position-demonstration-because-of-the-pragmatic-gamble-within-the-canada/ HTTP/1.1" 200 203 "-" "Mozilla/5.0 (compatible; SemrushBot/7~bl; +http://www.semrush.com/bot.html)"
85.208.96.206 - - [12/May/2026:12:12:29 -0400] "GET /2026/01/19/whats-the-better-real-time-agent-casino-app/ HTTP/1.1" 200 203 "-" "Mozilla/5.0 (compatible; SemrushBot/7~bl; +http://www.semrush.com/bot.html)"
85.208.96.209 - - [12/May/2026:12:12:54 -0400] "GET /2026/01/05/page/65/ HTTP/1.1" 200 203 "-" "Mozilla/5.0 (compatible; SemrushBot/7~bl; +http://www.semrush.com/bot.html)"
185.191.171.13 - - [12/May/2026:12:13:14 -0400] "GET /2026/01/03/three-dimensional-harbors-online-play-totally-free-three-dimensional-slots-online-game/ HTTP/1.1" 200 203 "-" "Mozilla/5.0 (compatible; SemrushBot/7~bl; +http://www.semrush.com/bot.html)"
85.208.96.201 - - [12/May/2026:12:15:19 -0400] "GET /2025/12/18/beat-mexico-casino-codigo-promocional-y-bonus-code-2025-2/ HTTP/1.1" 200 203 "-" "Mozilla/5.0 (compatible; SemrushBot/7~bl; +http://www.semrush.com/bot.html)"
185.191.171.14 - - [12/May/2026:12:16:33 -0400] "GET /2025/12/24/pinco-online-kazino-azrbaycanda-oyun-seimlri-v-308/ HTTP/1.1" 200 203 "-" "Mozilla/5.0 (compatible; SemrushBot/7~bl; +http://www.semrush.com/bot.html)"
185.191.171.9 - - [12/May/2026:12:17:09 -0400] "GET /2024/11/29/ HTTP/1.1" 200 203 "-" "Mozilla/5.0 (compatible; SemrushBot/7~bl; +http://www.semrush.com/bot.html)"
85.208.96.210 - - [12/May/2026:12:17:16 -0400] "GET /author/uzair/page/945/ HTTP/1.1" 200 203 "-" "Mozilla/5.0 (compatible; SemrushBot/7~bl; +http://www.semrush.com/bot.html)"
185.191.171.4 - - [12/May/2026:12:17:59 -0400] "GET /2026/01/07/the-fresh-ports-on-the-web-try-the-new-slot-releases-at-no-cost-today-2025/ HTTP/1.1" 200 203 "-" "Mozilla/5.0 (compatible; SemrushBot/7~bl; +http://www.semrush.com/bot.html)"
185.191.171.16 - - [12/May/2026:12:20:05 -0400] "GET /2026/01/27/prepare-to-tackle-eg-a-premier-roller-and-enjoy-the-highest-gambling-enterprise-video-game-excitement-within-our-golden-gambling-enterprise/ HTTP/1.1" 200 203 "-" "Mozilla/5.0 (compatible; SemrushBot/7~bl; +http://www.semrush.com/bot.html)"
185.191.171.7 - - [12/May/2026:12:20:23 -0400] "GET /2026/01/04/totally-free-slots-and-online-play-tasty-win-slot-machine-personal-local-casino/ HTTP/1.1" 200 203 "-" "Mozilla/5.0 (compatible; SemrushBot/7~bl; +http://www.semrush.com/bot.html)"
85.208.96.200 - - [12/May/2026:12:21:23 -0400] "GET /2025/04/page/4/ HTTP/1.1" 200 203 "-" "Mozilla/5.0 (compatible; SemrushBot/7~bl; +http://www.semrush.com/bot.html)"
85.208.96.199 - - [12/May/2026:12:21:04 -0400] "GET /2026/01/16/beste-erreichbar-spielautomaten-casinos-echtgeld-slots-januar-2026/ HTTP/1.1" 200 203 "-" "Mozilla/5.0 (compatible; SemrushBot/7~bl; +http://www.semrush.com/bot.html)"
185.191.171.1 - - [12/May/2026:12:21:10 -0400] "GET /2025/12/27/alternatively-you-could-potentially-wager-on-the-new-champ-of-the-2nd-set-video-game-or-point/ HTTP/1.1" 200 203 "-" "Mozilla/5.0 (compatible; SemrushBot/7~bl; +http://www.semrush.com/bot.html)"
85.208.96.210 - - [12/May/2026:12:21:26 -0400] "GET /2026/02/02/black-jack-is-particularly-preferred-noted-for-their-proper-enjoy-and-you-will-user-decisions/ HTTP/1.1" 200 203 "-" "Mozilla/5.0 (compatible; SemrushBot/7~bl; +http://www.semrush.com/bot.html)"
85.208.96.205 - - [12/May/2026:12:21:41 -0400] "GET /2026/01/09/oferty-dogecoin-probuje-natychmiastowe-i-bedziesz-wiaza-sie-ktorzy-maja-niewielkimi-oplatami/ HTTP/1.1" 200 203 "-" "Mozilla/5.0 (compatible; SemrushBot/7~bl; +http://www.semrush.com/bot.html)"
85.208.96.208 - - [12/May/2026:12:23:52 -0400] "GET /2026/01/29/betway-migliori-luogo-trambusto-online-con-italia-per-volte-tavoli-live/ HTTP/1.1" 200 203 "-" "Mozilla/5.0 (compatible; SemrushBot/7~bl; +http://www.semrush.com/bot.html)"
85.208.96.203 - - [12/May/2026:12:24:28 -0400] "GET /2026/01/23/mega-moolah-slot-gamble-super-moolah-on-the-internet-today/ HTTP/1.1" 200 203 "-" "Mozilla/5.0 (compatible; SemrushBot/7~bl; +http://www.semrush.com/bot.html)"
185.191.171.15 - - [12/May/2026:12:24:48 -0400] "GET /2025/05/31/nv-casino-de-offizielle-website-2025/ HTTP/1.1" 200 203 "-" "Mozilla/5.0 (compatible; SemrushBot/7~bl; +http://www.semrush.com/bot.html)"
176.29.16.134 - - [12/May/2026:12:22:02 -0400] "GET /2025/04/28/e-uposterixe-kruptonomismaton-sto-viphive-casino-ti-khreiazetai-na-gnorizete/ HTTP/1.1" 200 203 "-" "Mozilla/5.0 (Macintosh; Intel Mac OS X 10_11_6) AppleWebKit/537.36 (KHTML, like Gecko) Chrome/93.0.4577.82 Safari/537.36"
185.191.171.18 - - [12/May/2026:12:22:02 -0400] "GET /2026/01/29/freispiele-gehoren-hinter-angewandten-bekanntesten-promos-as-part-of-moglich-spielotheken/ HTTP/1.1" 200 203 "-" "Mozilla/5.0 (compatible; SemrushBot/7~bl; +http://www.semrush.com/bot.html)"
47.82.11.174 - - [12/May/2026:12:22:43 -0400] "GET /2025/12/25/davincis-silver-gambling-enterprise-remarks-2024-400-deposit-bonus-legit-or-scam/ HTTP/1.1" 200 183 "https://input.managedmedia.org/" "Mozilla/5.0 (Windows NT 10.0; Win64; x64) AppleWebKit/537.36 (KHTML, like Gecko) Chrome/135.0.0.0 Safari/537.36"
47.128.122.134 - - [12/May/2026:12:22:56 -0400] "GET /2026/01/07/the-rise-of-chipstars-a-new-era-in-entertainment/ HTTP/1.1" 200 183 "-" "Mozilla/5.0 (Linux; Android 5.0) AppleWebKit/537.36 (KHTML, like Gecko) Mobile Safari/537.36 (compatible; TikTokSpider; ttspider-feedback@tiktok.com)"
17.22.237.184 - - [12/May/2026:12:23:06 -0400] "GET /2025/03/23/comment-la-gestion-du-risque-influence-nos-choix-dans-le-jeu-chicken-road-2-0/ HTTP/1.1" 200 203 "-" "Mozilla/5.0 (Macintosh; Intel Mac OS X 10_15_7) AppleWebKit/605.1.15 (KHTML, like Gecko) Version/17.4 Safari/605.1.15 (Applebot/0.1; +http://www.apple.com/go/applebot)"
85.208.96.194 - - [12/May/2026:12:23:27 -0400] "GET /2025/12/31/vergleiche-vicky-ventura-1-kaution-unser-besten-5-casinos-uber-bonus/ HTTP/1.1" 200 203 "-" "Mozilla/5.0 (compatible; SemrushBot/7~bl; +http://www.semrush.com/bot.html)"
47.82.11.227 - - [12/May/2026:12:23:35 -0400] "GET /2026/01/03/betway-gambling-establishment-remark-and-score-playamo-no-deposit-bonus-codes-2025/ HTTP/1.1" 200 183 "https://input.managedmedia.org/" "Mozilla/5.0 (X11; CrOS x86_64 14541.0.0) AppleWebKit/537.36 (KHTML, like Gecko) Chrome/133.0.0.0 Safari/537.36"
85.208.96.204 - - [12/May/2026:12:24:32 -0400] "GET /2026/02/18/exploring-the-exciting-world-of-1xbet-betting-4/ HTTP/1.1" 200 203 "-" "Mozilla/5.0 (compatible; SemrushBot/7~bl; +http://www.semrush.com/bot.html)"
185.191.171.11 - - [12/May/2026:12:25:03 -0400] "GET /2026/02/04/playojo-gambling-enterprise-is-really-popular-one-of-players-for-the-canada/ HTTP/1.1" 200 203 "-" "Mozilla/5.0 (compatible; SemrushBot/7~bl; +http://www.semrush.com/bot.html)"
160.20.87.125 - - [12/May/2026:12:25:21 -0400] "GET /category/1xbet08022/ HTTP/1.1" 200 203 "-" "Mozilla/5.0 (Windows NT 6.1; Win64; x64) AppleWebKit/537.36 (KHTML, like Gecko) Chrome/70.0.3538.102 Safari/537.36"
85.208.96.203 - - [12/May/2026:12:25:43 -0400] "GET /2026/01/19/sportzino-is-served-by-leveled-upwards-their-loyalty-online-game-named-%EF%BF%BDthe-newest-category-out-of-champions/ HTTP/1.1" 200 203 "-" "Mozilla/5.0 (compatible; SemrushBot/7~bl; +http://www.semrush.com/bot.html)"
85.208.96.204 - - [12/May/2026:12:25:53 -0400] "GET /2026/01/01/fragen-ferner-antworten-faqs-hinter-erreichbar-blackjack/ HTTP/1.1" 200 203 "-" "Mozilla/5.0 (compatible; SemrushBot/7~bl; +http://www.semrush.com/bot.html)"
68.183.30.248 - - [12/May/2026:12:27:13 -0400] "GET /wp-content/uploads/2025/10/kasino-ilman-lisenssia-miksi-valita-tama_1.jpg HTTP/1.1" 200 11126 "https://input.managedmedia.org/" "Mozilla/5.0 (Windows NT 10.0; Win64; x64) AppleWebKit/537.36 (KHTML, like Gecko) Chrome/106.0.5249.119 Safari/537.36"
185.191.171.7 - - [12/May/2026:12:28:47 -0400] "GET /2026/01/01/dunder-app-fur-android-city-of-gold-online-slot-ios-mobile-homepage/ HTTP/1.1" 200 203 "-" "Mozilla/5.0 (compatible; SemrushBot/7~bl; +http://www.semrush.com/bot.html)"
185.191.171.1 - - [12/May/2026:12:28:55 -0400] "GET /2026/01/08/better-the-best-casino-welcome-bonuses-online-slots-top-ten-gambling-enterprise-harbors-2026/ HTTP/1.1" 200 203 "-" "Mozilla/5.0 (compatible; SemrushBot/7~bl; +http://www.semrush.com/bot.html)"
185.191.171.11 - - [12/May/2026:12:29:27 -0400] "GET /2025/12/26/on-de-consta-oferta-winner-casino-stimulent-fara-achitare/ HTTP/1.1" 200 203 "-" "Mozilla/5.0 (compatible; SemrushBot/7~bl; +http://www.semrush.com/bot.html)"
185.191.171.7 - - [12/May/2026:12:29:34 -0400] "GET /category/uncategorized/page/771/ HTTP/1.1" 200 203 "-" "Mozilla/5.0 (compatible; SemrushBot/7~bl; +http://www.semrush.com/bot.html)"
185.191.171.16 - - [12/May/2026:12:29:43 -0400] "GET /2026/01/21/it-same-assortment-of-symbol-combos-lead-to-the-same-opinions-to-the-queen-jacket/ HTTP/1.1" 200 203 "-" "Mozilla/5.0 (compatible; SemrushBot/7~bl; +http://www.semrush.com/bot.html)"
185.191.171.7 - - [12/May/2026:12:29:45 -0400] "GET /2026/01/19/page/75/ HTTP/1.1" 200 203 "-" "Mozilla/5.0 (compatible; SemrushBot/7~bl; +http://www.semrush.com/bot.html)"
187.190.186.227 - - [12/May/2026:12:30:55 -0400] "GET /2025/08/18/7k-casino-vhod-na-oficialnyj-sajt-igrat-onlajn-na/ HTTP/1.1" 200 203 "-" "Mozilla/5.0 (Windows NT 10.0; WOW64) AppleWebKit/537.36 (KHTML, like Gecko) Chrome/80.0.3987.132 Safari/537.36"
185.191.171.18 - - [12/May/2026:12:31:17 -0400] "GET /2026/01/20/but-how-come-we-have-fast-payment-online-casinos/ HTTP/1.1" 200 203 "-" "Mozilla/5.0 (compatible; SemrushBot/7~bl; +http://www.semrush.com/bot.html)"
185.191.171.11 - - [12/May/2026:12:32:10 -0400] "GET /2026/01/14/page/16/ HTTP/1.1" 200 203 "-" "Mozilla/5.0 (compatible; SemrushBot/7~bl; +http://www.semrush.com/bot.html)"
47.82.11.30 - - [12/May/2026:12:32:38 -0400] "GET /2025/12/18/gratifica-10-euro-senza-tenuta-bene-sono-addirittura-che-razza-di-funzionano/ HTTP/1.1" 200 183 "https://input.managedmedia.org/" "Mozilla/5.0 (Windows NT 10.0; Win64; x64) AppleWebKit/537.36 (KHTML, like Gecko) Chrome/135.0.0.0 Safari/537.36"
85.208.96.210 - - [12/May/2026:12:32:45 -0400] "GET /2026/01/01/miami-club-gambling-enterprise-added-bonus-codes-updated-december-evolution-slot-machines-games-2025/ HTTP/1.1" 200 203 "-" "Mozilla/5.0 (compatible; SemrushBot/7~bl; +http://www.semrush.com/bot.html)"
47.82.10.39 - - [12/May/2026:12:32:47 -0400] "GET /2025/12/22/whats-rtp-and-how-can-it-apply-to-your-chances-of-winning/ HTTP/1.1" 200 183 "https://input.managedmedia.org/" "Mozilla/5.0 (Windows NT 10.0; Win64; x64) AppleWebKit/537.36 (KHTML, like Gecko) Chrome/135.0.0.0 Safari/537.36"
85.208.96.199 - - [12/May/2026:12:24:58 -0400] "GET /2025/12/22/maneki-casino-sie-skonczylo-tylko-affiliate-%EF%BF%BD-to-sprawdzona-scisniecie-na-rynku-gier-internet/ HTTP/1.1" 200 203 "-" "Mozilla/5.0 (compatible; SemrushBot/7~bl; +http://www.semrush.com/bot.html)"
85.208.96.210 - - [12/May/2026:12:25:07 -0400] "GET /2026/02/03/without-difficulty-withdraw-the-profits-when-with-ruby-chance-mobile/ HTTP/1.1" 200 203 "-" "Mozilla/5.0 (compatible; SemrushBot/7~bl; +http://www.semrush.com/bot.html)"
185.191.171.13 - - [12/May/2026:12:25:09 -0400] "GET /2025/08/05/zsebunkbl-elhuzott-szellem-az-online-kaszino/ HTTP/1.1" 200 203 "-" "Mozilla/5.0 (compatible; SemrushBot/7~bl; +http://www.semrush.com/bot.html)"
85.208.96.208 - - [12/May/2026:12:25:15 -0400] "GET /2026/01/20/page/29/ HTTP/1.1" 200 203 "-" "Mozilla/5.0 (compatible; SemrushBot/7~bl; +http://www.semrush.com/bot.html)"
185.191.171.16 - - [12/May/2026:12:25:32 -0400] "GET /2025/12/page/659/ HTTP/1.1" 200 203 "-" "Mozilla/5.0 (compatible; SemrushBot/7~bl; +http://www.semrush.com/bot.html)"
185.191.171.8 - - [12/May/2026:12:27:37 -0400] "GET /2025/12/22/all-of-the-advertisements-is-susceptible-to-degree-and-you-will-eligibility-conditions/ HTTP/1.1" 200 203 "-" "Mozilla/5.0 (compatible; SemrushBot/7~bl; +http://www.semrush.com/bot.html)"
185.191.171.7 - - [12/May/2026:12:28:32 -0400] "GET /2025/06/18/programmatismos-tzakpot-sto-malina-casino/ HTTP/1.1" 200 203 "-" "Mozilla/5.0 (compatible; SemrushBot/7~bl; +http://www.semrush.com/bot.html)"
85.208.96.196 - - [12/May/2026:12:28:34 -0400] "GET /2026/01/02/hot-deluxe-2022-hot-luxury-comment-100-percent-free-revolves/ HTTP/1.1" 200 203 "-" "Mozilla/5.0 (compatible; SemrushBot/7~bl; +http://www.semrush.com/bot.html)"
85.208.96.210 - - [12/May/2026:12:28:57 -0400] "GET /2025/12/26/i-mozesz-contacted-support-at-and-they-said-what-is-your-operating-organizacja/ HTTP/1.1" 200 203 "-" "Mozilla/5.0 (compatible; SemrushBot/7~bl; +http://www.semrush.com/bot.html)"
85.208.96.204 - - [12/May/2026:12:29:17 -0400] "GET /category/uncategorized/page/503/ HTTP/1.1" 200 203 "-" "Mozilla/5.0 (compatible; SemrushBot/7~bl; +http://www.semrush.com/bot.html)"
185.191.171.13 - - [12/May/2026:12:29:47 -0400] "GET /2025/03/30/best-baccarat-games-at-maronbet-casino-h2-why-best-baccarat-games-at-maronbet-casino-matters-h2-p-baccarat-has-long-been-a-favorite-among-casino-enthusiasts-and-at-a-href-https-maronbet-org-uk-maronbe/ HTTP/1.1" 200 203 "-" "Mozilla/5.0 (compatible; SemrushBot/7~bl; +http://www.semrush.com/bot.html)"
185.191.171.2 - - [12/May/2026:12:30:09 -0400] "GET /2025/12/14/1win-en-argentina-experiencia-de-casino-en-lnea-90/ HTTP/1.1" 200 203 "-" "Mozilla/5.0 (compatible; SemrushBot/7~bl; +http://www.semrush.com/bot.html)"
185.191.171.16 - - [12/May/2026:12:31:43 -0400] "GET /2025/12/31/selecting-the-most-appropriate-answer-to-pay-from-the-online-slots-games-internet-are-important/ HTTP/1.1" 200 203 "-" "Mozilla/5.0 (compatible; SemrushBot/7~bl; +http://www.semrush.com/bot.html)"
185.191.171.13 - - [12/May/2026:12:32:36 -0400] "GET /2025/12/24/where-on-the-you-s-would-it-be-judge-to-relax-and-play-online-slots-games/ HTTP/1.1" 200 203 "-" "Mozilla/5.0 (compatible; SemrushBot/7~bl; +http://www.semrush.com/bot.html)"
185.191.171.9 - - [12/May/2026:12:33:42 -0400] "GET /2026/02/10/rassurez-vous-depuis-tout-mon-jai-besoin-de-affaires-et-celle-ci-reste-de-5x/ HTTP/1.1" 200 203 "-" "Mozilla/5.0 (compatible; SemrushBot/7~bl; +http://www.semrush.com/bot.html)"
85.208.96.211 - - [12/May/2026:12:33:44 -0400] "GET /2026/01/04/mega-fortune-dreams-tragaperras-hace-el-trabajo-sin-cargo-falto-descargar-1win-casino/ HTTP/1.1" 200 203 "-" "Mozilla/5.0 (compatible; SemrushBot/7~bl; +http://www.semrush.com/bot.html)"
85.208.96.202 - - [12/May/2026:12:33:51 -0400] "GET /2026/01/19/complete-local-casino-planet-seven-is-a-wonderful-on-line-casino-for-u-s-people/ HTTP/1.1" 200 203 "-" "Mozilla/5.0 (compatible; SemrushBot/7~bl; +http://www.semrush.com/bot.html)"
85.208.96.209 - - [12/May/2026:12:33:05 -0400] "GET /2025/12/27/benefits-associated-with-using-a-100-no-deposit-incentive/ HTTP/1.1" 200 203 "-" "Mozilla/5.0 (compatible; SemrushBot/7~bl; +http://www.semrush.com/bot.html)"
47.82.9.31 - - [12/May/2026:12:33:14 -0400] "GET /2026/01/12/what-exactly-is-blitz-app-casino-and-in-which-could-you-gamble/ HTTP/1.1" 200 183 "https://input.managedmedia.org/" "Mozilla/5.0 (Windows NT 10.0; Win64; x64) AppleWebKit/537.36 (KHTML, like Gecko) Chrome/135.0.0.0 Safari/537.36"
185.191.171.11 - - [12/May/2026:12:33:46 -0400] "GET /category/ysftesisat-com-1/ HTTP/1.1" 200 203 "-" "Mozilla/5.0 (compatible; SemrushBot/7~bl; +http://www.semrush.com/bot.html)"
185.191.171.13 - - [12/May/2026:12:33:49 -0400] "GET /2025/12/31/we-are-not-only-a-patio-were-the-new-spark-you-to-definitely-ignites-actions/ HTTP/1.1" 200 203 "-" "Mozilla/5.0 (compatible; SemrushBot/7~bl; +http://www.semrush.com/bot.html)"
85.208.96.197 - - [12/May/2026:12:33:55 -0400] "GET /category/uncategorized/page/1132/ HTTP/1.1" 200 203 "-" "Mozilla/5.0 (compatible; SemrushBot/7~bl; +http://www.semrush.com/bot.html)"
142.44.233.212 - - [12/May/2026:12:35:40 -0400] "GET /2025/12/26/i-mozesz-contacted-support-at-and-they-said-what-is-your-operating-organizacja/feed/ HTTP/1.1" 200 183 "-" "Mozilla/5.0 (compatible; AhrefsBot/7.0; +http://ahrefs.com/robot/)"
85.208.96.212 - - [12/May/2026:12:37:15 -0400] "GET /2025/12/24/it-is-not-something-you-should-entrust-to-just-one-application-development-company/ HTTP/1.1" 200 203 "-" "Mozilla/5.0 (compatible; SemrushBot/7~bl; +http://www.semrush.com/bot.html)"
85.208.96.205 - - [12/May/2026:12:37:43 -0400] "GET /2026/01/15/tips-and-tricks-to-have-tips-whenever-to-tackle-slot-machines/ HTTP/1.1" 200 203 "-" "Mozilla/5.0 (compatible; SemrushBot/7~bl; +http://www.semrush.com/bot.html)"
185.191.171.2 - - [12/May/2026:12:38:03 -0400] "GET /2025/12/26/caesars-palace-on-line-casino-cannot-already-bring-members-having-an-excellent-no-put-incentive/ HTTP/1.1" 200 203 "-" "Mozilla/5.0 (compatible; SemrushBot/7~bl; +http://www.semrush.com/bot.html)"
85.208.96.206 - - [12/May/2026:12:38:09 -0400] "GET /2026/01/19/return-rtp-and-you-will-jackpot-chances-are-not-similar-situation/ HTTP/1.1" 200 203 "-" "Mozilla/5.0 (compatible; SemrushBot/7~bl; +http://www.semrush.com/bot.html)"
185.191.171.3 - - [12/May/2026:12:39:25 -0400] "GET /2026/01/01/eye-of-cluedo-1-kaution-kostenlose-casinospiele-mr-bet-melden-sie-sich-eingeschaltet-diese-echtes-bares-bezahlen-horus-app/ HTTP/1.1" 200 203 "-" "Mozilla/5.0 (compatible; SemrushBot/7~bl; +http://www.semrush.com/bot.html)"
185.191.171.2 - - [12/May/2026:12:39:49 -0400] "GET /2026/01/07/verbunden-spielbank-pramie-abzuglich-einzahlung-2026-no-anzahlung-pramie/ HTTP/1.1" 200 203 "-" "Mozilla/5.0 (compatible; SemrushBot/7~bl; +http://www.semrush.com/bot.html)"
91.192.67.30 - - [12/May/2026:12:40:41 -0400] "GET /category/onlinecasinoslot29/ HTTP/1.1" 200 203 "-" "Mozilla/5.0 (Macintosh; Intel Mac OS X 10_9_5) AppleWebKit/537.36 (KHTML, like Gecko) Chrome/67.0.3396.87 Safari/537.36"
85.208.96.199 - - [12/May/2026:12:40:41 -0400] "GET /2026/02/05/valkomstbonus-2025-alla-bonusar-fore-idrot-sam-casino/ HTTP/1.1" 200 203 "-" "Mozilla/5.0 (compatible; SemrushBot/7~bl; +http://www.semrush.com/bot.html)"
185.191.171.19 - - [12/May/2026:12:34:43 -0400] "GET /category/uncategorized/page/3412/ HTTP/1.1" 200 203 "-" "Mozilla/5.0 (compatible; SemrushBot/7~bl; +http://www.semrush.com/bot.html)"
85.208.96.207 - - [12/May/2026:12:35:46 -0400] "GET /2026/01/26/mega-moolah-la-tragamonedas-de-premios-sin-embargo-ampliamente-altos/ HTTP/1.1" 200 203 "-" "Mozilla/5.0 (compatible; SemrushBot/7~bl; +http://www.semrush.com/bot.html)"
85.208.96.196 - - [12/May/2026:12:35:53 -0400] "GET /2026/01/15/wolverine-slots-give-it-a-try-on-the-web-free-of-charge-otherwise-real-money/ HTTP/1.1" 200 203 "-" "Mozilla/5.0 (compatible; SemrushBot/7~bl; +http://www.semrush.com/bot.html)"
185.191.171.15 - - [12/May/2026:12:35:56 -0400] "GET /author/uzair/page/1655/ HTTP/1.1" 200 203 "-" "Mozilla/5.0 (compatible; SemrushBot/7~bl; +http://www.semrush.com/bot.html)"
185.191.171.8 - - [12/May/2026:12:36:02 -0400] "GET /2026/01/19/while-you-are-a-person-who-loves-football-and-you-will-online-casino-games-this-can-be-next-best-spot-for-your-requirements/ HTTP/1.1" 200 203 "-" "Mozilla/5.0 (compatible; SemrushBot/7~bl; +http://www.semrush.com/bot.html)"
185.191.171.13 - - [12/May/2026:12:36:40 -0400] "GET /2026/02/10/attuale-amministrazione-astuto-uno-verso-requisiti-di-scommessa-chiari-addirittura-trasparenti-amortisse-la-pubblicita-innanzitutto-allettante/ HTTP/1.1" 200 203 "-" "Mozilla/5.0 (compatible; SemrushBot/7~bl; +http://www.semrush.com/bot.html)"
185.191.171.12 - - [12/May/2026:12:36:55 -0400] "GET /2026/01/08/page-120/ HTTP/1.1" 200 203 "-" "Mozilla/5.0 (compatible; SemrushBot/7~bl; +http://www.semrush.com/bot.html)"
185.191.171.7 - - [12/May/2026:12:37:02 -0400] "GET /2026/01/27/jackpot-bob-salle-de-jeu-meilleur-site-web-de-jeu-en-ligne/ HTTP/1.1" 200 203 "-" "Mozilla/5.0 (compatible; SemrushBot/7~bl; +http://www.semrush.com/bot.html)"
157.55.39.13 - - [12/May/2026:12:37:08 -0400] "GET /2026/01/19/megaways-harbors-is-actually-a-popular-and-really-ine-that-provides-actually-altering-reel-design/ HTTP/1.1" 200 183 "-" "Mozilla/5.0 AppleWebKit/537.36 (KHTML, like Gecko; compatible; bingbot/2.0; +http://www.bing.com/bingbot.htm) Chrome/116.0.1938.76 Safari/537.36"
85.208.96.199 - - [12/May/2026:12:37:13 -0400] "GET /2026/02/01/you-can-win-1-out-of-ten-a-week-500-bonuses-towards-the-video-game-of-times-bring/ HTTP/1.1" 200 203 "-" "Mozilla/5.0 (compatible; SemrushBot/7~bl; +http://www.semrush.com/bot.html)"
185.191.171.3 - - [12/May/2026:12:38:26 -0400] "GET /2026/01/15/de-cette-facon-cet-salle-de-jeu-dont-abrite-ces-quelques-jeu-devra-etre-fiablement-authentifie-t-je-cela/ HTTP/1.1" 200 203 "-" "Mozilla/5.0 (compatible; SemrushBot/7~bl; +http://www.semrush.com/bot.html)"
216.244.66.248 - - [12/May/2026:12:38:44 -0400] "GET /robots.txt HTTP/1.1" 200 810 "-" "Mozilla/5.0 (compatible; DotBot/1.2; +https://opensiteexplorer.org/dotbot; help@moz.com)"
85.208.96.193 - - [12/May/2026:12:39:18 -0400] "GET /category/uncategorized/page/764/ HTTP/1.1" 200 203 "-" "Mozilla/5.0 (compatible; SemrushBot/7~bl; +http://www.semrush.com/bot.html)"
144.124.192.59 - - [12/May/2026:12:40:30 -0400] "GET /2025/06/29/innovative-lernspiele-im-digitalen-zeitalter-der-einfluss-von-interaktiven-fisch-spielen/ HTTP/1.1" 200 203 "-" "Mozilla/5.0 (Macintosh; Intel Mac OS X 10_12_6) AppleWebKit/537.36 (KHTML, like Gecko) Brave Chrome/88.0.4324.152 Safari/537.36"
85.208.96.210 - - [12/May/2026:12:40:53 -0400] "GET /2026/01/27/qua-dm-provision-sourcecode-top100-bekommst-respons-unter-einsatz-von-unseren-betify-internetadresse-1/ HTTP/1.1" 200 203 "-" "Mozilla/5.0 (compatible; SemrushBot/7~bl; +http://www.semrush.com/bot.html)"
85.208.96.198 - - [12/May/2026:12:41:09 -0400] "GET /2025/12/15/1xslots-1hslots-rabochee-zerkalo-na-oficialnyj/ HTTP/1.1" 200 203 "-" "Mozilla/5.0 (compatible; SemrushBot/7~bl; +http://www.semrush.com/bot.html)"
85.208.96.207 - - [12/May/2026:12:41:15 -0400] "GET /author/uzair/page/1990/ HTTP/1.1" 200 203 "-" "Mozilla/5.0 (compatible; SemrushBot/7~bl; +http://www.semrush.com/bot.html)"
54.37.84.47 - - [12/May/2026:12:42:17 -0400] "GET /robots.txt HTTP/1.1" 200 810 "-" "Mozilla/5.0 (compatible; MJ12bot/v1.4.8; http://mj12bot.com/)"
54.37.84.47 - - [12/May/2026:12:42:23 -0400] "GET /category/missionaguafria-com2/ HTTP/1.1" 200 183 "-" "Mozilla/5.0 (compatible; MJ12bot/v1.4.8; http://mj12bot.com/)"
54.37.84.47 - - [12/May/2026:12:42:29 -0400] "GET /category/mostbet3/ HTTP/1.1" 200 183 "-" "Mozilla/5.0 (compatible; MJ12bot/v1.4.8; http://mj12bot.com/)"
54.37.84.47 - - [12/May/2026:12:42:31 -0400] "GET /category/museum-williams-ru/2000z-2/ HTTP/1.1" 200 183 "-" "Mozilla/5.0 (compatible; MJ12bot/v1.4.8; http://mj12bot.com/)"
54.37.84.47 - - [12/May/2026:12:42:34 -0400] "GET /category/nakliyetahtasi-com/1000z/ HTTP/1.1" 200 183 "-" "Mozilla/5.0 (compatible; MJ12bot/v1.4.8; http://mj12bot.com/)"
54.37.84.47 - - [12/May/2026:12:42:37 -0400] "GET /category/netherlands-casino/ HTTP/1.1" 200 183 "-" "Mozilla/5.0 (compatible; MJ12bot/v1.4.8; http://mj12bot.com/)"
54.37.84.47 - - [12/May/2026:12:42:43 -0400] "GET /category/olympecasinos-com/ HTTP/1.1" 200 183 "-" "Mozilla/5.0 (compatible; MJ12bot/v1.4.8; http://mj12bot.com/)"
54.37.84.47 - - [12/May/2026:12:42:45 -0400] "GET /category/om/ HTTP/1.1" 200 183 "-" "Mozilla/5.0 (compatible; MJ12bot/v1.4.8; http://mj12bot.com/)"
54.37.84.47 - - [12/May/2026:12:42:49 -0400] "GET /category/onlinecasinoslot21/ HTTP/1.1" 200 183 "-" "Mozilla/5.0 (compatible; MJ12bot/v1.4.8; http://mj12bot.com/)"
54.37.84.47 - - [12/May/2026:12:42:51 -0400] "GET /category/onlinecasinoslot29/ HTTP/1.1" 200 183 "-" "Mozilla/5.0 (compatible; MJ12bot/v1.4.8; http://mj12bot.com/)"
54.37.84.47 - - [12/May/2026:12:42:53 -0400] "GET /category/onlinecasinoslot33/ HTTP/1.1" 200 183 "-" "Mozilla/5.0 (compatible; MJ12bot/v1.4.8; http://mj12bot.com/)"
54.37.84.47 - - [12/May/2026:12:42:55 -0400] "GET /category/onlinecasinoslot4/ HTTP/1.1" 200 183 "-" "Mozilla/5.0 (compatible; MJ12bot/v1.4.8; http://mj12bot.com/)"
54.37.84.47 - - [12/May/2026:12:42:57 -0400] "GET /category/onlinecasinoslot6/ HTTP/1.1" 200 183 "-" "Mozilla/5.0 (compatible; MJ12bot/v1.4.8; http://mj12bot.com/)"
54.37.84.47 - - [12/May/2026:12:42:58 -0400] "GET /category/onlinecasinoslot9/ HTTP/1.1" 200 183 "-" "Mozilla/5.0 (compatible; MJ12bot/v1.4.8; http://mj12bot.com/)"
54.37.84.47 - - [12/May/2026:12:43:02 -0400] "GET /category/opdrniyazibulbul-com-1000/ HTTP/1.1" 200 183 "-" "Mozilla/5.0 (compatible; MJ12bot/v1.4.8; http://mj12bot.com/)"
54.37.84.47 - - [12/May/2026:12:43:04 -0400] "GET /category/sdjs-ru-2/ HTTP/1.1" 200 183 "-" "Mozilla/5.0 (compatible; MJ12bot/v1.4.8; http://mj12bot.com/)"
185.191.171.12 - - [12/May/2026:12:43:26 -0400] "GET /2026/01/27/une-occasion-revee-pour-egayer-avec-mobile-de-dexcellentes-criteriums/ HTTP/1.1" 200 203 "-" "Mozilla/5.0 (compatible; SemrushBot/7~bl; +http://www.semrush.com/bot.html)"
185.191.171.5 - - [12/May/2026:12:43:32 -0400] "GET /author/uzair/page/2613/ HTTP/1.1" 200 203 "-" "Mozilla/5.0 (compatible; SemrushBot/7~bl; +http://www.semrush.com/bot.html)"
185.191.171.7 - - [12/May/2026:12:44:26 -0400] "GET /2026/01/15/get-free-spins-and-no-deposit-surprises-you-to-pay-back/ HTTP/1.1" 200 203 "-" "Mozilla/5.0 (compatible; SemrushBot/7~bl; +http://www.semrush.com/bot.html)"
85.208.96.205 - - [12/May/2026:12:44:54 -0400] "GET /category/uncategorized/page/2961/ HTTP/1.1" 200 203 "-" "Mozilla/5.0 (compatible; SemrushBot/7~bl; +http://www.semrush.com/bot.html)"
85.208.96.205 - - [12/May/2026:12:45:31 -0400] "GET /2026/01/08/apprendre-tout-mon-va-tout-vos-absous-parmi-le-montana-holdem/ HTTP/1.1" 200 203 "-" "Mozilla/5.0 (compatible; SemrushBot/7~bl; +http://www.semrush.com/bot.html)"
41.82.171.6 - - [12/May/2026:12:45:33 -0400] "GET /2026/01/24/creating-a-cutting-edge-casino-platform-with/ HTTP/1.1" 200 203 "-" "Mozilla/5.0 (Windows NT 10.0; Win64; x64) AppleWebKit/537.36 (KHTML, like Gecko) Chrome/99.101.4951.54 Safari/537.36"
185.191.171.5 - - [12/May/2026:12:41:34 -0400] "GET /2025/10/20/kazino-onlajn-naslazhdajtes-stilem-i-atmosferoj-155/ HTTP/1.1" 200 203 "-" "Mozilla/5.0 (compatible; SemrushBot/7~bl; +http://www.semrush.com/bot.html)"
185.191.171.7 - - [12/May/2026:12:41:54 -0400] "GET /author/uzair/page/602/ HTTP/1.1" 200 203 "-" "Mozilla/5.0 (compatible; SemrushBot/7~bl; +http://www.semrush.com/bot.html)"
185.191.171.2 - - [12/May/2026:12:42:01 -0400] "GET /robots.txt HTTP/1.1" 200 133 "-" "Mozilla/5.0 (compatible; SemrushBot/7~bl; +http://www.semrush.com/bot.html)"
185.191.171.15 - - [12/May/2026:12:42:02 -0400] "GET /2026/01/15/consuming-attention-position-give-it-casino-davinci-diamonds-a-try-at-no-cost-no-download-no-deposit/ HTTP/1.1" 200 203 "-" "Mozilla/5.0 (compatible; SemrushBot/7~bl; +http://www.semrush.com/bot.html)"
185.191.171.12 - - [12/May/2026:12:42:16 -0400] "GET /2026/02/25/exploring-the-secrets-behind-winning-strategies-in-modern-casinos/ HTTP/1.1" 200 203 "-" "Mozilla/5.0 (compatible; SemrushBot/7~bl; +http://www.semrush.com/bot.html)"
54.37.84.47 - - [12/May/2026:12:42:19 -0400] "GET /category/mellyoitzl-org-1/ HTTP/1.1" 200 183 "-" "Mozilla/5.0 (compatible; MJ12bot/v1.4.8; http://mj12bot.com/)"
54.37.84.47 - - [12/May/2026:12:42:21 -0400] "GET /category/meritking/ HTTP/1.1" 200 183 "-" "Mozilla/5.0 (compatible; MJ12bot/v1.4.8; http://mj12bot.com/)"
54.37.84.47 - - [12/May/2026:12:42:25 -0400] "GET /category/mostbet/ HTTP/1.1" 200 183 "-" "Mozilla/5.0 (compatible; MJ12bot/v1.4.8; http://mj12bot.com/)"
54.37.84.47 - - [12/May/2026:12:42:27 -0400] "GET /category/mostbet2/ HTTP/1.1" 200 183 "-" "Mozilla/5.0 (compatible; MJ12bot/v1.4.8; http://mj12bot.com/)"
54.37.84.47 - - [12/May/2026:12:42:36 -0400] "GET /category/nastolki18-ru-10/ HTTP/1.1" 200 183 "-" "Mozilla/5.0 (compatible; MJ12bot/v1.4.8; http://mj12bot.com/)"
185.191.171.12 - - [12/May/2026:12:42:37 -0400] "GET /2025/12/24/better-warlocks-spell-online-slot-internet-casino-real-cash/ HTTP/1.1" 200 203 "-" "Mozilla/5.0 (compatible; SemrushBot/7~bl; +http://www.semrush.com/bot.html)"
54.37.84.47 - - [12/May/2026:12:42:39 -0400] "GET /category/nsfw-ai/ HTTP/1.1" 200 183 "-" "Mozilla/5.0 (compatible; MJ12bot/v1.4.8; http://mj12bot.com/)"
54.37.84.47 - - [12/May/2026:12:42:41 -0400] "GET /category/nyiradonypatika-hu/ HTTP/1.1" 200 183 "-" "Mozilla/5.0 (compatible; MJ12bot/v1.4.8; http://mj12bot.com/)"
54.37.84.47 - - [12/May/2026:12:42:47 -0400] "GET /category/onlinecasinoslot17/ HTTP/1.1" 200 183 "-" "Mozilla/5.0 (compatible; MJ12bot/v1.4.8; http://mj12bot.com/)"
185.191.171.7 - - [12/May/2026:12:42:56 -0400] "GET /2026/02/24/page/2/ HTTP/1.1" 200 203 "-" "Mozilla/5.0 (compatible; SemrushBot/7~bl; +http://www.semrush.com/bot.html)"
54.37.84.47 - - [12/May/2026:12:43:00 -0400] "GET /category/onlineplaypoker-cyou/ HTTP/1.1" 200 183 "-" "Mozilla/5.0 (compatible; MJ12bot/v1.4.8; http://mj12bot.com/)"
54.37.84.47 - - [12/May/2026:12:43:06 -0400] "GET /category/selector7-xyz-600/ HTTP/1.1" 200 183 "-" "Mozilla/5.0 (compatible; MJ12bot/v1.4.8; http://mj12bot.com/)"
54.37.84.47 - - [12/May/2026:12:43:08 -0400] "GET /category/test/ HTTP/1.1" 200 183 "-" "Mozilla/5.0 (compatible; MJ12bot/v1.4.8; http://mj12bot.com/)"
