145.239.65.226 - - [12/May/2026:21:56:02 -0400] "GET /2026/02/01/discover-the-exciting-world-of-1xbet-malaysia-3/ HTTP/1.1" 404 1251 "-" "Mozilla/5.0 (compatible; MJ12bot/v1.4.8; http://mj12bot.com/)"
92.222.104.193 - - [12/May/2026:21:56:03 -0400] "GET /2026/01/21/sandra-grauschopf-has-been-in-the-fresh-tournaments-industry-because-2002/feed/ HTTP/1.1" 404 1251 "-" "Mozilla/5.0 (compatible; AhrefsBot/7.0; +http://ahrefs.com/robot/)"
145.239.65.226 - - [12/May/2026:21:56:03 -0400] "GET /2026/02/01/najlepie-online-kasina-priruka-pre-hraov-2/ HTTP/1.1" 404 1251 "-" "Mozilla/5.0 (compatible; MJ12bot/v1.4.8; http://mj12bot.com/)"
54.36.60.91 - - [12/May/2026:21:56:05 -0400] "GET /0002ac634ce9.html HTTP/1.1" 404 1251 "-" "Mozilla/5.0 (compatible; MJ12bot/v1.4.8; http://mj12bot.com/)"
92.222.104.207 - - [12/May/2026:21:56:07 -0400] "GET /2026/01/09/sa-tam-gra-wejdz-kasynie-internet-mostbet-pl/feed/ HTTP/1.1" 404 1251 "-" "Mozilla/5.0 (compatible; AhrefsBot/7.0; +http://ahrefs.com/robot/)"
54.36.60.91 - - [12/May/2026:21:56:07 -0400] "GET /0002ac63504a.html HTTP/1.1" 404 1251 "-" "Mozilla/5.0 (compatible; MJ12bot/v1.4.8; http://mj12bot.com/)"
145.239.65.226 - - [12/May/2026:21:56:08 -0400] "GET /2026/02/02/hash-game-official-mirror-of-the-ultimate-gaming-7/ HTTP/1.1" 404 1251 "-" "Mozilla/5.0 (compatible; MJ12bot/v1.4.8; http://mj12bot.com/)"
145.239.65.226 - - [12/May/2026:21:56:10 -0400] "GET /2026/02/03/exciting-opportunities-in-online-casino-jobs-in/ HTTP/1.1" 404 1251 "-" "Mozilla/5.0 (compatible; MJ12bot/v1.4.8; http://mj12bot.com/)"
54.36.60.91 - - [12/May/2026:21:56:10 -0400] "GET /0002ac635054.html HTTP/1.1" 404 1251 "-" "Mozilla/5.0 (compatible; MJ12bot/v1.4.8; http://mj12bot.com/)"
92.222.108.104 - - [12/May/2026:21:56:13 -0400] "GET /2025/09/29/your-ultimate-fun-awaits-at-hashlucky-online/feed/ HTTP/1.1" 404 1251 "-" "Mozilla/5.0 (compatible; AhrefsBot/7.0; +http://ahrefs.com/robot/)"
5.39.109.171 - - [12/May/2026:21:56:15 -0400] "GET /2026/02/02/what-incentives-in-fact-can-be-found-2025-field-publication-desired-100-free-spins-cashbacks-as-well-as-the-newest-flavourless-accessories/feed/ HTTP/1.1" 404 1251 "-" "Mozilla/5.0 (compatible; AhrefsBot/7.0; +http://ahrefs.com/robot/)"
145.239.65.226 - - [12/May/2026:21:56:16 -0400] "GET /2026/02/04/the-charismatic-world-of-lucky-mister-your/ HTTP/1.1" 404 1251 "-" "Mozilla/5.0 (compatible; MJ12bot/v1.4.8; http://mj12bot.com/)"
54.36.60.91 - - [12/May/2026:21:56:18 -0400] "GET /0002ac635063.html HTTP/1.1" 404 1251 "-" "Mozilla/5.0 (compatible; MJ12bot/v1.4.8; http://mj12bot.com/)"
85.208.96.193 - - [12/May/2026:21:56:05 -0400] "GET /2025/03/23/guida-completa-alle-slot-mobile-esclusive-scegli-gioca-e-vinci-al-meglio-su-adriaraceway-6/ HTTP/1.1" 404 1251 "-" "Mozilla/5.0 (compatible; SemrushBot/7~bl; +http://www.semrush.com/bot.html)"
14.183.115.124 - - [12/May/2026:21:56:08 -0400] "GET /2025/10/26/el-auge-de-los-juegos-de-azar-en-linea-y-su-vinculo-con-el-futbol-un-analisis-profundo/ HTTP/1.1" 404 1251 "-" "Mozilla/5.0 (Macintosh; Intel Mac OS X 10_15_7) AppleWebKit/537.36 (KHTML, like Gecko) Brave Chrome/83.0.4103.116 Safari/537.36"
54.36.60.91 - - [12/May/2026:21:56:09 -0400] "GET /0002ac635052.html HTTP/1.1" 404 1251 "-" "Mozilla/5.0 (compatible; MJ12bot/v1.4.8; http://mj12bot.com/)"
54.36.60.91 - - [12/May/2026:21:56:12 -0400] "GET /0002ac63505a.html HTTP/1.1" 404 1251 "-" "Mozilla/5.0 (compatible; MJ12bot/v1.4.8; http://mj12bot.com/)"
145.239.65.226 - - [12/May/2026:21:56:13 -0400] "GET /2026/02/03/get-x-casino-aktualnoe-zerkalo-dlja-igr-i/ HTTP/1.1" 404 1251 "-" "Mozilla/5.0 (compatible; MJ12bot/v1.4.8; http://mj12bot.com/)"
54.36.60.91 - - [12/May/2026:21:56:13 -0400] "GET /0002ac63505c.html HTTP/1.1" 404 1251 "-" "Mozilla/5.0 (compatible; MJ12bot/v1.4.8; http://mj12bot.com/)"
54.36.60.91 - - [12/May/2026:21:56:15 -0400] "GET /0002ac635060.html HTTP/1.1" 404 1251 "-" "Mozilla/5.0 (compatible; MJ12bot/v1.4.8; http://mj12bot.com/)"
92.222.108.121 - - [12/May/2026:21:56:16 -0400] "GET /2025/10/15/kazino-onlajn-vospolzujtes-kruglosutochnoj-58/feed/ HTTP/1.1" 404 1251 "-" "Mozilla/5.0 (compatible; AhrefsBot/7.0; +http://ahrefs.com/robot/)"
54.36.60.91 - - [12/May/2026:21:56:17 -0400] "GET /0002ac635061.html HTTP/1.1" 404 1251 "-" "Mozilla/5.0 (compatible; MJ12bot/v1.4.8; http://mj12bot.com/)"
145.239.65.226 - - [12/May/2026:21:56:19 -0400] "GET /2026/02/09/casino-live-gioca-in-diretta-live-con-il-casino-di-30/ HTTP/1.1" 404 1251 "-" "Mozilla/5.0 (compatible; MJ12bot/v1.4.8; http://mj12bot.com/)"
54.36.60.91 - - [12/May/2026:21:56:20 -0400] "GET /0002ac63506c.html HTTP/1.1" 404 1251 "-" "Mozilla/5.0 (compatible; MJ12bot/v1.4.8; http://mj12bot.com/)"
54.36.60.91 - - [12/May/2026:21:56:22 -0400] "GET /0002ac635070.html HTTP/1.1" 404 1251 "-" "Mozilla/5.0 (compatible; MJ12bot/v1.4.8; http://mj12bot.com/)"
92.222.108.113 - - [12/May/2026:21:56:23 -0400] "GET /2025/07/21/les-applications-de-casino-en-ligne-securite-accessibilite-et-innovations/feed/ HTTP/1.1" 404 1251 "-" "Mozilla/5.0 (compatible; AhrefsBot/7.0; +http://ahrefs.com/robot/)"
54.36.60.91 - - [12/May/2026:21:56:24 -0400] "GET /0002ac635071.html HTTP/1.1" 404 1251 "-" "Mozilla/5.0 (compatible; MJ12bot/v1.4.8; http://mj12bot.com/)"
145.239.65.226 - - [12/May/2026:21:56:25 -0400] "GET /2026/02/10/kasyno-online-ktore-jest-najlepsze-27/ HTTP/1.1" 404 1251 "-" "Mozilla/5.0 (compatible; MJ12bot/v1.4.8; http://mj12bot.com/)"
54.36.60.91 - - [12/May/2026:21:56:27 -0400] "GET /0002ac635073.html HTTP/1.1" 404 1251 "-" "Mozilla/5.0 (compatible; MJ12bot/v1.4.8; http://mj12bot.com/)"
5.39.1.240 - - [12/May/2026:21:56:29 -0400] "GET /2026/01/25/die-besten-verbunden-casinos-inside-land-der-dichter-und-denker-2026/feed/ HTTP/1.1" 404 1251 "-" "Mozilla/5.0 (compatible; AhrefsBot/7.0; +http://ahrefs.com/robot/)"
145.239.65.226 - - [12/May/2026:21:56:31 -0400] "GET /2026/02/16/jetton-games-analiz-igrovoj-platformy-ejo-58/ HTTP/1.1" 404 1251 "-" "Mozilla/5.0 (compatible; MJ12bot/v1.4.8; http://mj12bot.com/)"
85.208.96.205 - - [12/May/2026:21:56:32 -0400] "GET /2025/09/22/wie-man-bei-a-href-https-fatfruit-online-de-fatfruit-a-einzahlungen-optimiert/ HTTP/1.1" 404 1251 "-" "Mozilla/5.0 (compatible; SemrushBot/7~bl; +http://www.semrush.com/bot.html)"
54.36.60.91 - - [12/May/2026:21:56:32 -0400] "GET /0002ac63507d.html HTTP/1.1" 404 1251 "-" "Mozilla/5.0 (compatible; MJ12bot/v1.4.8; http://mj12bot.com/)"
51.68.247.207 - - [12/May/2026:21:56:33 -0400] "GET /2026/01/25/erfahrungen-2025-bonus-500-120-freispiele/feed/ HTTP/1.1" 404 1251 "-" "Mozilla/5.0 (compatible; AhrefsBot/7.0; +http://ahrefs.com/robot/)"
85.208.96.201 - - [12/May/2026:21:56:19 -0400] "GET /2026/02/10/ankieta-i-przeglad-najkorzystniejszych-kasyn-internet-wraz-z-blikiem/ HTTP/1.1" 404 1251 "-" "Mozilla/5.0 (compatible; SemrushBot/7~bl; +http://www.semrush.com/bot.html)"
37.59.204.128 - - [12/May/2026:21:56:19 -0400] "GET /2025/12/26/whenever-going-to-an-online-gambling-enterprise-professionals-can-be-generally-speaking-get-a-hold-of-licensing-advice-on-the-web-sites-footer/feed/ HTTP/1.1" 404 1251 "-" "Mozilla/5.0 (compatible; AhrefsBot/7.0; +http://ahrefs.com/robot/)"
145.239.65.226 - - [12/May/2026:21:56:22 -0400] "GET /2026/02/09/discovering-casinos-not-on-gamstop-in-the-uk-14/ HTTP/1.1" 404 1251 "-" "Mozilla/5.0 (compatible; MJ12bot/v1.4.8; http://mj12bot.com/)"
85.208.96.205 - - [12/May/2026:21:56:25 -0400] "GET /2026/01/24/druckgluck-spielsaal-provision-freispiele-untersuchung/ HTTP/1.1" 404 1251 "-" "Mozilla/5.0 (compatible; SemrushBot/7~bl; +http://www.semrush.com/bot.html)"
54.36.60.91 - - [12/May/2026:21:56:25 -0400] "GET /0002ac635072.html HTTP/1.1" 404 1251 "-" "Mozilla/5.0 (compatible; MJ12bot/v1.4.8; http://mj12bot.com/)"
94.23.188.199 - - [12/May/2026:21:56:26 -0400] "GET /2025/12/30/spndingen-stiger-gt-hvornr-du-stopper-og-hjemtag/feed/ HTTP/1.1" 404 1251 "-" "Mozilla/5.0 (compatible; AhrefsBot/7.0; +http://ahrefs.com/robot/)"
145.239.65.226 - - [12/May/2026:21:56:28 -0400] "GET /2026/02/13/how-to-download-1xbet-on-pc-a-comprehensive-guide-6/ HTTP/1.1" 404 1251 "-" "Mozilla/5.0 (compatible; MJ12bot/v1.4.8; http://mj12bot.com/)"
54.36.60.91 - - [12/May/2026:21:56:29 -0400] "GET /0002ac63507a.html HTTP/1.1" 404 1251 "-" "Mozilla/5.0 (compatible; MJ12bot/v1.4.8; http://mj12bot.com/)"
54.36.60.91 - - [12/May/2026:21:56:30 -0400] "GET /0002ac63507c.html HTTP/1.1" 404 1251 "-" "Mozilla/5.0 (compatible; MJ12bot/v1.4.8; http://mj12bot.com/)"
145.239.65.226 - - [12/May/2026:21:56:33 -0400] "GET /category/azerbaycan-casino/feed/ HTTP/1.1" 404 1251 "-" "Mozilla/5.0 (compatible; MJ12bot/v1.4.8; http://mj12bot.com/)"
54.36.60.91 - - [12/May/2026:21:56:34 -0400] "GET /0002ac63507f.html HTTP/1.1" 404 1251 "-" "Mozilla/5.0 (compatible; MJ12bot/v1.4.8; http://mj12bot.com/)"
185.122.170.242 - - [12/May/2026:21:56:36 -0400] "GET / HTTP/1.1" 403 1242 "-" "Mozilla/5.0 (X11; Linux x86_64) AppleWebKit/537.36 (KHTML, like Gecko) Chrome/143.0.0.0 Safari/537.36"
176.31.139.0 - - [12/May/2026:21:56:36 -0400] "GET /2026/01/30/genius-away-from-carnival-bonus-hd-free-spins-150-odds-self-help-guide-to-web-based-casinos-and-casino-games/feed/ HTTP/1.1" 404 1251 "-" "Mozilla/5.0 (compatible; AhrefsBot/7.0; +http://ahrefs.com/robot/)"
54.36.60.91 - - [12/May/2026:21:56:37 -0400] "GET /0002ac635084.html HTTP/1.1" 404 1251 "-" "Mozilla/5.0 (compatible; MJ12bot/v1.4.8; http://mj12bot.com/)"
145.239.65.226 - - [12/May/2026:21:56:37 -0400] "GET /category/bahiscom/feed/ HTTP/1.1" 404 1251 "-" "Mozilla/5.0 (compatible; MJ12bot/v1.4.8; http://mj12bot.com/)"
191.102.167.13 - - [12/May/2026:21:56:38 -0400] "GET / HTTP/1.1" 403 1242 "-" "Mozilla/5.0 (X11; Linux x86_64) AppleWebKit/537.36 (KHTML, like Gecko) Chrome/143.0.0.0 Safari/537.36"
54.36.60.91 - - [12/May/2026:21:56:38 -0400] "GET /0002ac635087.html HTTP/1.1" 404 1251 "-" "Mozilla/5.0 (compatible; MJ12bot/v1.4.8; http://mj12bot.com/)"
176.31.139.28 - - [12/May/2026:21:56:39 -0400] "GET /2025/08/08/vodka-kazino-oficialnyj-sajt-vodka-casino-igrat/feed/ HTTP/1.1" 404 1251 "-" "Mozilla/5.0 (compatible; AhrefsBot/7.0; +http://ahrefs.com/robot/)"
191.102.167.13 - - [12/May/2026:21:56:39 -0400] "GET / HTTP/1.1" 403 1242 "-" "Mozilla/5.0 (X11; Linux x86_64) AppleWebKit/537.36 (KHTML, like Gecko) Chrome/143.0.0.0 Safari/537.36"
54.36.60.91 - - [12/May/2026:21:56:40 -0400] "GET /0002ac63508b.html HTTP/1.1" 404 1251 "-" "Mozilla/5.0 (compatible; MJ12bot/v1.4.8; http://mj12bot.com/)"
145.239.65.226 - - [12/May/2026:21:56:42 -0400] "GET /category/bet2/feed/ HTTP/1.1" 404 1251 "-" "Mozilla/5.0 (compatible; MJ12bot/v1.4.8; http://mj12bot.com/)"
196.196.160.113 - - [12/May/2026:21:56:34 -0400] "GET /wp-login.php HTTP/1.1" 404 1251 "https://input.managedmedia.org/" "Mozilla/5.0 (X11; Linux x86_64) AppleWebKit/537.36 (KHTML, like Gecko) Chrome/143.0.0.0 Safari/537.36"
196.196.160.113 - - [12/May/2026:21:56:35 -0400] "GET / HTTP/1.1" 403 1242 "-" "Mozilla/5.0 (X11; Linux x86_64) AppleWebKit/537.36 (KHTML, like Gecko) Chrome/143.0.0.0 Safari/537.36"
145.239.65.226 - - [12/May/2026:21:56:35 -0400] "GET /category/azr-casino/feed/ HTTP/1.1" 404 1251 "-" "Mozilla/5.0 (compatible; MJ12bot/v1.4.8; http://mj12bot.com/)"
54.36.60.91 - - [12/May/2026:21:56:35 -0400] "GET /0002ac635082.html HTTP/1.1" 404 1251 "-" "Mozilla/5.0 (compatible; MJ12bot/v1.4.8; http://mj12bot.com/)"
145.239.65.226 - - [12/May/2026:21:56:39 -0400] "GET /category/bet1/feed/ HTTP/1.1" 404 1251 "-" "Mozilla/5.0 (compatible; MJ12bot/v1.4.8; http://mj12bot.com/)"
54.36.60.91 - - [12/May/2026:21:56:42 -0400] "GET /0002ac63508f.html HTTP/1.1" 404 1251 "-" "Mozilla/5.0 (compatible; MJ12bot/v1.4.8; http://mj12bot.com/)"
5.39.1.250 - - [12/May/2026:21:56:42 -0400] "GET /2025/03/30/fortune-tiger-slot-como-jogar-jogo-fortune-tiger-caca-niqueis-online-com-bonus/feed/ HTTP/1.1" 404 1251 "-" "Mozilla/5.0 (compatible; AhrefsBot/7.0; +http://ahrefs.com/robot/)"
37.59.204.145 - - [12/May/2026:21:56:45 -0400] "GET /2026/01/09/di-seguito-la-catalogo-aggiornata-delle-offerte-piu-interessanti-e-convenienti-presenti-sui-tumulto-sicuri-italiani/feed/ HTTP/1.1" 404 1251 "-" "Mozilla/5.0 (compatible; AhrefsBot/7.0; +http://ahrefs.com/robot/)"
54.36.60.91 - - [12/May/2026:21:56:47 -0400] "GET /0002ac6350a0.html HTTP/1.1" 404 1251 "-" "Mozilla/5.0 (compatible; MJ12bot/v1.4.8; http://mj12bot.com/)"
145.239.65.226 - - [12/May/2026:21:56:48 -0400] "GET /category/betwinner3/feed/ HTTP/1.1" 404 1251 "-" "Mozilla/5.0 (compatible; MJ12bot/v1.4.8; http://mj12bot.com/)"
37.59.204.129 - - [12/May/2026:21:56:48 -0400] "GET /2026/02/02/mein-untersuchung-bestatigt-das-konnt-ebendiese-bekanntesten-spielsalon-spielautomaten-via-obtain-iphone-app-nutzlichkeit/feed/ HTTP/1.1" 404 1251 "-" "Mozilla/5.0 (compatible; AhrefsBot/7.0; +http://ahrefs.com/robot/)"
54.36.60.91 - - [12/May/2026:21:56:48 -0400] "GET /0002ac6350a1.html HTTP/1.1" 404 1251 "-" "Mozilla/5.0 (compatible; MJ12bot/v1.4.8; http://mj12bot.com/)"
145.239.65.226 - - [12/May/2026:21:56:50 -0400] "GET /category/betwinner4/feed/ HTTP/1.1" 404 1251 "-" "Mozilla/5.0 (compatible; MJ12bot/v1.4.8; http://mj12bot.com/)"
145.239.65.226 - - [12/May/2026:21:56:52 -0400] "GET /category/betwoon-2026casino-top/feed/ HTTP/1.1" 404 1251 "-" "Mozilla/5.0 (compatible; MJ12bot/v1.4.8; http://mj12bot.com/)"
51.75.236.148 - - [12/May/2026:21:56:55 -0400] "GET /2025/12/25/tres-depositos-desplazandolo-hacia-el-pelo-retiros-seguros-acerca-de-casinos-online/feed/ HTTP/1.1" 404 1251 "-" "Mozilla/5.0 (compatible; AhrefsBot/7.0; +http://ahrefs.com/robot/)"
145.239.65.226 - - [12/May/2026:21:56:57 -0400] "GET /category/bilimufku-com-2000/feed/ HTTP/1.1" 404 1251 "-" "Mozilla/5.0 (compatible; MJ12bot/v1.4.8; http://mj12bot.com/)"
54.36.60.91 - - [12/May/2026:21:56:58 -0400] "GET /0002ac6350bd.html HTTP/1.1" 404 1251 "-" "Mozilla/5.0 (compatible; MJ12bot/v1.4.8; http://mj12bot.com/)"
54.36.60.91 - - [12/May/2026:21:57:02 -0400] "GET /0002ac6350c6.html HTTP/1.1" 404 1251 "-" "Mozilla/5.0 (compatible; MJ12bot/v1.4.8; http://mj12bot.com/)"
54.36.60.91 - - [12/May/2026:21:57:04 -0400] "GET /0002ac6350c8.html HTTP/1.1" 404 1251 "-" "Mozilla/5.0 (compatible; MJ12bot/v1.4.8; http://mj12bot.com/)"
145.239.65.226 - - [12/May/2026:21:57:04 -0400] "GET /category/brunch-cafe-ru/feed/ HTTP/1.1" 404 1251 "-" "Mozilla/5.0 (compatible; MJ12bot/v1.4.8; http://mj12bot.com/)"
176.31.139.8 - - [12/May/2026:21:57:05 -0400] "GET /2026/02/02/it-2002-founded-internet-casino-is-among-the-associate-amicable-platforms-within-the-cityviews-classification-flag/feed/ HTTP/1.1" 404 1251 "-" "Mozilla/5.0 (compatible; AhrefsBot/7.0; +http://ahrefs.com/robot/)"
54.36.60.91 - - [12/May/2026:21:56:44 -0400] "GET /0002ac635090.html HTTP/1.1" 404 1251 "-" "Mozilla/5.0 (compatible; MJ12bot/v1.4.8; http://mj12bot.com/)"
145.239.65.226 - - [12/May/2026:21:56:44 -0400] "GET /category/betwinner07023/feed/ HTTP/1.1" 404 1251 "-" "Mozilla/5.0 (compatible; MJ12bot/v1.4.8; http://mj12bot.com/)"
54.36.60.91 - - [12/May/2026:21:56:45 -0400] "GET /0002ac635092.html HTTP/1.1" 404 1251 "-" "Mozilla/5.0 (compatible; MJ12bot/v1.4.8; http://mj12bot.com/)"
145.239.65.226 - - [12/May/2026:21:56:46 -0400] "GET /category/betwinner1/feed/ HTTP/1.1" 404 1251 "-" "Mozilla/5.0 (compatible; MJ12bot/v1.4.8; http://mj12bot.com/)"
54.36.60.91 - - [12/May/2026:21:56:50 -0400] "GET /0002ac6350a6.html HTTP/1.1" 404 1251 "-" "Mozilla/5.0 (compatible; MJ12bot/v1.4.8; http://mj12bot.com/)"
54.36.60.91 - - [12/May/2026:21:56:51 -0400] "GET /0002ac6350a8.html HTTP/1.1" 404 1251 "-" "Mozilla/5.0 (compatible; MJ12bot/v1.4.8; http://mj12bot.com/)"
92.222.104.204 - - [12/May/2026:21:56:52 -0400] "GET /2026/01/30/totally-free-harbors-are-a-great-a-risk-totally-free-adventure-to-spend-a-single-day/feed/ HTTP/1.1" 404 1251 "-" "Mozilla/5.0 (compatible; AhrefsBot/7.0; +http://ahrefs.com/robot/)"
54.36.60.91 - - [12/May/2026:21:56:53 -0400] "GET /0002ac6350ad.html HTTP/1.1" 404 1251 "-" "Mozilla/5.0 (compatible; MJ12bot/v1.4.8; http://mj12bot.com/)"
145.239.65.226 - - [12/May/2026:21:56:55 -0400] "GET /category/biireland-com3/feed/ HTTP/1.1" 404 1251 "-" "Mozilla/5.0 (compatible; MJ12bot/v1.4.8; http://mj12bot.com/)"
54.36.60.91 - - [12/May/2026:21:56:55 -0400] "GET /0002ac6350ae.html HTTP/1.1" 404 1251 "-" "Mozilla/5.0 (compatible; MJ12bot/v1.4.8; http://mj12bot.com/)"
54.36.60.91 - - [12/May/2026:21:56:56 -0400] "GET /0002ac6350b7.html HTTP/1.1" 404 1251 "-" "Mozilla/5.0 (compatible; MJ12bot/v1.4.8; http://mj12bot.com/)"
85.208.96.212 - - [12/May/2026:21:56:56 -0400] "GET /2026/01/26/aristocrat-ist-und-bleibt-irgendeiner-durch-sehr-vielen-computerprogramm-providern-selbige-bei-diesseitigen-online-casinos-zum-einsatz-aufkreuzen/ HTTP/1.1" 404 1251 "-" "Mozilla/5.0 (compatible; SemrushBot/7~bl; +http://www.semrush.com/bot.html)"
145.239.65.226 - - [12/May/2026:21:56:58 -0400] "GET /category/bookkeeping/feed/ HTTP/1.1" 404 1251 "-" "Mozilla/5.0 (compatible; MJ12bot/v1.4.8; http://mj12bot.com/)"
94.23.188.219 - - [12/May/2026:21:56:59 -0400] "GET /2026/01/02/best-online-pokies-internet-sites-and-video-game-to-have-australian-people-inside-2024-internet-casino/feed/ HTTP/1.1" 404 1251 "-" "Mozilla/5.0 (compatible; AhrefsBot/7.0; +http://ahrefs.com/robot/)"
54.36.60.91 - - [12/May/2026:21:56:59 -0400] "GET /0002ac6350be.html HTTP/1.1" 404 1251 "-" "Mozilla/5.0 (compatible; MJ12bot/v1.4.8; http://mj12bot.com/)"
145.239.65.226 - - [12/May/2026:21:57:00 -0400] "GET /category/bootstrap-3-rucomponents-php-900/feed/ HTTP/1.1" 404 1251 "-" "Mozilla/5.0 (compatible; MJ12bot/v1.4.8; http://mj12bot.com/)"
54.36.60.91 - - [12/May/2026:21:57:01 -0400] "GET /0002ac6350c0.html HTTP/1.1" 404 1251 "-" "Mozilla/5.0 (compatible; MJ12bot/v1.4.8; http://mj12bot.com/)"
176.31.139.14 - - [12/May/2026:21:57:02 -0400] "GET /2025/08/09/die-bedeutung-serioser-online-casino-bewertungen-fur-die-branche-ein-blick-hinter-die-kulissen/feed/ HTTP/1.1" 404 1251 "-" "Mozilla/5.0 (compatible; AhrefsBot/7.0; +http://ahrefs.com/robot/)"
145.239.65.226 - - [12/May/2026:21:57:02 -0400] "GET /category/breakingthesilenceor-com2/feed/ HTTP/1.1" 404 1251 "-" "Mozilla/5.0 (compatible; MJ12bot/v1.4.8; http://mj12bot.com/)"
54.36.60.91 - - [12/May/2026:21:57:05 -0400] "GET /0002ac6350cb.html HTTP/1.1" 404 1251 "-" "Mozilla/5.0 (compatible; MJ12bot/v1.4.8; http://mj12bot.com/)"
54.36.60.91 - - [12/May/2026:21:57:07 -0400] "GET /0002ac6350ce.html HTTP/1.1" 404 1251 "-" "Mozilla/5.0 (compatible; MJ12bot/v1.4.8; http://mj12bot.com/)"
85.208.96.202 - - [12/May/2026:21:57:09 -0400] "GET /2025/11/17/online-slot-gaming-s-evolution-a-deep-dive-into-themes-and-player-experiences/ HTTP/1.1" 404 1251 "-" "Mozilla/5.0 (compatible; SemrushBot/7~bl; +http://www.semrush.com/bot.html)"
145.239.65.226 - - [12/May/2026:21:57:06 -0400] "GET /category/brunch-cafe-ru1/feed/ HTTP/1.1" 404 1251 "-" "Mozilla/5.0 (compatible; MJ12bot/v1.4.8; http://mj12bot.com/)"
145.239.65.226 - - [12/May/2026:21:57:08 -0400] "GET /category/bubbleshop-ru-300/feed/ HTTP/1.1" 404 1251 "-" "Mozilla/5.0 (compatible; MJ12bot/v1.4.8; http://mj12bot.com/)"
54.36.60.91 - - [12/May/2026:21:57:08 -0400] "GET /0002ac6350d0.html HTTP/1.1" 404 1251 "-" "Mozilla/5.0 (compatible; MJ12bot/v1.4.8; http://mj12bot.com/)"
176.31.139.4 - - [12/May/2026:21:57:09 -0400] "GET /2026/01/02/whats-more-it-possess-a-selection-of-styled-symbols-together-with-a-crown-hourglass-band-and-you-will-top/feed/ HTTP/1.1" 404 1251 "-" "Mozilla/5.0 (compatible; AhrefsBot/7.0; +http://ahrefs.com/robot/)"
54.36.60.91 - - [12/May/2026:21:57:10 -0400] "GET /0002ac6350d4.html HTTP/1.1" 404 1251 "-" "Mozilla/5.0 (compatible; MJ12bot/v1.4.8; http://mj12bot.com/)"
145.239.65.226 - - [12/May/2026:21:57:12 -0400] "GET /category/caneraker-com-1500/feed/ HTTP/1.1" 404 1251 "-" "Mozilla/5.0 (compatible; MJ12bot/v1.4.8; http://mj12bot.com/)"
54.36.60.91 - - [12/May/2026:21:57:13 -0400] "GET /0002ac6350e2.html HTTP/1.1" 404 1251 "-" "Mozilla/5.0 (compatible; MJ12bot/v1.4.8; http://mj12bot.com/)"
54.36.60.91 - - [12/May/2026:21:57:17 -0400] "GET /0002ac6350fc.html HTTP/1.1" 404 1251 "-" "Mozilla/5.0 (compatible; MJ12bot/v1.4.8; http://mj12bot.com/)"
145.239.65.226 - - [12/May/2026:21:57:18 -0400] "GET /category/casino-20-11-1/feed/ HTTP/1.1" 404 1251 "-" "Mozilla/5.0 (compatible; MJ12bot/v1.4.8; http://mj12bot.com/)"
54.36.60.91 - - [12/May/2026:21:57:19 -0400] "GET /0002ac635101.html HTTP/1.1" 404 1251 "-" "Mozilla/5.0 (compatible; MJ12bot/v1.4.8; http://mj12bot.com/)"
54.36.60.91 - - [12/May/2026:21:57:21 -0400] "GET /0002ac635105.html HTTP/1.1" 404 1251 "-" "Mozilla/5.0 (compatible; MJ12bot/v1.4.8; http://mj12bot.com/)"
92.222.108.121 - - [12/May/2026:21:57:21 -0400] "GET /2025/12/18/los-excelentes-plataformas-de-casino-en-internet-para-jugadores-argentinos/feed/ HTTP/1.1" 404 1251 "-" "Mozilla/5.0 (compatible; AhrefsBot/7.0; +http://ahrefs.com/robot/)"
145.239.65.226 - - [12/May/2026:21:57:23 -0400] "GET /category/casino-pinco-xyz/feed/ HTTP/1.1" 404 1251 "-" "Mozilla/5.0 (compatible; MJ12bot/v1.4.8; http://mj12bot.com/)"
145.239.65.226 - - [12/May/2026:21:57:24 -0400] "GET /category/casino01262/feed/ HTTP/1.1" 404 1251 "-" "Mozilla/5.0 (compatible; MJ12bot/v1.4.8; http://mj12bot.com/)"
54.36.60.91 - - [12/May/2026:21:57:25 -0400] "GET /0002ac635118.html HTTP/1.1" 404 1251 "-" "Mozilla/5.0 (compatible; MJ12bot/v1.4.8; http://mj12bot.com/)"
145.239.65.226 - - [12/May/2026:21:57:26 -0400] "GET /category/casino01263/feed/ HTTP/1.1" 404 1251 "-" "Mozilla/5.0 (compatible; MJ12bot/v1.4.8; http://mj12bot.com/)"
54.36.60.91 - - [12/May/2026:21:57:27 -0400] "GET /0002ac635119.html HTTP/1.1" 404 1251 "-" "Mozilla/5.0 (compatible; MJ12bot/v1.4.8; http://mj12bot.com/)"
54.36.60.91 - - [12/May/2026:21:57:28 -0400] "GET /0002ac63511c.html HTTP/1.1" 404 1251 "-" "Mozilla/5.0 (compatible; MJ12bot/v1.4.8; http://mj12bot.com/)"
145.239.65.226 - - [12/May/2026:21:57:29 -0400] "GET /category/casino01265/feed/ HTTP/1.1" 404 1251 "-" "Mozilla/5.0 (compatible; MJ12bot/v1.4.8; http://mj12bot.com/)"
54.36.60.91 - - [12/May/2026:21:57:30 -0400] "GET /0002ac63511e.html HTTP/1.1" 404 1251 "-" "Mozilla/5.0 (compatible; MJ12bot/v1.4.8; http://mj12bot.com/)"
145.239.65.226 - - [12/May/2026:21:57:31 -0400] "GET /category/casino03021/feed/ HTTP/1.1" 404 1251 "-" "Mozilla/5.0 (compatible; MJ12bot/v1.4.8; http://mj12bot.com/)"
54.36.60.91 - - [12/May/2026:21:57:31 -0400] "GET /0002ac635125.html HTTP/1.1" 404 1251 "-" "Mozilla/5.0 (compatible; MJ12bot/v1.4.8; http://mj12bot.com/)"
5.39.109.164 - - [12/May/2026:21:57:32 -0400] "GET /2025/12/25/freeplay-on-line-casino-incentives-real-cash-totally-free-enjoy-also-provides-mrslotty-gaming-software-updated-july-2024/feed/ HTTP/1.1" 404 1251 "-" "Mozilla/5.0 (compatible; AhrefsBot/7.0; +http://ahrefs.com/robot/)"
145.239.65.226 - - [12/May/2026:21:57:10 -0400] "GET /category/bwinbet-ch/feed/ HTTP/1.1" 404 1251 "-" "Mozilla/5.0 (compatible; MJ12bot/v1.4.8; http://mj12bot.com/)"
54.36.60.91 - - [12/May/2026:21:57:11 -0400] "GET /0002ac6350d7.html HTTP/1.1" 404 1251 "-" "Mozilla/5.0 (compatible; MJ12bot/v1.4.8; http://mj12bot.com/)"
5.39.1.230 - - [12/May/2026:21:57:12 -0400] "GET /2025/12/12/win-real-money-at-the-top-casinos-your-ultimate-15/feed/ HTTP/1.1" 404 1251 "-" "Mozilla/5.0 (compatible; AhrefsBot/7.0; +http://ahrefs.com/robot/)"
145.239.65.226 - - [12/May/2026:21:57:14 -0400] "GET /category/casino-15-11-1/feed/ HTTP/1.1" 404 1251 "-" "Mozilla/5.0 (compatible; MJ12bot/v1.4.8; http://mj12bot.com/)"
54.36.60.91 - - [12/May/2026:21:57:14 -0400] "GET /0002ac6350eb.html HTTP/1.1" 404 1251 "-" "Mozilla/5.0 (compatible; MJ12bot/v1.4.8; http://mj12bot.com/)"
5.39.1.248 - - [12/May/2026:21:57:15 -0400] "GET /2026/01/20/gambling-enterprises-you-to-manage-new-jersey-players-offering-5-dragons/feed/ HTTP/1.1" 404 1251 "-" "Mozilla/5.0 (compatible; AhrefsBot/7.0; +http://ahrefs.com/robot/)"
145.239.65.226 - - [12/May/2026:21:57:16 -0400] "GET /category/casino-17-11-1/feed/ HTTP/1.1" 404 1251 "-" "Mozilla/5.0 (compatible; MJ12bot/v1.4.8; http://mj12bot.com/)"
54.36.60.91 - - [12/May/2026:21:57:16 -0400] "GET /0002ac6350fb.html HTTP/1.1" 404 1251 "-" "Mozilla/5.0 (compatible; MJ12bot/v1.4.8; http://mj12bot.com/)"
5.39.1.253 - - [12/May/2026:21:57:18 -0400] "GET /2026/01/23/la-maggior-parte-dei-giochi-dellintero-masso-si-possono-verificare-ed-within-maniera-demo/feed/ HTTP/1.1" 404 1251 "-" "Mozilla/5.0 (compatible; AhrefsBot/7.0; +http://ahrefs.com/robot/)"
145.239.65.226 - - [12/May/2026:21:57:19 -0400] "GET /category/casino-25-11-1/feed/ HTTP/1.1" 404 1251 "-" "Mozilla/5.0 (compatible; MJ12bot/v1.4.8; http://mj12bot.com/)"
145.239.65.226 - - [12/May/2026:21:57:21 -0400] "GET /category/casino-online/feed/ HTTP/1.1" 404 1251 "-" "Mozilla/5.0 (compatible; MJ12bot/v1.4.8; http://mj12bot.com/)"
54.36.60.91 - - [12/May/2026:21:57:22 -0400] "GET /0002ac635109.html HTTP/1.1" 404 1251 "-" "Mozilla/5.0 (compatible; MJ12bot/v1.4.8; http://mj12bot.com/)"
185.191.171.6 - - [12/May/2026:21:57:23 -0400] "GET /2025/07/16/le-guide-des-jeux-de-cartes-sur-winzoria-casino/ HTTP/1.1" 404 1251 "-" "Mozilla/5.0 (compatible; SemrushBot/7~bl; +http://www.semrush.com/bot.html)"
54.36.60.91 - - [12/May/2026:21:57:24 -0400] "GET /0002ac635111.html HTTP/1.1" 404 1251 "-" "Mozilla/5.0 (compatible; MJ12bot/v1.4.8; http://mj12bot.com/)"
5.39.1.228 - - [12/May/2026:21:57:24 -0400] "GET /2026/02/05/casino-inte-med-konto-och-inskrivning-december-2025-topplista/feed/ HTTP/1.1" 404 1251 "-" "Mozilla/5.0 (compatible; AhrefsBot/7.0; +http://ahrefs.com/robot/)"
145.239.65.226 - - [12/May/2026:21:57:27 -0400] "GET /category/casino01264/feed/ HTTP/1.1" 404 1251 "-" "Mozilla/5.0 (compatible; MJ12bot/v1.4.8; http://mj12bot.com/)"
37.59.204.139 - - [12/May/2026:21:57:31 -0400] "GET /2025/12/24/bonus-powitalny-zazwyczaj-jest-sprzedawany-z-jakas-honor-taka-od-darmowe-spiny-w-inny-sposob-bonusowa/feed/ HTTP/1.1" 404 1251 "-" "Mozilla/5.0 (compatible; AhrefsBot/7.0; +http://ahrefs.com/robot/)"
145.239.65.226 - - [12/May/2026:21:57:34 -0400] "GET /category/casino04024/feed/ HTTP/1.1" 404 1251 "-" "Mozilla/5.0 (compatible; MJ12bot/v1.4.8; http://mj12bot.com/)"
54.36.60.91 - - [12/May/2026:21:57:34 -0400] "GET /0002ac635128.html HTTP/1.1" 404 1251 "-" "Mozilla/5.0 (compatible; MJ12bot/v1.4.8; http://mj12bot.com/)"
5.39.1.243 - - [12/May/2026:21:57:35 -0400] "GET /2025/12/14/innovative-alternativen-in-der-online-glucksspielbranche-wie-plattformen-wie-wazamba-neue-massstabe-setzen/feed/ HTTP/1.1" 404 1251 "-" "Mozilla/5.0 (compatible; AhrefsBot/7.0; +http://ahrefs.com/robot/)"
145.239.65.226 - - [12/May/2026:21:57:35 -0400] "GET /category/casino05023/feed/ HTTP/1.1" 404 1251 "-" "Mozilla/5.0 (compatible; MJ12bot/v1.4.8; http://mj12bot.com/)"
145.239.65.226 - - [12/May/2026:21:57:32 -0400] "GET /category/casino03022/feed/ HTTP/1.1" 404 1251 "-" "Mozilla/5.0 (compatible; MJ12bot/v1.4.8; http://mj12bot.com/)"
54.36.60.91 - - [12/May/2026:21:57:33 -0400] "GET /0002ac635126.html HTTP/1.1" 404 1251 "-" "Mozilla/5.0 (compatible; MJ12bot/v1.4.8; http://mj12bot.com/)"
54.36.60.91 - - [12/May/2026:21:57:36 -0400] "GET /0002ac635129.html HTTP/1.1" 404 1251 "-" "Mozilla/5.0 (compatible; MJ12bot/v1.4.8; http://mj12bot.com/)"
54.36.60.91 - - [12/May/2026:21:57:39 -0400] "GET /0002ac635131.html HTTP/1.1" 404 1251 "-" "Mozilla/5.0 (compatible; MJ12bot/v1.4.8; http://mj12bot.com/)"
145.239.65.226 - - [12/May/2026:21:57:40 -0400] "GET /category/casinobet15/feed/ HTTP/1.1" 404 1251 "-" "Mozilla/5.0 (compatible; MJ12bot/v1.4.8; http://mj12bot.com/)"
145.239.65.226 - - [12/May/2026:21:57:42 -0400] "GET /category/casinobet16/feed/ HTTP/1.1" 404 1251 "-" "Mozilla/5.0 (compatible; MJ12bot/v1.4.8; http://mj12bot.com/)"
54.36.60.91 - - [12/May/2026:21:57:42 -0400] "GET /0002ac635133.html HTTP/1.1" 404 1251 "-" "Mozilla/5.0 (compatible; MJ12bot/v1.4.8; http://mj12bot.com/)"
145.239.65.226 - - [12/May/2026:21:57:43 -0400] "GET /category/casinobet17/feed/ HTTP/1.1" 404 1251 "-" "Mozilla/5.0 (compatible; MJ12bot/v1.4.8; http://mj12bot.com/)"
5.39.109.179 - - [12/May/2026:21:57:43 -0400] "GET /2026/01/02/attention-from-horus-position-opinion-2025-96-29-rtp-play-for-free/feed/ HTTP/1.1" 404 1251 "-" "Mozilla/5.0 (compatible; AhrefsBot/7.0; +http://ahrefs.com/robot/)"
54.36.60.91 - - [12/May/2026:21:57:44 -0400] "GET /0002ac635134.html HTTP/1.1" 404 1251 "-" "Mozilla/5.0 (compatible; MJ12bot/v1.4.8; http://mj12bot.com/)"
54.36.60.91 - - [12/May/2026:21:57:45 -0400] "GET /0002ac635137.html HTTP/1.1" 404 1251 "-" "Mozilla/5.0 (compatible; MJ12bot/v1.4.8; http://mj12bot.com/)"
145.239.65.226 - - [12/May/2026:21:57:46 -0400] "GET /category/doubelochka-ru-30/feed/ HTTP/1.1" 404 1251 "-" "Mozilla/5.0 (compatible; MJ12bot/v1.4.8; http://mj12bot.com/)"
54.36.60.91 - - [12/May/2026:21:57:47 -0400] "GET /0002ac63513e.html HTTP/1.1" 404 1251 "-" "Mozilla/5.0 (compatible; MJ12bot/v1.4.8; http://mj12bot.com/)"
145.239.65.226 - - [12/May/2026:21:57:48 -0400] "GET /category/doy-ckazka-ru/allz-2/feed/ HTTP/1.1" 404 1251 "-" "Mozilla/5.0 (compatible; MJ12bot/v1.4.8; http://mj12bot.com/)"
145.239.65.226 - - [12/May/2026:21:57:49 -0400] "GET /category/fastalabama-com/feed/ HTTP/1.1" 404 1251 "-" "Mozilla/5.0 (compatible; MJ12bot/v1.4.8; http://mj12bot.com/)"
145.239.65.226 - - [12/May/2026:21:57:51 -0400] "GET /category/fbschweiz-events-ch/feed/ HTTP/1.1" 404 1251 "-" "Mozilla/5.0 (compatible; MJ12bot/v1.4.8; http://mj12bot.com/)"
145.239.65.226 - - [12/May/2026:21:57:53 -0400] "GET /category/fckh-ru/feed/ HTTP/1.1" 404 1251 "-" "Mozilla/5.0 (compatible; MJ12bot/v1.4.8; http://mj12bot.com/)"
145.239.65.226 - - [12/May/2026:21:57:56 -0400] "GET /category/goldfishcasino/feed/ HTTP/1.1" 404 1251 "-" "Mozilla/5.0 (compatible; MJ12bot/v1.4.8; http://mj12bot.com/)"
145.239.65.226 - - [12/May/2026:21:57:37 -0400] "GET /category/casino05026/feed/ HTTP/1.1" 404 1251 "-" "Mozilla/5.0 (compatible; MJ12bot/v1.4.8; http://mj12bot.com/)"
54.36.60.91 - - [12/May/2026:21:57:37 -0400] "GET /0002ac63512b.html HTTP/1.1" 404 1251 "-" "Mozilla/5.0 (compatible; MJ12bot/v1.4.8; http://mj12bot.com/)"
94.23.188.200 - - [12/May/2026:21:57:38 -0400] "GET /2025/12/25/a-distancia-protegen-los-arcaicos-utilidades-de-atencion-cual-unicamente-se-podri%EF%BF%BDan-mover-realizaban-para-e-mail/feed/ HTTP/1.1" 404 1251 "-" "Mozilla/5.0 (compatible; AhrefsBot/7.0; +http://ahrefs.com/robot/)"
145.239.65.226 - - [12/May/2026:21:57:39 -0400] "GET /category/casino06121/feed/ HTTP/1.1" 404 1251 "-" "Mozilla/5.0 (compatible; MJ12bot/v1.4.8; http://mj12bot.com/)"
54.36.60.91 - - [12/May/2026:21:57:40 -0400] "GET /0002ac635132.html HTTP/1.1" 404 1251 "-" "Mozilla/5.0 (compatible; MJ12bot/v1.4.8; http://mj12bot.com/)"
51.68.247.208 - - [12/May/2026:21:57:44 -0400] "GET /2026/01/08/thank-you-for-visiting-n1bet-casino-thrills-no-deposit-bonus-nigeria-subscribe-begin-to-play/feed/ HTTP/1.1" 404 1251 "-" "Mozilla/5.0 (compatible; AhrefsBot/7.0; +http://ahrefs.com/robot/)"
145.239.65.226 - - [12/May/2026:21:57:45 -0400] "GET /category/dom-trikolor-rucasino-500/feed/ HTTP/1.1" 404 1251 "-" "Mozilla/5.0 (compatible; MJ12bot/v1.4.8; http://mj12bot.com/)"
176.31.139.23 - - [12/May/2026:21:57:47 -0400] "GET /2026/01/26/lequel-avec-pas-bon-pour-abandonnent-un-inconnu-ils-me-me-fait-glousser/feed/ HTTP/1.1" 404 1251 "-" "Mozilla/5.0 (compatible; AhrefsBot/7.0; +http://ahrefs.com/robot/)"
54.36.60.91 - - [12/May/2026:21:57:49 -0400] "GET /0002ac635141.html HTTP/1.1" 404 1251 "-" "Mozilla/5.0 (compatible; MJ12bot/v1.4.8; http://mj12bot.com/)"
54.36.60.91 - - [12/May/2026:21:57:50 -0400] "GET /0002ac635142.html HTTP/1.1" 404 1251 "-" "Mozilla/5.0 (compatible; MJ12bot/v1.4.8; http://mj12bot.com/)"
176.31.139.13 - - [12/May/2026:21:57:50 -0400] "GET /2026/01/21/how-can-i-setup-an-excellent-pulsz-public-local-casino-membership/feed/ HTTP/1.1" 404 1251 "-" "Mozilla/5.0 (compatible; AhrefsBot/7.0; +http://ahrefs.com/robot/)"
54.36.60.91 - - [12/May/2026:21:57:52 -0400] "GET /0002ac635148.html HTTP/1.1" 404 1251 "-" "Mozilla/5.0 (compatible; MJ12bot/v1.4.8; http://mj12bot.com/)"
54.36.60.91 - - [12/May/2026:21:57:53 -0400] "GET /0002ac63514a.html HTTP/1.1" 404 1251 "-" "Mozilla/5.0 (compatible; MJ12bot/v1.4.8; http://mj12bot.com/)"
145.239.65.226 - - [12/May/2026:21:57:54 -0400] "GET /category/glorycasino/feed/ HTTP/1.1" 404 1251 "-" "Mozilla/5.0 (compatible; MJ12bot/v1.4.8; http://mj12bot.com/)"
92.222.108.116 - - [12/May/2026:21:57:54 -0400] "GET /2026/01/21/ideal-sixteen-greatest-selections-getting-instant-earnings/feed/ HTTP/1.1" 404 1251 "-" "Mozilla/5.0 (compatible; AhrefsBot/7.0; +http://ahrefs.com/robot/)"
54.36.60.91 - - [12/May/2026:21:57:55 -0400] "GET /0002ac63514e.html HTTP/1.1" 404 1251 "-" "Mozilla/5.0 (compatible; MJ12bot/v1.4.8; http://mj12bot.com/)"
54.36.60.91 - - [12/May/2026:21:57:56 -0400] "GET /0002ac635153.html HTTP/1.1" 404 1251 "-" "Mozilla/5.0 (compatible; MJ12bot/v1.4.8; http://mj12bot.com/)"
54.37.118.81 - - [12/May/2026:21:57:57 -0400] "GET /2025/12/02/how-to-navigate-gamblits-casino-s-website/feed/ HTTP/1.1" 404 1251 "-" "Mozilla/5.0 (compatible; AhrefsBot/7.0; +http://ahrefs.com/robot/)"
145.239.65.226 - - [12/May/2026:21:57:59 -0400] "GET /category/greekgirlscode-com2/feed/ HTTP/1.1" 404 1251 "-" "Mozilla/5.0 (compatible; MJ12bot/v1.4.8; http://mj12bot.com/)"
54.36.60.91 - - [12/May/2026:21:57:59 -0400] "GET /0002ac63515b.html HTTP/1.1" 404 1251 "-" "Mozilla/5.0 (compatible; MJ12bot/v1.4.8; http://mj12bot.com/)"
54.36.60.91 - - [12/May/2026:21:58:01 -0400] "GET /0002ac63515c.html HTTP/1.1" 404 1251 "-" "Mozilla/5.0 (compatible; MJ12bot/v1.4.8; http://mj12bot.com/)"
145.239.65.226 - - [12/May/2026:21:58:02 -0400] "GET /category/hash-bcgame-com/feed/ HTTP/1.1" 404 1251 "-" "Mozilla/5.0 (compatible; MJ12bot/v1.4.8; http://mj12bot.com/)"
145.239.65.226 - - [12/May/2026:21:58:07 -0400] "GET /category/hoteldelafuente-com/feed/ HTTP/1.1" 404 1251 "-" "Mozilla/5.0 (compatible; MJ12bot/v1.4.8; http://mj12bot.com/)"
92.222.104.215 - - [12/May/2026:21:58:07 -0400] "GET /2026/01/15/gamble-five-hundred-casumo-casino-totally-free-slot-game-online-zero-indication-right-up-or-install/feed/ HTTP/1.1" 404 1251 "-" "Mozilla/5.0 (compatible; AhrefsBot/7.0; +http://ahrefs.com/robot/)"
54.36.60.91 - - [12/May/2026:21:58:08 -0400] "GET /0002ac635176.html HTTP/1.1" 404 1251 "-" "Mozilla/5.0 (compatible; MJ12bot/v1.4.8; http://mj12bot.com/)"
145.239.65.226 - - [12/May/2026:21:58:09 -0400] "GET /category/icestupa4/feed/ HTTP/1.1" 404 1251 "-" "Mozilla/5.0 (compatible; MJ12bot/v1.4.8; http://mj12bot.com/)"
5.39.109.171 - - [12/May/2026:21:58:09 -0400] "GET /2026/02/09/online-black-jack-is-the-undeniable-king-of-ones-playojo-local-casino-forest/feed/ HTTP/1.1" 404 1251 "-" "Mozilla/5.0 (compatible; AhrefsBot/7.0; +http://ahrefs.com/robot/)"
54.36.60.91 - - [12/May/2026:21:58:10 -0400] "GET /0002ac635178.html HTTP/1.1" 404 1251 "-" "Mozilla/5.0 (compatible; MJ12bot/v1.4.8; http://mj12bot.com/)"
94.23.188.223 - - [12/May/2026:21:58:11 -0400] "GET /2026/01/21/visit-the-gambling-enterprise-website-and-you-can-create-an-account/feed/ HTTP/1.1" 404 1251 "-" "Mozilla/5.0 (compatible; AhrefsBot/7.0; +http://ahrefs.com/robot/)"
185.191.171.6 - - [12/May/2026:21:58:14 -0400] "GET /2026/01/29/new-application-keeps-a-set-of-777-online-casino-games-bringing-an-extensive-variety-of-choices-for-profiles/ HTTP/1.1" 404 1251 "-" "Mozilla/5.0 (compatible; SemrushBot/7~bl; +http://www.semrush.com/bot.html)"
51.68.247.223 - - [12/May/2026:21:58:14 -0400] "GET /2026/02/03/10-beste-microgaming-spill-prissy-princess-slot-online-no-download-nettcasinoer-2026/feed/ HTTP/1.1" 404 1251 "-" "Mozilla/5.0 (compatible; AhrefsBot/7.0; +http://ahrefs.com/robot/)"
54.36.60.91 - - [12/May/2026:21:58:15 -0400] "GET /0002ac635180.html HTTP/1.1" 404 1251 "-" "Mozilla/5.0 (compatible; MJ12bot/v1.4.8; http://mj12bot.com/)"
54.36.60.91 - - [12/May/2026:21:58:16 -0400] "GET /0002ac635181.html HTTP/1.1" 404 1251 "-" "Mozilla/5.0 (compatible; MJ12bot/v1.4.8; http://mj12bot.com/)"
54.36.60.91 - - [12/May/2026:21:58:18 -0400] "GET /0002ac635189.html HTTP/1.1" 404 1251 "-" "Mozilla/5.0 (compatible; MJ12bot/v1.4.8; http://mj12bot.com/)"
54.36.60.91 - - [12/May/2026:21:58:20 -0400] "GET /0002ac635199.html HTTP/1.1" 404 1251 "-" "Mozilla/5.0 (compatible; MJ12bot/v1.4.8; http://mj12bot.com/)"
94.23.188.220 - - [12/May/2026:21:58:21 -0400] "GET /2026/01/30/a-real-income-online-gold-rush-slot-free-spins-slots-games/feed/ HTTP/1.1" 404 1251 "-" "Mozilla/5.0 (compatible; AhrefsBot/7.0; +http://ahrefs.com/robot/)"
54.36.60.91 - - [12/May/2026:21:58:23 -0400] "GET /0002ac63519c.html HTTP/1.1" 404 1251 "-" "Mozilla/5.0 (compatible; MJ12bot/v1.4.8; http://mj12bot.com/)"
54.36.60.91 - - [12/May/2026:21:58:25 -0400] "GET /0002ac6351a0.html HTTP/1.1" 404 1251 "-" "Mozilla/5.0 (compatible; MJ12bot/v1.4.8; http://mj12bot.com/)"
145.239.65.226 - - [12/May/2026:21:57:57 -0400] "GET /category/grandpashabet/feed/ HTTP/1.1" 404 1251 "-" "Mozilla/5.0 (compatible; MJ12bot/v1.4.8; http://mj12bot.com/)"
54.36.60.91 - - [12/May/2026:21:57:58 -0400] "GET /0002ac635159.html HTTP/1.1" 404 1251 "-" "Mozilla/5.0 (compatible; MJ12bot/v1.4.8; http://mj12bot.com/)"
145.239.65.226 - - [12/May/2026:21:58:00 -0400] "GET /category/groznycityhotel-ru/2000zdp/feed/ HTTP/1.1" 404 1251 "-" "Mozilla/5.0 (compatible; MJ12bot/v1.4.8; http://mj12bot.com/)"
92.222.108.125 - - [12/May/2026:21:58:01 -0400] "GET /2026/01/21/not-it-is-possible-to-mitigate-the-consequences-of-annoying-stipulation/feed/ HTTP/1.1" 404 1251 "-" "Mozilla/5.0 (compatible; AhrefsBot/7.0; +http://ahrefs.com/robot/)"
54.36.60.91 - - [12/May/2026:21:58:02 -0400] "GET /0002ac63515f.html HTTP/1.1" 404 1251 "-" "Mozilla/5.0 (compatible; MJ12bot/v1.4.8; http://mj12bot.com/)"
145.239.65.226 - - [12/May/2026:21:58:03 -0400] "GET /category/hediyerehberim-com-1000/feed/ HTTP/1.1" 404 1251 "-" "Mozilla/5.0 (compatible; MJ12bot/v1.4.8; http://mj12bot.com/)"
54.36.60.91 - - [12/May/2026:21:58:04 -0400] "GET /0002ac635163.html HTTP/1.1" 404 1251 "-" "Mozilla/5.0 (compatible; MJ12bot/v1.4.8; http://mj12bot.com/)"
54.36.60.91 - - [12/May/2026:21:58:05 -0400] "GET /0002ac63516b.html HTTP/1.1" 404 1251 "-" "Mozilla/5.0 (compatible; MJ12bot/v1.4.8; http://mj12bot.com/)"
145.239.65.226 - - [12/May/2026:21:58:05 -0400] "GET /category/hooplacomputer-hu/feed/ HTTP/1.1" 404 1251 "-" "Mozilla/5.0 (compatible; MJ12bot/v1.4.8; http://mj12bot.com/)"
54.36.60.91 - - [12/May/2026:21:58:07 -0400] "GET /0002ac63516c.html HTTP/1.1" 404 1251 "-" "Mozilla/5.0 (compatible; MJ12bot/v1.4.8; http://mj12bot.com/)"
54.36.60.91 - - [12/May/2026:21:58:12 -0400] "GET /0002ac635179.html HTTP/1.1" 404 1251 "-" "Mozilla/5.0 (compatible; MJ12bot/v1.4.8; http://mj12bot.com/)"
54.36.60.91 - - [12/May/2026:21:58:13 -0400] "GET /0002ac63517c.html HTTP/1.1" 404 1251 "-" "Mozilla/5.0 (compatible; MJ12bot/v1.4.8; http://mj12bot.com/)"
54.37.118.77 - - [12/May/2026:21:58:17 -0400] "GET /2026/01/21/you-can-find-several-playing-choices-such-as-the-citation-dont-admission-bets-plus-the-larger-6-choice/feed/ HTTP/1.1" 404 1251 "-" "Mozilla/5.0 (compatible; AhrefsBot/7.0; +http://ahrefs.com/robot/)"
54.36.60.91 - - [12/May/2026:21:58:22 -0400] "GET /0002ac63519b.html HTTP/1.1" 404 1251 "-" "Mozilla/5.0 (compatible; MJ12bot/v1.4.8; http://mj12bot.com/)"
94.23.188.221 - - [12/May/2026:21:58:27 -0400] "GET /2026/01/30/bei-keramiken-konnte-person-in-feuer-speiender-berg-vegas-50-freispiele-abzuglich-einzahlung-beibehalten/feed/ HTTP/1.1" 404 1251 "-" "Mozilla/5.0 (compatible; AhrefsBot/7.0; +http://ahrefs.com/robot/)"
54.36.60.91 - - [12/May/2026:21:58:28 -0400] "GET /0002ac6351a3.html HTTP/1.1" 404 1251 "-" "Mozilla/5.0 (compatible; MJ12bot/v1.4.8; http://mj12bot.com/)"
92.222.108.115 - - [12/May/2026:21:58:30 -0400] "GET /2026/01/21/exactly-why-are-a-casino-game-%EF%BF%BDeasy%EF%BF%BD-so-you-can-earn-into-the-online-casino-games/feed/ HTTP/1.1" 404 1251 "-" "Mozilla/5.0 (compatible; AhrefsBot/7.0; +http://ahrefs.com/robot/)"
92.222.104.197 - - [12/May/2026:21:58:33 -0400] "GET /2026/01/16/eye-of-horus-slot-review-ancient-egyptian-wins-await/feed/ HTTP/1.1" 404 1251 "-" "Mozilla/5.0 (compatible; AhrefsBot/7.0; +http://ahrefs.com/robot/)"
54.36.60.91 - - [12/May/2026:21:58:39 -0400] "GET /0002ac6351c3.html HTTP/1.1" 404 1251 "-" "Mozilla/5.0 (compatible; MJ12bot/v1.4.8; http://mj12bot.com/)"
37.59.204.139 - - [12/May/2026:21:58:40 -0400] "GET /2026/01/30/online-casino-50-free-spins-on-copy-cats-no-deposit-bonuses-greatest-bonus-internet-sites-january-2026/feed/ HTTP/1.1" 404 1251 "-" "Mozilla/5.0 (compatible; AhrefsBot/7.0; +http://ahrefs.com/robot/)"
54.36.60.91 - - [12/May/2026:21:58:42 -0400] "GET /0002ac6351c8.html HTTP/1.1" 404 1251 "-" "Mozilla/5.0 (compatible; MJ12bot/v1.4.8; http://mj12bot.com/)"
54.36.60.91 - - [12/May/2026:21:58:27 -0400] "GET /0002ac6351a2.html HTTP/1.1" 404 1251 "-" "Mozilla/5.0 (compatible; MJ12bot/v1.4.8; http://mj12bot.com/)"
5.39.109.171 - - [12/May/2026:21:58:29 -0400] "GET /2026/01/21/accessing-online-casinos-courtesy-a-cellular-web-browser/feed/ HTTP/1.1" 404 1251 "-" "Mozilla/5.0 (compatible; AhrefsBot/7.0; +http://ahrefs.com/robot/)"
54.36.60.91 - - [12/May/2026:21:58:30 -0400] "GET /0002ac6351a6.html HTTP/1.1" 404 1251 "-" "Mozilla/5.0 (compatible; MJ12bot/v1.4.8; http://mj12bot.com/)"
54.36.60.91 - - [12/May/2026:21:58:32 -0400] "GET /0002ac6351a8.html HTTP/1.1" 404 1251 "-" "Mozilla/5.0 (compatible; MJ12bot/v1.4.8; http://mj12bot.com/)"
54.36.60.91 - - [12/May/2026:21:58:34 -0400] "GET /0002ac6351ad.html HTTP/1.1" 404 1251 "-" "Mozilla/5.0 (compatible; MJ12bot/v1.4.8; http://mj12bot.com/)"
54.36.60.91 - - [12/May/2026:21:58:35 -0400] "GET /0002ac6351b0.html HTTP/1.1" 404 1251 "-" "Mozilla/5.0 (compatible; MJ12bot/v1.4.8; http://mj12bot.com/)"
176.31.139.15 - - [12/May/2026:21:58:36 -0400] "GET /2026/01/30/10-better-on-the-web-pokies-and-you-may-gambling-enterprise-internet-sites-in-genius-of-leonardo-slot-no-deposit-australia-2026/feed/ HTTP/1.1" 404 1251 "-" "Mozilla/5.0 (compatible; AhrefsBot/7.0; +http://ahrefs.com/robot/)"
54.36.60.91 - - [12/May/2026:21:58:37 -0400] "GET /0002ac6351c0.html HTTP/1.1" 404 1251 "-" "Mozilla/5.0 (compatible; MJ12bot/v1.4.8; http://mj12bot.com/)"
185.191.171.8 - - [12/May/2026:21:58:39 -0400] "GET /2026/01/14/sweet-bonanza-1000-canhoto-jogo-crystal-forest-revisao-esfogiteado-jogo-infantilidade-download-do-aplicativo-365betpix-apk-slot-acostumado-aquele-ensaio-2024-new-jersey/ HTTP/1.1" 404 1251 "-" "Mozilla/5.0 (compatible; SemrushBot/7~bl; +http://www.semrush.com/bot.html)"
54.36.60.91 - - [12/May/2026:21:58:40 -0400] "GET /0002ac6351c6.html HTTP/1.1" 404 1251 "-" "Mozilla/5.0 (compatible; MJ12bot/v1.4.8; http://mj12bot.com/)"
54.36.60.91 - - [12/May/2026:21:58:44 -0400] "GET /0002ac6351c9.html HTTP/1.1" 404 1251 "-" "Mozilla/5.0 (compatible; MJ12bot/v1.4.8; http://mj12bot.com/)"
54.36.60.91 - - [12/May/2026:21:58:45 -0400] "GET /0002ac6351ca.html HTTP/1.1" 404 1251 "-" "Mozilla/5.0 (compatible; MJ12bot/v1.4.8; http://mj12bot.com/)"
92.222.108.102 - - [12/May/2026:21:58:47 -0400] "GET /2026/01/22/eye-of-horus-kostenfrei-zum-besten-sizzling-hot-deluxe-app-android-download-geben-echtgeld-benutzen/feed/ HTTP/1.1" 404 1251 "-" "Mozilla/5.0 (compatible; AhrefsBot/7.0; +http://ahrefs.com/robot/)"
54.36.60.91 - - [12/May/2026:21:58:49 -0400] "GET /0002ac6351d1.html HTTP/1.1" 404 1251 "-" "Mozilla/5.0 (compatible; MJ12bot/v1.4.8; http://mj12bot.com/)"
54.37.118.64 - - [12/May/2026:21:58:50 -0400] "GET /2025/12/13/mostbet-az-bukmeker-ve-kazino-mostbet-giri-rsmi-1321/feed/ HTTP/1.1" 404 1251 "-" "Mozilla/5.0 (compatible; AhrefsBot/7.0; +http://ahrefs.com/robot/)"
54.36.60.91 - - [12/May/2026:21:58:50 -0400] "GET /0002ac6351d4.html HTTP/1.1" 404 1251 "-" "Mozilla/5.0 (compatible; MJ12bot/v1.4.8; http://mj12bot.com/)"
185.191.171.15 - - [12/May/2026:21:58:50 -0400] "GET /2026/01/04/5-deposit-gambling-enterprise-bonus-greatest-minimum-dollar-now-offers-to-have-2025/ HTTP/1.1" 404 1251 "-" "Mozilla/5.0 (compatible; SemrushBot/7~bl; +http://www.semrush.com/bot.html)"
54.36.60.91 - - [12/May/2026:21:58:54 -0400] "GET /0002ac6351e1.html HTTP/1.1" 404 1251 "-" "Mozilla/5.0 (compatible; MJ12bot/v1.4.8; http://mj12bot.com/)"
54.36.60.91 - - [12/May/2026:21:58:55 -0400] "GET /0002ac6351e3.html HTTP/1.1" 404 1251 "-" "Mozilla/5.0 (compatible; MJ12bot/v1.4.8; http://mj12bot.com/)"
92.222.108.114 - - [12/May/2026:21:59:00 -0400] "GET /2025/04/27/qbet-casino-game-selection-analysis/feed/ HTTP/1.1" 404 1251 "-" "Mozilla/5.0 (compatible; AhrefsBot/7.0; +http://ahrefs.com/robot/)"
54.36.60.91 - - [12/May/2026:21:59:00 -0400] "GET /0002ac6351f4.html HTTP/1.1" 404 1251 "-" "Mozilla/5.0 (compatible; MJ12bot/v1.4.8; http://mj12bot.com/)"
37.59.204.156 - - [12/May/2026:21:58:43 -0400] "GET /2026/02/02/second-you-might-be-encouraged-to-include-your-local-area-suggestions/feed/ HTTP/1.1" 404 1251 "-" "Mozilla/5.0 (compatible; AhrefsBot/7.0; +http://ahrefs.com/robot/)"
54.36.60.91 - - [12/May/2026:21:58:47 -0400] "GET /0002ac6351cd.html HTTP/1.1" 404 1251 "-" "Mozilla/5.0 (compatible; MJ12bot/v1.4.8; http://mj12bot.com/)"
54.36.60.91 - - [12/May/2026:21:58:52 -0400] "GET /0002ac6351d9.html HTTP/1.1" 404 1251 "-" "Mozilla/5.0 (compatible; MJ12bot/v1.4.8; http://mj12bot.com/)"
92.222.104.194 - - [12/May/2026:21:58:53 -0400] "GET /2026/01/22/96-31-rtp-bestes-online-casino-lucky-new-year-10-000x-max-win-protestation-echtgeld/feed/ HTTP/1.1" 404 1251 "-" "Mozilla/5.0 (compatible; AhrefsBot/7.0; +http://ahrefs.com/robot/)"
92.222.108.97 - - [12/May/2026:21:58:57 -0400] "GET /2026/01/26/permetteteci-di-dire-cio-che-faremo-mediante-questa-incontro/feed/ HTTP/1.1" 404 1251 "-" "Mozilla/5.0 (compatible; AhrefsBot/7.0; +http://ahrefs.com/robot/)"
54.36.60.91 - - [12/May/2026:21:58:57 -0400] "GET /0002ac6351e4.html HTTP/1.1" 404 1251 "-" "Mozilla/5.0 (compatible; MJ12bot/v1.4.8; http://mj12bot.com/)"
54.36.60.91 - - [12/May/2026:21:58:59 -0400] "GET /0002ac6351f2.html HTTP/1.1" 404 1251 "-" "Mozilla/5.0 (compatible; MJ12bot/v1.4.8; http://mj12bot.com/)"
54.36.60.91 - - [12/May/2026:21:59:02 -0400] "GET /0002ac6351fc.html HTTP/1.1" 404 1251 "-" "Mozilla/5.0 (compatible; MJ12bot/v1.4.8; http://mj12bot.com/)"
54.36.60.91 - - [12/May/2026:21:59:04 -0400] "GET /0002ac6351fd.html HTTP/1.1" 404 1251 "-" "Mozilla/5.0 (compatible; MJ12bot/v1.4.8; http://mj12bot.com/)"
54.36.60.91 - - [12/May/2026:21:59:07 -0400] "GET /0002ac635202.html HTTP/1.1" 404 1251 "-" "Mozilla/5.0 (compatible; MJ12bot/v1.4.8; http://mj12bot.com/)"
54.36.60.91 - - [12/May/2026:21:59:10 -0400] "GET /0002ac635208.html HTTP/1.1" 404 1251 "-" "Mozilla/5.0 (compatible; MJ12bot/v1.4.8; http://mj12bot.com/)"
54.36.60.91 - - [12/May/2026:21:59:14 -0400] "GET /0002ac63520c.html HTTP/1.1" 404 1251 "-" "Mozilla/5.0 (compatible; MJ12bot/v1.4.8; http://mj12bot.com/)"
54.36.60.91 - - [12/May/2026:21:59:15 -0400] "GET /0002ac635212.html HTTP/1.1" 404 1251 "-" "Mozilla/5.0 (compatible; MJ12bot/v1.4.8; http://mj12bot.com/)"
54.36.60.91 - - [12/May/2026:21:59:20 -0400] "GET /0002ac635229.html HTTP/1.1" 404 1251 "-" "Mozilla/5.0 (compatible; MJ12bot/v1.4.8; http://mj12bot.com/)"
85.208.96.202 - - [12/May/2026:21:59:21 -0400] "GET /2025/07/19/casperspins-casino-sign-up-process-step-by-step-guide/ HTTP/1.1" 404 1251 "-" "Mozilla/5.0 (compatible; SemrushBot/7~bl; +http://www.semrush.com/bot.html)"
54.36.60.91 - - [12/May/2026:21:59:24 -0400] "GET /0002ac63522d.html HTTP/1.1" 404 1251 "-" "Mozilla/5.0 (compatible; MJ12bot/v1.4.8; http://mj12bot.com/)"
176.31.139.25 - - [12/May/2026:21:59:24 -0400] "GET /2026/01/16/over-the-last-while-that-person-off-gambling-on-line-have-significantly-managed-to-move-on-towards-cellular/feed/ HTTP/1.1" 404 1251 "-" "Mozilla/5.0 (compatible; AhrefsBot/7.0; +http://ahrefs.com/robot/)"
92.222.108.106 - - [12/May/2026:21:59:28 -0400] "GET /2026/01/16/the-brand-new-spine-out-of-respected-crypto-betting-internet-sites-try-blockchain-technology/feed/ HTTP/1.1" 404 1251 "-" "Mozilla/5.0 (compatible; AhrefsBot/7.0; +http://ahrefs.com/robot/)"
54.36.60.91 - - [12/May/2026:21:59:28 -0400] "GET /0002ac63523a.html HTTP/1.1" 404 1251 "-" "Mozilla/5.0 (compatible; MJ12bot/v1.4.8; http://mj12bot.com/)"
54.36.60.91 - - [12/May/2026:21:59:30 -0400] "GET /0002ac635241.html HTTP/1.1" 404 1251 "-" "Mozilla/5.0 (compatible; MJ12bot/v1.4.8; http://mj12bot.com/)"
54.36.60.91 - - [12/May/2026:21:59:32 -0400] "GET /0002ac63525a.html HTTP/1.1" 404 1251 "-" "Mozilla/5.0 (compatible; MJ12bot/v1.4.8; http://mj12bot.com/)"
54.36.60.91 - - [12/May/2026:21:59:33 -0400] "GET /0002ac635266.html HTTP/1.1" 404 1251 "-" "Mozilla/5.0 (compatible; MJ12bot/v1.4.8; http://mj12bot.com/)"
5.39.1.251 - - [12/May/2026:21:59:03 -0400] "GET /2026/01/23/online-gambling-games/feed/ HTTP/1.1" 404 1251 "-" "Mozilla/5.0 (compatible; AhrefsBot/7.0; +http://ahrefs.com/robot/)"
54.36.60.91 - - [12/May/2026:21:59:05 -0400] "GET /0002ac6351fe.html HTTP/1.1" 404 1251 "-" "Mozilla/5.0 (compatible; MJ12bot/v1.4.8; http://mj12bot.com/)"
85.208.96.206 - - [12/May/2026:21:59:09 -0400] "GET /2026/01/26/discover-ads-with-most-recent-occurrences-regarding-the-reception-and-you-may-reload-incentives-on-your-profile/ HTTP/1.1" 404 1251 "-" "Mozilla/5.0 (compatible; SemrushBot/7~bl; +http://www.semrush.com/bot.html)"
54.36.60.91 - - [12/May/2026:21:59:09 -0400] "GET /0002ac635206.html HTTP/1.1" 404 1251 "-" "Mozilla/5.0 (compatible; MJ12bot/v1.4.8; http://mj12bot.com/)"
5.39.1.236 - - [12/May/2026:21:59:10 -0400] "GET /2026/01/23/fur-nusse-vortragen-galactic-win-casino-im-inter-browser/feed/ HTTP/1.1" 404 1251 "-" "Mozilla/5.0 (compatible; AhrefsBot/7.0; +http://ahrefs.com/robot/)"
54.36.60.91 - - [12/May/2026:21:59:12 -0400] "GET /0002ac63520a.html HTTP/1.1" 404 1251 "-" "Mozilla/5.0 (compatible; MJ12bot/v1.4.8; http://mj12bot.com/)"
