51.75.236.142 - - [12/May/2026:21:59:14 -0400] "GET /2026/01/16/finest-online-ports-online-casino-games-to-win-real-money-no-deposit/feed/ HTTP/1.1" 404 1251 "-" "Mozilla/5.0 (compatible; AhrefsBot/7.0; +http://ahrefs.com/robot/)"
185.191.171.6 - - [12/May/2026:21:59:16 -0400] "GET /2026/01/13/what-bonuses-do-yabby-local-casino-bring-so-youre-able-to-the-fresh-players/ HTTP/1.1" 404 1251 "-" "Mozilla/5.0 (compatible; SemrushBot/7~bl; +http://www.semrush.com/bot.html)"
54.36.60.91 - - [12/May/2026:21:59:17 -0400] "GET /0002ac635213.html HTTP/1.1" 404 1251 "-" "Mozilla/5.0 (compatible; MJ12bot/v1.4.8; http://mj12bot.com/)"
54.36.60.91 - - [12/May/2026:21:59:18 -0400] "GET /0002ac63521b.html HTTP/1.1" 404 1251 "-" "Mozilla/5.0 (compatible; MJ12bot/v1.4.8; http://mj12bot.com/)"
51.68.247.212 - - [12/May/2026:21:59:20 -0400] "GET /2026/01/16/get-100-up-to-%EF%BF%BD-100-100-free-spins/feed/ HTTP/1.1" 404 1251 "-" "Mozilla/5.0 (compatible; AhrefsBot/7.0; +http://ahrefs.com/robot/)"
54.36.60.91 - - [12/May/2026:21:59:22 -0400] "GET /0002ac63522a.html HTTP/1.1" 404 1251 "-" "Mozilla/5.0 (compatible; MJ12bot/v1.4.8; http://mj12bot.com/)"
54.36.60.91 - - [12/May/2026:21:59:25 -0400] "GET /0002ac63522f.html HTTP/1.1" 404 1251 "-" "Mozilla/5.0 (compatible; MJ12bot/v1.4.8; http://mj12bot.com/)"
54.36.60.91 - - [12/May/2026:21:59:27 -0400] "GET /0002ac635236.html HTTP/1.1" 404 1251 "-" "Mozilla/5.0 (compatible; MJ12bot/v1.4.8; http://mj12bot.com/)"
94.23.188.211 - - [12/May/2026:21:59:32 -0400] "GET /2025/10/05/discover-the-exciting-world-of-casino-lucky-mister-3/feed/ HTTP/1.1" 404 1251 "-" "Mozilla/5.0 (compatible; AhrefsBot/7.0; +http://ahrefs.com/robot/)"
54.36.60.91 - - [12/May/2026:21:59:36 -0400] "GET /0002ac635278.html HTTP/1.1" 404 1251 "-" "Mozilla/5.0 (compatible; MJ12bot/v1.4.8; http://mj12bot.com/)"
54.36.60.91 - - [12/May/2026:21:59:38 -0400] "GET /0002ac635279.html HTTP/1.1" 404 1251 "-" "Mozilla/5.0 (compatible; MJ12bot/v1.4.8; http://mj12bot.com/)"
92.222.104.222 - - [12/May/2026:21:59:40 -0400] "GET /2026/01/16/try-the-virtual-luck-at-real-time-casino-pit-workplace/feed/ HTTP/1.1" 404 1251 "-" "Mozilla/5.0 (compatible; AhrefsBot/7.0; +http://ahrefs.com/robot/)"
54.36.60.91 - - [12/May/2026:21:59:43 -0400] "GET /0002ac635288.html HTTP/1.1" 404 1251 "-" "Mozilla/5.0 (compatible; MJ12bot/v1.4.8; http://mj12bot.com/)"
176.31.139.9 - - [12/May/2026:21:59:47 -0400] "GET /2025/12/24/explore-enchanting-realms-step-into-a-world-full/feed/ HTTP/1.1" 404 1251 "-" "Mozilla/5.0 (compatible; AhrefsBot/7.0; +http://ahrefs.com/robot/)"
54.36.60.91 - - [12/May/2026:21:59:49 -0400] "GET /0002ac635295.html HTTP/1.1" 404 1251 "-" "Mozilla/5.0 (compatible; MJ12bot/v1.4.8; http://mj12bot.com/)"
54.36.60.91 - - [12/May/2026:21:59:53 -0400] "GET /0002ac63529c.html HTTP/1.1" 404 1251 "-" "Mozilla/5.0 (compatible; MJ12bot/v1.4.8; http://mj12bot.com/)"
54.36.60.91 - - [12/May/2026:21:59:35 -0400] "GET /0002ac635273.html HTTP/1.1" 404 1251 "-" "Mozilla/5.0 (compatible; MJ12bot/v1.4.8; http://mj12bot.com/)"
54.37.118.82 - - [12/May/2026:21:59:37 -0400] "GET /2026/01/25/erreichbar-spielbank-via-1-euro-einzahlung-2026-pramie-nicht-eher-als-1-originell/feed/ HTTP/1.1" 404 1251 "-" "Mozilla/5.0 (compatible; AhrefsBot/7.0; +http://ahrefs.com/robot/)"
54.36.60.91 - - [12/May/2026:21:59:40 -0400] "GET /0002ac63527d.html HTTP/1.1" 404 1251 "-" "Mozilla/5.0 (compatible; MJ12bot/v1.4.8; http://mj12bot.com/)"
54.36.60.91 - - [12/May/2026:21:59:41 -0400] "GET /0002ac635284.html HTTP/1.1" 404 1251 "-" "Mozilla/5.0 (compatible; MJ12bot/v1.4.8; http://mj12bot.com/)"
5.39.109.182 - - [12/May/2026:21:59:43 -0400] "GET /2026/01/16/this-proves-how-important-various-gambling-posts-is-actually-for-players/feed/ HTTP/1.1" 404 1251 "-" "Mozilla/5.0 (compatible; AhrefsBot/7.0; +http://ahrefs.com/robot/)"
176.31.139.29 - - [12/May/2026:21:59:43 -0400] "GET /2025/12/04/harrington-park/feed/ HTTP/1.1" 404 1251 "-" "Mozilla/5.0 (compatible; AhrefsBot/7.0; +http://ahrefs.com/robot/)"
54.36.60.91 - - [12/May/2026:21:59:45 -0400] "GET /0002ac63528c.html HTTP/1.1" 404 1251 "-" "Mozilla/5.0 (compatible; MJ12bot/v1.4.8; http://mj12bot.com/)"
54.36.60.91 - - [12/May/2026:21:59:46 -0400] "GET /0002ac635290.html HTTP/1.1" 404 1251 "-" "Mozilla/5.0 (compatible; MJ12bot/v1.4.8; http://mj12bot.com/)"
54.36.60.91 - - [12/May/2026:21:59:48 -0400] "GET /0002ac635291.html HTTP/1.1" 404 1251 "-" "Mozilla/5.0 (compatible; MJ12bot/v1.4.8; http://mj12bot.com/)"
54.37.118.92 - - [12/May/2026:21:59:50 -0400] "GET /2026/01/13/nos-salle-de-jeu-un-peu-englobent-le-mec-legal-des-francais/feed/ HTTP/1.1" 404 1251 "-" "Mozilla/5.0 (compatible; AhrefsBot/7.0; +http://ahrefs.com/robot/)"
54.36.60.91 - - [12/May/2026:21:59:51 -0400] "GET /0002ac635299.html HTTP/1.1" 404 1251 "-" "Mozilla/5.0 (compatible; MJ12bot/v1.4.8; http://mj12bot.com/)"
5.39.1.241 - - [12/May/2026:21:59:54 -0400] "GET /2025/12/04/explore-the-exciting-world-of-casino-fatpirate-uk/feed/ HTTP/1.1" 404 1251 "-" "Mozilla/5.0 (compatible; AhrefsBot/7.0; +http://ahrefs.com/robot/)"
54.36.60.91 - - [12/May/2026:21:59:54 -0400] "GET /0002ac63529d.html HTTP/1.1" 404 1251 "-" "Mozilla/5.0 (compatible; MJ12bot/v1.4.8; http://mj12bot.com/)"
54.36.60.91 - - [12/May/2026:21:59:56 -0400] "GET /0002ac63529f.html HTTP/1.1" 404 1251 "-" "Mozilla/5.0 (compatible; MJ12bot/v1.4.8; http://mj12bot.com/)"
54.36.60.91 - - [12/May/2026:21:59:58 -0400] "GET /0002ac6352a5.html HTTP/1.1" 404 1251 "-" "Mozilla/5.0 (compatible; MJ12bot/v1.4.8; http://mj12bot.com/)"
37.59.204.159 - - [12/May/2026:21:59:59 -0400] "GET /2025/07/09/h1-metodi-per-ottimizzare-le-vincite-nei-casino-non-aams-con-deposito-minimo-di-1-euro-h1/feed/ HTTP/1.1" 404 1251 "-" "Mozilla/5.0 (compatible; AhrefsBot/7.0; +http://ahrefs.com/robot/)"
54.36.60.91 - - [12/May/2026:21:59:59 -0400] "GET /0002ac6352ab.html HTTP/1.1" 404 1251 "-" "Mozilla/5.0 (compatible; MJ12bot/v1.4.8; http://mj12bot.com/)"
54.36.60.91 - - [12/May/2026:22:00:01 -0400] "GET /0002ac6352af.html HTTP/1.1" 404 1251 "-" "Mozilla/5.0 (compatible; MJ12bot/v1.4.8; http://mj12bot.com/)"
37.59.204.154 - - [12/May/2026:22:00:02 -0400] "GET /2026/01/06/greatest-casino-betsson-100-free-spins-on-line-casino-no-deposit-incentive-also-offers-rating-25-immediately-from-betmgm/feed/ HTTP/1.1" 404 1251 "-" "Mozilla/5.0 (compatible; AhrefsBot/7.0; +http://ahrefs.com/robot/)"
54.36.60.91 - - [12/May/2026:22:00:03 -0400] "GET /0002ac6352b0.html HTTP/1.1" 404 1251 "-" "Mozilla/5.0 (compatible; MJ12bot/v1.4.8; http://mj12bot.com/)"
54.36.60.91 - - [12/May/2026:22:00:04 -0400] "GET /0002ac6352b2.html HTTP/1.1" 404 1251 "-" "Mozilla/5.0 (compatible; MJ12bot/v1.4.8; http://mj12bot.com/)"
51.68.247.197 - - [12/May/2026:22:00:05 -0400] "GET /2025/11/14/2025-s-igrami-na-dengi-obzor-luchshih-variantov-471/feed/ HTTP/1.1" 404 1251 "-" "Mozilla/5.0 (compatible; AhrefsBot/7.0; +http://ahrefs.com/robot/)"
85.208.96.199 - - [12/May/2026:22:00:05 -0400] "GET /robots.txt HTTP/1.1" 404 1251 "-" "Mozilla/5.0 (compatible; SemrushBot/7~bl; +http://www.semrush.com/bot.html)"
185.191.171.15 - - [12/May/2026:22:00:05 -0400] "GET /2025/12/26/page/27/ HTTP/1.1" 404 1251 "-" "Mozilla/5.0 (compatible; SemrushBot/7~bl; +http://www.semrush.com/bot.html)"
54.36.60.91 - - [12/May/2026:22:00:06 -0400] "GET /0002ac6352b6.html HTTP/1.1" 404 1251 "-" "Mozilla/5.0 (compatible; MJ12bot/v1.4.8; http://mj12bot.com/)"
37.59.204.142 - - [12/May/2026:22:00:09 -0400] "GET /2026/01/02/beste-angeschlossen-casino-nv-casino-freispiel-angebote-im-2024/feed/ HTTP/1.1" 404 1251 "-" "Mozilla/5.0 (compatible; AhrefsBot/7.0; +http://ahrefs.com/robot/)"
54.36.60.91 - - [12/May/2026:22:00:09 -0400] "GET /0002ac6352ba.html HTTP/1.1" 404 1251 "-" "Mozilla/5.0 (compatible; MJ12bot/v1.4.8; http://mj12bot.com/)"
5.39.1.251 - - [12/May/2026:22:00:12 -0400] "GET /2026/01/03/score-10b-totally-free-coins/feed/ HTTP/1.1" 404 1251 "-" "Mozilla/5.0 (compatible; AhrefsBot/7.0; +http://ahrefs.com/robot/)"
54.36.60.91 - - [12/May/2026:22:00:13 -0400] "GET /0002ac6352c0.html HTTP/1.1" 404 1251 "-" "Mozilla/5.0 (compatible; MJ12bot/v1.4.8; http://mj12bot.com/)"
54.36.60.91 - - [12/May/2026:22:00:14 -0400] "GET /0002ac6352c7.html HTTP/1.1" 404 1251 "-" "Mozilla/5.0 (compatible; MJ12bot/v1.4.8; http://mj12bot.com/)"
5.39.1.225 - - [12/May/2026:22:00:16 -0400] "GET /2026/01/14/%CE%B5%CF%80%CE%AF%CF%83%CE%B7%CE%BC%CE%BF%CF%82-%CE%BA%CE%BF%CF%85%CE%BB%CE%BF%CF%87%CE%AD%CF%81%CE%B7-%CE%B5%CF%80%CE%AF%CE%B4%CE%B5%CE%B9%CE%BE%CE%B7%CF%82-gems-bonanza-%CE%B4%CF%89%CF%81%CE%B5/feed/ HTTP/1.1" 404 1251 "-" "Mozilla/5.0 (compatible; AhrefsBot/7.0; +http://ahrefs.com/robot/)"
54.36.60.91 - - [12/May/2026:22:00:17 -0400] "GET /0002ac6352c9.html HTTP/1.1" 404 1251 "-" "Mozilla/5.0 (compatible; MJ12bot/v1.4.8; http://mj12bot.com/)"
54.36.60.91 - - [12/May/2026:22:00:19 -0400] "GET /0002ac6352d0.html HTTP/1.1" 404 1251 "-" "Mozilla/5.0 (compatible; MJ12bot/v1.4.8; http://mj12bot.com/)"
92.222.108.100 - - [12/May/2026:22:00:20 -0400] "GET /2026/01/16/eye-of-horus-kostenlose-demo-unter-einsatz-von-echtgeld-spielen/feed/ HTTP/1.1" 404 1251 "-" "Mozilla/5.0 (compatible; AhrefsBot/7.0; +http://ahrefs.com/robot/)"
54.36.60.91 - - [12/May/2026:22:00:21 -0400] "GET /0002ac6352d3.html HTTP/1.1" 404 1251 "-" "Mozilla/5.0 (compatible; MJ12bot/v1.4.8; http://mj12bot.com/)"
51.75.236.143 - - [12/May/2026:22:00:24 -0400] "GET /2025/10/18/digitale-sicherheitsarchitekturen-die-zukunft-der-sicheren-online-identifikation/feed/ HTTP/1.1" 404 1251 "-" "Mozilla/5.0 (compatible; AhrefsBot/7.0; +http://ahrefs.com/robot/)"
54.36.60.91 - - [12/May/2026:22:00:24 -0400] "GET /0002ac6352d8.html HTTP/1.1" 404 1251 "-" "Mozilla/5.0 (compatible; MJ12bot/v1.4.8; http://mj12bot.com/)"
54.36.60.91 - - [12/May/2026:22:00:29 -0400] "GET /0002ac6352e3.html HTTP/1.1" 404 1251 "-" "Mozilla/5.0 (compatible; MJ12bot/v1.4.8; http://mj12bot.com/)"
185.191.171.9 - - [12/May/2026:22:00:29 -0400] "GET /author/uzair/page/1031/ HTTP/1.1" 404 1251 "-" "Mozilla/5.0 (compatible; SemrushBot/7~bl; +http://www.semrush.com/bot.html)"
54.36.60.91 - - [12/May/2026:22:00:31 -0400] "GET /0002ac6352ef.html HTTP/1.1" 404 1251 "-" "Mozilla/5.0 (compatible; MJ12bot/v1.4.8; http://mj12bot.com/)"
54.36.60.91 - - [12/May/2026:22:00:33 -0400] "GET /0002ac6352f3.html HTTP/1.1" 404 1251 "-" "Mozilla/5.0 (compatible; MJ12bot/v1.4.8; http://mj12bot.com/)"
5.39.1.250 - - [12/May/2026:22:00:34 -0400] "GET /2026/01/29/il-schermo-poker-ed-qualcuno-dei-giochi-da-casa-da-gioco-in-laggiunta-di-popolari-online/feed/ HTTP/1.1" 404 1251 "-" "Mozilla/5.0 (compatible; AhrefsBot/7.0; +http://ahrefs.com/robot/)"
54.36.60.91 - - [12/May/2026:22:00:34 -0400] "GET /0002ac6352f5.html HTTP/1.1" 404 1251 "-" "Mozilla/5.0 (compatible; MJ12bot/v1.4.8; http://mj12bot.com/)"
54.36.60.91 - - [12/May/2026:22:00:39 -0400] "GET /0002ac6352fc.html HTTP/1.1" 404 1251 "-" "Mozilla/5.0 (compatible; MJ12bot/v1.4.8; http://mj12bot.com/)"
54.36.60.91 - - [12/May/2026:22:00:08 -0400] "GET /0002ac6352b9.html HTTP/1.1" 404 1251 "-" "Mozilla/5.0 (compatible; MJ12bot/v1.4.8; http://mj12bot.com/)"
54.36.60.91 - - [12/May/2026:22:00:11 -0400] "GET /0002ac6352be.html HTTP/1.1" 404 1251 "-" "Mozilla/5.0 (compatible; MJ12bot/v1.4.8; http://mj12bot.com/)"
54.36.60.91 - - [12/May/2026:22:00:16 -0400] "GET /0002ac6352c8.html HTTP/1.1" 404 1251 "-" "Mozilla/5.0 (compatible; MJ12bot/v1.4.8; http://mj12bot.com/)"
54.36.60.91 - - [12/May/2026:22:00:22 -0400] "GET /0002ac6352d7.html HTTP/1.1" 404 1251 "-" "Mozilla/5.0 (compatible; MJ12bot/v1.4.8; http://mj12bot.com/)"
54.36.60.91 - - [12/May/2026:22:00:26 -0400] "GET /0002ac6352dd.html HTTP/1.1" 404 1251 "-" "Mozilla/5.0 (compatible; MJ12bot/v1.4.8; http://mj12bot.com/)"
92.222.104.205 - - [12/May/2026:22:00:27 -0400] "GET /2026/01/29/casino-difficile-offre-infatti-unapplicazione-dedicata-tanto-per-la-lotto-bisca-quale-a-quella-sportiva/feed/ HTTP/1.1" 404 1251 "-" "Mozilla/5.0 (compatible; AhrefsBot/7.0; +http://ahrefs.com/robot/)"
54.36.60.91 - - [12/May/2026:22:00:27 -0400] "GET /0002ac6352de.html HTTP/1.1" 404 1251 "-" "Mozilla/5.0 (compatible; MJ12bot/v1.4.8; http://mj12bot.com/)"
14.163.6.26 - - [12/May/2026:22:00:29 -0400] "GET /2025/08/19/luchshie-bezdepozitnye-bonusy-kazino-2025kazino-s/ HTTP/1.1" 404 1251 "-" "Mozilla/5.0 (Macintosh; Intel Mac OS X 10_12_6) AppleWebKit/537.36 (KHTML, like Gecko) Brave Chrome/86.0.4240.75 Safari/537.36"
51.68.247.196 - - [12/May/2026:22:00:30 -0400] "GET /2025/03/23/guida-completa-alle-slot-mobile-esclusive-scegli-gioca-e-vinci-al-meglio-su-adriaraceway-4/feed/ HTTP/1.1" 404 1251 "-" "Mozilla/5.0 (compatible; AhrefsBot/7.0; +http://ahrefs.com/robot/)"
185.191.171.8 - - [12/May/2026:22:00:31 -0400] "GET /category/uncategorized/page/3477/ HTTP/1.1" 404 1251 "-" "Mozilla/5.0 (compatible; SemrushBot/7~bl; +http://www.semrush.com/bot.html)"
185.191.171.2 - - [12/May/2026:22:00:36 -0400] "GET /2026/01/03/best-internet-50-free-spins-on-the-godfather-no-deposit-casino-australia-finest-online-casino-aussie-internet-sites-2025/ HTTP/1.1" 404 1251 "-" "Mozilla/5.0 (compatible; SemrushBot/7~bl; +http://www.semrush.com/bot.html)"
54.36.60.91 - - [12/May/2026:22:00:36 -0400] "GET /0002ac6352f7.html HTTP/1.1" 404 1251 "-" "Mozilla/5.0 (compatible; MJ12bot/v1.4.8; http://mj12bot.com/)"
54.36.60.91 - - [12/May/2026:22:00:37 -0400] "GET /0002ac6352f9.html HTTP/1.1" 404 1251 "-" "Mozilla/5.0 (compatible; MJ12bot/v1.4.8; http://mj12bot.com/)"
92.222.108.111 - - [12/May/2026:22:00:38 -0400] "GET /2026/01/16/however-certain-professionals-may-have-special-skills-otherwise-experience-that-can-increase-its-odds-of-profitable/feed/ HTTP/1.1" 404 1251 "-" "Mozilla/5.0 (compatible; AhrefsBot/7.0; +http://ahrefs.com/robot/)"
47.128.121.83 - - [12/May/2026:22:00:41 -0400] "GET /2026/01/27/hotstreak-casinos-vip-programme-is-accessible-by-invitation-merely-which-is-particularly-targeted-at-dedicated-large-rollers/ HTTP/1.1" 404 1251 "-" "Mozilla/5.0 (Linux; Android 5.0) AppleWebKit/537.36 (KHTML, like Gecko) Mobile Safari/537.36 (compatible; TikTokSpider; ttspider-feedback@tiktok.com)"
54.36.60.91 - - [12/May/2026:22:00:42 -0400] "GET /0002ac635306.html HTTP/1.1" 404 1251 "-" "Mozilla/5.0 (compatible; MJ12bot/v1.4.8; http://mj12bot.com/)"
54.36.60.91 - - [12/May/2026:22:00:46 -0400] "GET /0002ac635315.html HTTP/1.1" 404 1251 "-" "Mozilla/5.0 (compatible; MJ12bot/v1.4.8; http://mj12bot.com/)"
54.37.118.81 - - [12/May/2026:22:00:46 -0400] "GET /2026/01/29/i-fornitori-con-laggiunta-di-famosi-includono-netent-betsoft-playson-anche-prossimo/feed/ HTTP/1.1" 404 1251 "-" "Mozilla/5.0 (compatible; AhrefsBot/7.0; +http://ahrefs.com/robot/)"
54.36.60.91 - - [12/May/2026:22:00:49 -0400] "GET /0002ac63531c.html HTTP/1.1" 404 1251 "-" "Mozilla/5.0 (compatible; MJ12bot/v1.4.8; http://mj12bot.com/)"
54.36.60.91 - - [12/May/2026:22:00:41 -0400] "GET /0002ac6352fe.html HTTP/1.1" 404 1251 "-" "Mozilla/5.0 (compatible; MJ12bot/v1.4.8; http://mj12bot.com/)"
51.75.236.156 - - [12/May/2026:22:00:43 -0400] "GET /2026/01/16/this-shows-how-important-a-variety-of-gaming-content-is-actually-for-professionals/feed/ HTTP/1.1" 404 1251 "-" "Mozilla/5.0 (compatible; AhrefsBot/7.0; +http://ahrefs.com/robot/)"
54.36.60.91 - - [12/May/2026:22:00:44 -0400] "GET /0002ac635314.html HTTP/1.1" 404 1251 "-" "Mozilla/5.0 (compatible; MJ12bot/v1.4.8; http://mj12bot.com/)"
54.36.60.91 - - [12/May/2026:22:00:47 -0400] "GET /0002ac635316.html HTTP/1.1" 404 1251 "-" "Mozilla/5.0 (compatible; MJ12bot/v1.4.8; http://mj12bot.com/)"
54.36.60.91 - - [12/May/2026:22:00:53 -0400] "GET /0002ac635322.html HTTP/1.1" 404 1251 "-" "Mozilla/5.0 (compatible; MJ12bot/v1.4.8; http://mj12bot.com/)"
5.39.1.226 - - [12/May/2026:22:00:55 -0400] "GET /2026/01/21/what-should-the-player-do-in-order-to-located-a-zero-put-added-bonus/feed/ HTTP/1.1" 404 1251 "-" "Mozilla/5.0 (compatible; AhrefsBot/7.0; +http://ahrefs.com/robot/)"
54.36.60.91 - - [12/May/2026:22:01:02 -0400] "GET /0002ac635339.html HTTP/1.1" 404 1251 "-" "Mozilla/5.0 (compatible; MJ12bot/v1.4.8; http://mj12bot.com/)"
54.36.60.91 - - [12/May/2026:22:01:04 -0400] "GET /0002ac63533a.html HTTP/1.1" 404 1251 "-" "Mozilla/5.0 (compatible; MJ12bot/v1.4.8; http://mj12bot.com/)"
54.36.60.91 - - [12/May/2026:22:01:08 -0400] "GET /0002ac63533d.html HTTP/1.1" 404 1251 "-" "Mozilla/5.0 (compatible; MJ12bot/v1.4.8; http://mj12bot.com/)"
54.36.60.91 - - [12/May/2026:22:01:09 -0400] "GET /0002ac635343.html HTTP/1.1" 404 1251 "-" "Mozilla/5.0 (compatible; MJ12bot/v1.4.8; http://mj12bot.com/)"
54.36.60.91 - - [12/May/2026:22:01:11 -0400] "GET /0002ac635344.html HTTP/1.1" 404 1251 "-" "Mozilla/5.0 (compatible; MJ12bot/v1.4.8; http://mj12bot.com/)"
54.36.60.91 - - [12/May/2026:22:01:14 -0400] "GET /0002ac635351.html HTTP/1.1" 404 1251 "-" "Mozilla/5.0 (compatible; MJ12bot/v1.4.8; http://mj12bot.com/)"
54.36.60.91 - - [12/May/2026:22:01:15 -0400] "GET /0002ac635356.html HTTP/1.1" 404 1251 "-" "Mozilla/5.0 (compatible; MJ12bot/v1.4.8; http://mj12bot.com/)"
54.36.60.91 - - [12/May/2026:22:01:19 -0400] "GET /0002ac63536b.html HTTP/1.1" 404 1251 "-" "Mozilla/5.0 (compatible; MJ12bot/v1.4.8; http://mj12bot.com/)"
54.36.60.91 - - [12/May/2026:22:01:20 -0400] "GET /0002ac635372.html HTTP/1.1" 404 1251 "-" "Mozilla/5.0 (compatible; MJ12bot/v1.4.8; http://mj12bot.com/)"
54.36.60.91 - - [12/May/2026:22:01:22 -0400] "GET /0002ac635377.html HTTP/1.1" 404 1251 "-" "Mozilla/5.0 (compatible; MJ12bot/v1.4.8; http://mj12bot.com/)"
54.36.60.91 - - [12/May/2026:22:01:23 -0400] "GET /0002ac635379.html HTTP/1.1" 404 1251 "-" "Mozilla/5.0 (compatible; MJ12bot/v1.4.8; http://mj12bot.com/)"
54.36.60.91 - - [12/May/2026:22:01:25 -0400] "GET /0002ac63537b.html HTTP/1.1" 404 1251 "-" "Mozilla/5.0 (compatible; MJ12bot/v1.4.8; http://mj12bot.com/)"
92.222.108.97 - - [12/May/2026:22:01:27 -0400] "GET /2025/03/27/unlocking-symbols-from-folklore-to-modern-games/feed/ HTTP/1.1" 404 1251 "-" "Mozilla/5.0 (compatible; AhrefsBot/7.0; +http://ahrefs.com/robot/)"
54.36.60.91 - - [12/May/2026:22:01:28 -0400] "GET /0002ac63537e.html HTTP/1.1" 404 1251 "-" "Mozilla/5.0 (compatible; MJ12bot/v1.4.8; http://mj12bot.com/)"
54.36.60.91 - - [12/May/2026:22:01:30 -0400] "GET /0002ac635381.html HTTP/1.1" 404 1251 "-" "Mozilla/5.0 (compatible; MJ12bot/v1.4.8; http://mj12bot.com/)"
54.36.60.91 - - [12/May/2026:22:01:33 -0400] "GET /0002ac63538d.html HTTP/1.1" 404 1251 "-" "Mozilla/5.0 (compatible; MJ12bot/v1.4.8; http://mj12bot.com/)"
54.36.60.91 - - [12/May/2026:22:01:35 -0400] "GET /0002ac635391.html HTTP/1.1" 404 1251 "-" "Mozilla/5.0 (compatible; MJ12bot/v1.4.8; http://mj12bot.com/)"
54.36.60.91 - - [12/May/2026:22:01:37 -0400] "GET /0002ac635392.html HTTP/1.1" 404 1251 "-" "Mozilla/5.0 (compatible; MJ12bot/v1.4.8; http://mj12bot.com/)"
85.208.96.199 - - [12/May/2026:22:00:50 -0400] "GET /2026/01/13/poker-spiele-gebuhrenfrei-kostenlose-spins-keine-einzahlung-imperial-dragon-verbunden-vortragen-in-play123/ HTTP/1.1" 404 1251 "-" "Mozilla/5.0 (compatible; SemrushBot/7~bl; +http://www.semrush.com/bot.html)"
92.222.108.102 - - [12/May/2026:22:00:50 -0400] "GET /2026/01/13/queste-condizioni-variano-notevolmente-da-casino-verso-casino-anche-sono-fondamentali-a-apprezzare-leffettiva-interesse-dellofferta/feed/ HTTP/1.1" 404 1251 "-" "Mozilla/5.0 (compatible; AhrefsBot/7.0; +http://ahrefs.com/robot/)"
54.36.60.91 - - [12/May/2026:22:00:51 -0400] "GET /0002ac635320.html HTTP/1.1" 404 1251 "-" "Mozilla/5.0 (compatible; MJ12bot/v1.4.8; http://mj12bot.com/)"
54.36.60.91 - - [12/May/2026:22:00:54 -0400] "GET /0002ac635325.html HTTP/1.1" 404 1251 "-" "Mozilla/5.0 (compatible; MJ12bot/v1.4.8; http://mj12bot.com/)"
54.36.60.91 - - [12/May/2026:22:00:56 -0400] "GET /0002ac635327.html HTTP/1.1" 404 1251 "-" "Mozilla/5.0 (compatible; MJ12bot/v1.4.8; http://mj12bot.com/)"
54.36.60.91 - - [12/May/2026:22:00:58 -0400] "GET /0002ac63532f.html HTTP/1.1" 404 1251 "-" "Mozilla/5.0 (compatible; MJ12bot/v1.4.8; http://mj12bot.com/)"
92.222.104.220 - - [12/May/2026:22:00:59 -0400] "GET /2026/01/24/creating-a-cutting-edge-casino-platform-with/feed/ HTTP/1.1" 404 1251 "-" "Mozilla/5.0 (compatible; AhrefsBot/7.0; +http://ahrefs.com/robot/)"
54.36.60.91 - - [12/May/2026:22:00:59 -0400] "GET /0002ac635332.html HTTP/1.1" 404 1251 "-" "Mozilla/5.0 (compatible; MJ12bot/v1.4.8; http://mj12bot.com/)"
85.208.96.202 - - [12/May/2026:22:01:00 -0400] "GET /2025/08/31/discover-the-excitement-of-pyramid-spins-casino/ HTTP/1.1" 404 1251 "-" "Mozilla/5.0 (compatible; SemrushBot/7~bl; +http://www.semrush.com/bot.html)"
54.36.60.91 - - [12/May/2026:22:01:01 -0400] "GET /0002ac635336.html HTTP/1.1" 404 1251 "-" "Mozilla/5.0 (compatible; MJ12bot/v1.4.8; http://mj12bot.com/)"
92.222.104.217 - - [12/May/2026:22:01:03 -0400] "GET /2026/01/13/luogo-posso-informarmi-durante-altre-recensioni-di-cadoola-casino/feed/ HTTP/1.1" 404 1251 "-" "Mozilla/5.0 (compatible; AhrefsBot/7.0; +http://ahrefs.com/robot/)"
54.36.60.91 - - [12/May/2026:22:01:06 -0400] "GET /0002ac63533c.html HTTP/1.1" 404 1251 "-" "Mozilla/5.0 (compatible; MJ12bot/v1.4.8; http://mj12bot.com/)"
92.222.104.206 - - [12/May/2026:22:01:07 -0400] "GET /2026/01/16/regal-riches-tragaperras-august-2013-rtg/feed/ HTTP/1.1" 404 1251 "-" "Mozilla/5.0 (compatible; AhrefsBot/7.0; +http://ahrefs.com/robot/)"
54.36.60.91 - - [12/May/2026:22:01:12 -0400] "GET /0002ac635348.html HTTP/1.1" 404 1251 "-" "Mozilla/5.0 (compatible; MJ12bot/v1.4.8; http://mj12bot.com/)"
92.222.108.113 - - [12/May/2026:22:01:12 -0400] "GET /2026/01/21/triple-twice-slots-was-a-totally-free-local-casino-inspired-slot-machine-game-designed-for-this-new-android-os-platform/feed/ HTTP/1.1" 404 1251 "-" "Mozilla/5.0 (compatible; AhrefsBot/7.0; +http://ahrefs.com/robot/)"
54.36.60.91 - - [12/May/2026:22:01:17 -0400] "GET /0002ac635365.html HTTP/1.1" 404 1251 "-" "Mozilla/5.0 (compatible; MJ12bot/v1.4.8; http://mj12bot.com/)"
94.23.188.209 - - [12/May/2026:22:01:22 -0400] "GET /2026/01/16/score-100-doing-%EF%BF%BD-100-100-free-revolves/feed/ HTTP/1.1" 404 1251 "-" "Mozilla/5.0 (compatible; AhrefsBot/7.0; +http://ahrefs.com/robot/)"
54.36.60.91 - - [12/May/2026:22:01:27 -0400] "GET /0002ac63537d.html HTTP/1.1" 404 1251 "-" "Mozilla/5.0 (compatible; MJ12bot/v1.4.8; http://mj12bot.com/)"
54.36.60.91 - - [12/May/2026:22:01:31 -0400] "GET /0002ac635384.html HTTP/1.1" 404 1251 "-" "Mozilla/5.0 (compatible; MJ12bot/v1.4.8; http://mj12bot.com/)"
51.68.247.200 - - [12/May/2026:22:01:34 -0400] "GET /2025/01/28/mobile-app-vs-browser-gaming-2/feed/ HTTP/1.1" 404 1251 "-" "Mozilla/5.0 (compatible; AhrefsBot/7.0; +http://ahrefs.com/robot/)"
176.31.139.12 - - [12/May/2026:22:01:42 -0400] "GET /2026/02/09/funciona-alrededor-blackjack-referente-a-presto-acerca-de-los-casinos-online-desplazandolo-hacia-el-pelo-moviles/feed/ HTTP/1.1" 404 1251 "-" "Mozilla/5.0 (compatible; AhrefsBot/7.0; +http://ahrefs.com/robot/)"
54.36.60.91 - - [12/May/2026:22:01:42 -0400] "GET /0002ac6353a5.html HTTP/1.1" 404 1251 "-" "Mozilla/5.0 (compatible; MJ12bot/v1.4.8; http://mj12bot.com/)"
5.39.1.242 - - [12/May/2026:22:01:46 -0400] "GET /2026/02/09/tambien-evaluaran-levante-punto-concerniente-dentro-del-recursos-depositado-acerca-de-tu-cuenta/feed/ HTTP/1.1" 404 1251 "-" "Mozilla/5.0 (compatible; AhrefsBot/7.0; +http://ahrefs.com/robot/)"
54.36.60.91 - - [12/May/2026:22:01:48 -0400] "GET /0002ac6353b0.html HTTP/1.1" 404 1251 "-" "Mozilla/5.0 (compatible; MJ12bot/v1.4.8; http://mj12bot.com/)"
176.31.139.29 - - [12/May/2026:22:01:49 -0400] "GET /2025/12/02/top-10-luchshie-onlajn-kazino-na-2025-god-za-2/feed/ HTTP/1.1" 404 1251 "-" "Mozilla/5.0 (compatible; AhrefsBot/7.0; +http://ahrefs.com/robot/)"
54.36.60.91 - - [12/May/2026:22:01:51 -0400] "GET /0002ac6353bb.html HTTP/1.1" 404 1251 "-" "Mozilla/5.0 (compatible; MJ12bot/v1.4.8; http://mj12bot.com/)"
37.59.204.142 - - [12/May/2026:22:01:53 -0400] "GET /2026/01/27/tensura-slot-machine-double-bubble-rtp-reincarnated-wiki/feed/ HTTP/1.1" 404 1251 "-" "Mozilla/5.0 (compatible; AhrefsBot/7.0; +http://ahrefs.com/robot/)"
54.36.60.91 - - [12/May/2026:22:01:53 -0400] "GET /2025/06/23/h1-mostbet-app-bangladesh-apk-for-android-and-ios-2/ HTTP/1.1" 404 1251 "-" "Mozilla/5.0 (compatible; MJ12bot/v1.4.8; http://mj12bot.com/)"
54.36.60.91 - - [12/May/2026:22:01:55 -0400] "GET /2025/07/07/mother-your-children-are-like-birds/ HTTP/1.1" 404 1251 "-" "Mozilla/5.0 (compatible; MJ12bot/v1.4.8; http://mj12bot.com/)"
54.36.60.91 - - [12/May/2026:22:01:56 -0400] "GET /2025/07/16/dragon-money-sloty-luchshie-provajdery-i-rtp-6/ HTTP/1.1" 404 1251 "-" "Mozilla/5.0 (compatible; MJ12bot/v1.4.8; http://mj12bot.com/)"
54.36.60.91 - - [12/May/2026:22:01:59 -0400] "GET /2025/07/18/samsung-s25-ultra-price-in-bangladeshsamsung-s25/ HTTP/1.1" 404 1251 "-" "Mozilla/5.0 (compatible; MJ12bot/v1.4.8; http://mj12bot.com/)"
5.39.1.247 - - [12/May/2026:22:02:00 -0400] "GET /2026/01/13/che-razza-di-registrarsi-su-vincitu-verso-ottenere-insecable-premio-di-benvenuto/feed/ HTTP/1.1" 404 1251 "-" "Mozilla/5.0 (compatible; AhrefsBot/7.0; +http://ahrefs.com/robot/)"
54.36.60.91 - - [12/May/2026:22:02:01 -0400] "GET /2025/08/04/top-onlajn-kazino-s-maksimalnoj-otdachej/ HTTP/1.1" 404 1251 "-" "Mozilla/5.0 (compatible; MJ12bot/v1.4.8; http://mj12bot.com/)"
54.36.60.91 - - [12/May/2026:22:02:03 -0400] "GET /2025/08/05/kazino-minska-adresa-otzyvy-top-40-kazino-minska-i-2/ HTTP/1.1" 404 1251 "-" "Mozilla/5.0 (compatible; MJ12bot/v1.4.8; http://mj12bot.com/)"
94.23.188.203 - - [12/May/2026:22:02:04 -0400] "GET /2026/01/13/verbunden-casino-casino-online-trustly-zahlt-erfolg-gar-nicht-alle-had-been-zielwert-selbst-klappen/feed/ HTTP/1.1" 404 1251 "-" "Mozilla/5.0 (compatible; AhrefsBot/7.0; +http://ahrefs.com/robot/)"
54.36.60.91 - - [12/May/2026:22:02:06 -0400] "GET /2025/08/06/fitzone-1xbet-hub-ltd-ikhtisar-temukan-dan/ HTTP/1.1" 404 1251 "-" "Mozilla/5.0 (compatible; MJ12bot/v1.4.8; http://mj12bot.com/)"
5.39.109.181 - - [12/May/2026:22:02:07 -0400] "GET /2026/01/27/here-are-many-impactful-terms-and-conditions-you-can-find-affixed-in-order-to-a-casino-promote/feed/ HTTP/1.1" 404 1251 "-" "Mozilla/5.0 (compatible; AhrefsBot/7.0; +http://ahrefs.com/robot/)"
54.36.60.91 - - [12/May/2026:22:02:07 -0400] "GET /2025/08/06/katalog-aplikasi-dan-game-untuk-androidkatalog/ HTTP/1.1" 404 1251 "-" "Mozilla/5.0 (compatible; MJ12bot/v1.4.8; http://mj12bot.com/)"
54.36.60.91 - - [12/May/2026:22:02:09 -0400] "GET /2025/08/09/kazino-lev-oficialnyj-sajt-vhod-i-registracija/ HTTP/1.1" 404 1251 "-" "Mozilla/5.0 (compatible; MJ12bot/v1.4.8; http://mj12bot.com/)"
51.68.247.205 - - [12/May/2026:22:01:38 -0400] "GET /2025/06/15/ HTTP/1.1" 404 1251 "-" "Mozilla/5.0 (compatible; AhrefsBot/7.0; +http://ahrefs.com/robot/)"
54.36.60.91 - - [12/May/2026:22:01:38 -0400] "GET /0002ac63539d.html HTTP/1.1" 404 1251 "-" "Mozilla/5.0 (compatible; MJ12bot/v1.4.8; http://mj12bot.com/)"
54.36.60.91 - - [12/May/2026:22:01:40 -0400] "GET /0002ac6353a2.html HTTP/1.1" 404 1251 "-" "Mozilla/5.0 (compatible; MJ12bot/v1.4.8; http://mj12bot.com/)"
54.36.60.91 - - [12/May/2026:22:01:43 -0400] "GET /0002ac6353a9.html HTTP/1.1" 404 1251 "-" "Mozilla/5.0 (compatible; MJ12bot/v1.4.8; http://mj12bot.com/)"
54.36.60.91 - - [12/May/2026:22:01:45 -0400] "GET /0002ac6353ad.html HTTP/1.1" 404 1251 "-" "Mozilla/5.0 (compatible; MJ12bot/v1.4.8; http://mj12bot.com/)"
54.36.60.91 - - [12/May/2026:22:01:46 -0400] "GET /0002ac6353af.html HTTP/1.1" 404 1251 "-" "Mozilla/5.0 (compatible; MJ12bot/v1.4.8; http://mj12bot.com/)"
185.191.171.3 - - [12/May/2026:22:01:48 -0400] "GET /2026/01/21/complete-i-am-very-amazed-by-the-consumer-experience-on-impress-vegas/ HTTP/1.1" 404 1251 "-" "Mozilla/5.0 (compatible; SemrushBot/7~bl; +http://www.semrush.com/bot.html)"
54.36.60.91 - - [12/May/2026:22:01:50 -0400] "GET /0002ac6353b3.html HTTP/1.1" 404 1251 "-" "Mozilla/5.0 (compatible; MJ12bot/v1.4.8; http://mj12bot.com/)"
5.39.109.166 - - [12/May/2026:22:01:54 -0400] "GET /2026/01/27/introduction-why-%EF%BF%BDcasino-internacional-on-the-web-espana%EF%BF%BD-matters-to-you/feed/ HTTP/1.1" 404 1251 "-" "Mozilla/5.0 (compatible; AhrefsBot/7.0; +http://ahrefs.com/robot/)"
40.77.167.126 - - [12/May/2026:22:01:56 -0400] "GET /2026/01/15/for-each-and-every-added-bonus-typically-comes-with-a-certain-list-of-games-you-to-count-towards-the-meeting-the-brand-new-wagering-criteria/ HTTP/1.1" 404 1251 "-" "Mozilla/5.0 AppleWebKit/537.36 (KHTML, like Gecko; compatible; bingbot/2.0; +http://www.bing.com/bingbot.htm) Chrome/116.0.1938.76 Safari/537.36"
54.36.60.91 - - [12/May/2026:22:01:58 -0400] "GET /2025/07/18/fk-dinamo-2-moskva-raspisanie-igr-matchej/ HTTP/1.1" 404 1251 "-" "Mozilla/5.0 (compatible; MJ12bot/v1.4.8; http://mj12bot.com/)"
85.208.96.204 - - [12/May/2026:22:02:03 -0400] "GET /2026/01/23/gamble-very-hot-slot-machine-free-of-charge-2026/ HTTP/1.1" 404 1251 "-" "Mozilla/5.0 (compatible; SemrushBot/7~bl; +http://www.semrush.com/bot.html)"
54.36.60.91 - - [12/May/2026:22:02:04 -0400] "GET /2025/08/06/1xbet-app-solusi-taruhan-online-terbaik-di/ HTTP/1.1" 404 1251 "-" "Mozilla/5.0 (compatible; MJ12bot/v1.4.8; http://mj12bot.com/)"
51.68.247.196 - - [12/May/2026:22:02:07 -0400] "GET /2026/01/03/neros-fortune-pokies-review-2025-finest-quickspin-pokies/feed/ HTTP/1.1" 404 1251 "-" "Mozilla/5.0 (compatible; AhrefsBot/7.0; +http://ahrefs.com/robot/)"
5.39.109.186 - - [12/May/2026:22:02:13 -0400] "GET /2026/01/21/which-authoritative-webpages-has-the-really-good-bonuses-i-have-previously-viewed/feed/ HTTP/1.1" 404 1251 "-" "Mozilla/5.0 (compatible; AhrefsBot/7.0; +http://ahrefs.com/robot/)"
5.39.1.228 - - [12/May/2026:22:02:16 -0400] "GET /2025/12/30/titanic-deckplans-off-loki-50-no-deposit-totally-free-spins-2024-load-the-newest-rms-titanic-blueprints-picks-diarios-gratis-por-twenty-five-expertos/feed/ HTTP/1.1" 404 1251 "-" "Mozilla/5.0 (compatible; AhrefsBot/7.0; +http://ahrefs.com/robot/)"
54.36.60.91 - - [12/May/2026:22:02:16 -0400] "GET /2025/08/23/guide-to-jaya9-casino-login-access-your-favorite/ HTTP/1.1" 404 1251 "-" "Mozilla/5.0 (compatible; MJ12bot/v1.4.8; http://mj12bot.com/)"
54.36.60.91 - - [12/May/2026:22:02:17 -0400] "GET /2025/08/25/top-onlajn-kazino-s-minimalnym-depozitom-dlja/ HTTP/1.1" 404 1251 "-" "Mozilla/5.0 (compatible; MJ12bot/v1.4.8; http://mj12bot.com/)"
54.36.60.91 - - [12/May/2026:22:02:21 -0400] "GET /2025/09/10/1xbet-onlayn-kazino-sl-oyun-hzzini-onlayn-yaayn-11/ HTTP/1.1" 404 1251 "-" "Mozilla/5.0 (compatible; MJ12bot/v1.4.8; http://mj12bot.com/)"
47.128.122.10 - - [12/May/2026:22:02:10 -0400] "GET /2026/01/27/discover-the-excitement-of-1xbet-korea-online-18/ HTTP/1.1" 404 1251 "-" "Mozilla/5.0 (Linux; Android 5.0) AppleWebKit/537.36 (KHTML, like Gecko) Mobile Safari/537.36 (compatible; TikTokSpider; ttspider-feedback@tiktok.com)"
54.36.60.91 - - [12/May/2026:22:02:11 -0400] "GET /2025/08/10/kazino-pinko-oficialnyj-sajt-rabochee-zerkalo/ HTTP/1.1" 404 1251 "-" "Mozilla/5.0 (compatible; MJ12bot/v1.4.8; http://mj12bot.com/)"
92.222.104.216 - - [12/May/2026:22:02:11 -0400] "GET /2026/01/14/analisi-strategica-l-impatto-dei-giochi-casuali-e-la-crescita-dell-industria-gaming-in-italia/feed/ HTTP/1.1" 404 1251 "-" "Mozilla/5.0 (compatible; AhrefsBot/7.0; +http://ahrefs.com/robot/)"
54.36.60.91 - - [12/May/2026:22:02:12 -0400] "GET /2025/08/13/umarkets-review/ HTTP/1.1" 404 1251 "-" "Mozilla/5.0 (compatible; MJ12bot/v1.4.8; http://mj12bot.com/)"
54.36.60.91 - - [12/May/2026:22:02:14 -0400] "GET /2025/08/16/h1-1win-casino-argentina-juegos-bonos-y-mas-h1-10/ HTTP/1.1" 404 1251 "-" "Mozilla/5.0 (compatible; MJ12bot/v1.4.8; http://mj12bot.com/)"
54.36.60.91 - - [12/May/2026:22:02:19 -0400] "GET /2025/09/06/daftar-akun-1xbet-dengan-mudah-proses-login/ HTTP/1.1" 404 1251 "-" "Mozilla/5.0 (compatible; MJ12bot/v1.4.8; http://mj12bot.com/)"
5.39.1.227 - - [12/May/2026:22:02:23 -0400] "GET /2026/01/27/pennsylvania-possess-increased-to-be-perhaps-one-of-the-most-extremely-important-managed-gambling-avenues-in-the-usa/feed/ HTTP/1.1" 404 1251 "-" "Mozilla/5.0 (compatible; AhrefsBot/7.0; +http://ahrefs.com/robot/)"
54.36.60.91 - - [12/May/2026:22:02:25 -0400] "GET /2025/09/11/mastering-the-exness-mt4-terminal-for-successful/ HTTP/1.1" 404 1251 "-" "Mozilla/5.0 (compatible; MJ12bot/v1.4.8; http://mj12bot.com/)"
54.36.60.91 - - [12/May/2026:22:02:30 -0400] "GET /2025/09/16/exploring-the-innovations-of-ck777bd-a/ HTTP/1.1" 404 1251 "-" "Mozilla/5.0 (compatible; MJ12bot/v1.4.8; http://mj12bot.com/)"
54.37.118.79 - - [12/May/2026:22:02:35 -0400] "GET /2026/01/25/free-slots-play-slot-demos-top-abima-slot-jeu-no-download-alors-registration/feed/ HTTP/1.1" 404 1251 "-" "Mozilla/5.0 (compatible; AhrefsBot/7.0; +http://ahrefs.com/robot/)"
54.36.60.91 - - [12/May/2026:22:02:37 -0400] "GET /2025/10/01/gama-kazino-registracija-bonusy-i-igry-na-realnye-3/ HTTP/1.1" 404 1251 "-" "Mozilla/5.0 (compatible; MJ12bot/v1.4.8; http://mj12bot.com/)"
54.36.60.91 - - [12/May/2026:22:02:39 -0400] "GET /2025/10/11/h1-1win-argentina-sitio-oficial-del-casino-en/ HTTP/1.1" 404 1251 "-" "Mozilla/5.0 (compatible; MJ12bot/v1.4.8; http://mj12bot.com/)"
54.36.60.91 - - [12/May/2026:22:02:40 -0400] "GET /2025/10/12/discover-the-world-of-non-gamstop-casinos-17/ HTTP/1.1" 404 1251 "-" "Mozilla/5.0 (compatible; MJ12bot/v1.4.8; http://mj12bot.com/)"
51.75.236.142 - - [12/May/2026:22:02:42 -0400] "GET /2026/01/21/actually-so-it-gambling-enterprise-goes-the-additional-mile-to-guard-both-you-and-your-data/feed/ HTTP/1.1" 404 1251 "-" "Mozilla/5.0 (compatible; AhrefsBot/7.0; +http://ahrefs.com/robot/)"
54.36.60.91 - - [12/May/2026:22:02:45 -0400] "GET /2025/10/16/hirekhirek-business-accounting-tax-virginia/ HTTP/1.1" 404 1251 "-" "Mozilla/5.0 (compatible; MJ12bot/v1.4.8; http://mj12bot.com/)"
54.36.60.91 - - [12/May/2026:22:02:48 -0400] "GET /2025/10/17/h1-best-betting-sites-in-pakistan-top-pakistani-4/ HTTP/1.1" 404 1251 "-" "Mozilla/5.0 (compatible; MJ12bot/v1.4.8; http://mj12bot.com/)"
5.39.1.249 - - [12/May/2026:22:02:49 -0400] "GET /2026/02/18/ladbrokes-spielbank-erfahrungen-beschmu-unter-anderem-gar-nicht-test-bewertung/feed/ HTTP/1.1" 404 1251 "-" "Mozilla/5.0 (compatible; AhrefsBot/7.0; +http://ahrefs.com/robot/)"
54.36.60.91 - - [12/May/2026:22:02:50 -0400] "GET /2025/10/19/h1-1win-ecuador-casino-online-apuesta-y-gana-5/ HTTP/1.1" 404 1251 "-" "Mozilla/5.0 (compatible; MJ12bot/v1.4.8; http://mj12bot.com/)"
54.36.60.91 - - [12/May/2026:22:02:52 -0400] "GET /2025/10/19/top-betting-sites-in-the-uk-bet-safely-at-reliable/ HTTP/1.1" 404 1251 "-" "Mozilla/5.0 (compatible; MJ12bot/v1.4.8; http://mj12bot.com/)"
54.36.60.91 - - [12/May/2026:22:02:22 -0400] "GET /2025/09/10/2025-hogeldin-bonusu-veren-bahis-siteleri-canl/ HTTP/1.1" 404 1251 "-" "Mozilla/5.0 (compatible; MJ12bot/v1.4.8; http://mj12bot.com/)"
54.36.60.91 - - [12/May/2026:22:02:24 -0400] "GET /2025/09/11/adobe-generative-ai-2/ HTTP/1.1" 404 1251 "-" "Mozilla/5.0 (compatible; MJ12bot/v1.4.8; http://mj12bot.com/)"
54.36.60.91 - - [12/May/2026:22:02:27 -0400] "GET /2025/09/12/rejting-onlajn-kazino-na-dengi-top-10-luchshih-v-3/ HTTP/1.1" 404 1251 "-" "Mozilla/5.0 (compatible; MJ12bot/v1.4.8; http://mj12bot.com/)"
92.222.104.221 - - [12/May/2026:22:02:28 -0400] "GET /2026/01/13/che-e-risma-la-tabella-dei-bonus-mucchio-in-assenza-di-base/feed/ HTTP/1.1" 404 1251 "-" "Mozilla/5.0 (compatible; AhrefsBot/7.0; +http://ahrefs.com/robot/)"
54.36.60.91 - - [12/May/2026:22:02:29 -0400] "GET /2025/09/13/h1-download-the-best-of-cricket-apps-for-android-2/ HTTP/1.1" 404 1251 "-" "Mozilla/5.0 (compatible; MJ12bot/v1.4.8; http://mj12bot.com/)"
54.36.60.91 - - [12/May/2026:22:02:32 -0400] "GET /2025/09/16/top-10-luchshih-onlajn-kazino-dlja-igry-na-dengi-v-4/ HTTP/1.1" 404 1251 "-" "Mozilla/5.0 (compatible; MJ12bot/v1.4.8; http://mj12bot.com/)"
54.36.60.91 - - [12/May/2026:22:02:34 -0400] "GET /2025/09/21/page-4/ HTTP/1.1" 404 1251 "-" "Mozilla/5.0 (compatible; MJ12bot/v1.4.8; http://mj12bot.com/)"
54.36.60.91 - - [12/May/2026:22:02:35 -0400] "GET /2025/09/25/kak-sozdat-akkaunt-gmail-cpravka-gmailregistracija/ HTTP/1.1" 404 1251 "-" "Mozilla/5.0 (compatible; MJ12bot/v1.4.8; http://mj12bot.com/)"
37.59.204.137 - - [12/May/2026:22:02:38 -0400] "GET /2026/01/29/una-prontuario-comprensiva-sui-bonus-disponibili-verso-tumulto-macchinoso/feed/ HTTP/1.1" 404 1251 "-" "Mozilla/5.0 (compatible; AhrefsBot/7.0; +http://ahrefs.com/robot/)"
54.36.60.91 - - [12/May/2026:22:02:42 -0400] "GET /2025/10/15/discovering-non-gamstop-uk-casinos-a-comprehensive-27/ HTTP/1.1" 404 1251 "-" "Mozilla/5.0 (compatible; MJ12bot/v1.4.8; http://mj12bot.com/)"
54.36.60.91 - - [12/May/2026:22:02:43 -0400] "GET /2025/10/15/kazino-kjet-bonusy-za-registraciju-i-turnir-122/ HTTP/1.1" 404 1251 "-" "Mozilla/5.0 (compatible; MJ12bot/v1.4.8; http://mj12bot.com/)"
185.191.171.10 - - [12/May/2026:22:02:44 -0400] "GET /2026/01/27/finest-on-line-casino-bonuses-2026-1x-totem-lightning-power-reels-rtp-online-slot-wager-join-offers/ HTTP/1.1" 404 1251 "-" "Mozilla/5.0 (compatible; SemrushBot/7~bl; +http://www.semrush.com/bot.html)"
185.191.171.13 - - [12/May/2026:22:02:46 -0400] "GET /2026/01/01/tagesordnungspunkt-10-angeschlossen-kasino-echtgeld-mr-bet-casino-60-keine-kostenlosen-kaution-spins-provider-rangliste-2025/ HTTP/1.1" 404 1251 "-" "Mozilla/5.0 (compatible; SemrushBot/7~bl; +http://www.semrush.com/bot.html)"
54.36.60.91 - - [12/May/2026:22:02:47 -0400] "GET /2025/10/16/kasina-s-najniim-minimalnym-vkladom-hrajte-bez/ HTTP/1.1" 404 1251 "-" "Mozilla/5.0 (compatible; MJ12bot/v1.4.8; http://mj12bot.com/)"
92.222.108.97 - - [12/May/2026:22:02:52 -0400] "GET /2026/02/08/sur-le-champ-frenzy-%EF%BF%BD-slots-casino-legerement-a-l%EF%BF%BDegard-de-douze-000-000-en-tenant-anecdotes-complaisantes/feed/ HTTP/1.1" 404 1251 "-" "Mozilla/5.0 (compatible; AhrefsBot/7.0; +http://ahrefs.com/robot/)"
176.31.139.7 - - [12/May/2026:22:02:55 -0400] "GET /2025/10/19/top-betting-sites-in-the-uk-bet-safely-at-reliable/feed/ HTTP/1.1" 404 1251 "-" "Mozilla/5.0 (compatible; AhrefsBot/7.0; +http://ahrefs.com/robot/)"
54.36.60.91 - - [12/May/2026:22:02:59 -0400] "GET /2025/10/21/h1-casino-apuestas-y-juegos-en-linea-h1-11/ HTTP/1.1" 404 1251 "-" "Mozilla/5.0 (compatible; MJ12bot/v1.4.8; http://mj12bot.com/)"
92.222.104.197 - - [12/May/2026:22:02:59 -0400] "GET /2026/01/28/discovering-the-right-casinos-on-the-internet-within-the-ontario-form-emphasizing-affirmed-certification-transparent-procedures-reputable-money-and-athlete-coverage/feed/ HTTP/1.1" 404 1251 "-" "Mozilla/5.0 (compatible; AhrefsBot/7.0; +http://ahrefs.com/robot/)"
54.36.60.91 - - [12/May/2026:22:02:53 -0400] "GET /2025/10/19/your-exciting-journey-into-the-world-of-casinos/ HTTP/1.1" 404 1251 "-" "Mozilla/5.0 (compatible; MJ12bot/v1.4.8; http://mj12bot.com/)"
85.208.96.202 - - [12/May/2026:22:02:54 -0400] "GET /2026/01/21/return-rtp-and-you-will-jackpot-chances-are-different-issue/ HTTP/1.1" 404 1251 "-" "Mozilla/5.0 (compatible; SemrushBot/7~bl; +http://www.semrush.com/bot.html)"
54.36.60.91 - - [12/May/2026:22:02:55 -0400] "GET /2025/10/20/mezinarodni-casino-ve-co-potebujete-vdt-1141763610/ HTTP/1.1" 404 1251 "-" "Mozilla/5.0 (compatible; MJ12bot/v1.4.8; http://mj12bot.com/)"
54.36.60.91 - - [12/May/2026:22:02:57 -0400] "GET /2025/10/20/play-smart-spin-big-win-strategies-for-success-in/ HTTP/1.1" 404 1251 "-" "Mozilla/5.0 (compatible; MJ12bot/v1.4.8; http://mj12bot.com/)"
54.36.60.91 - - [12/May/2026:22:03:00 -0400] "GET /2025/10/22/online-kaszino-mobil-jatek-barhol-13/ HTTP/1.1" 404 1251 "-" "Mozilla/5.0 (compatible; MJ12bot/v1.4.8; http://mj12bot.com/)"
54.36.60.91 - - [12/May/2026:22:03:02 -0400] "GET /2025/10/22/vulkan-vegas-jatekos-bonusz-hsegprogram-194/ HTTP/1.1" 404 1251 "-" "Mozilla/5.0 (compatible; MJ12bot/v1.4.8; http://mj12bot.com/)"
92.222.104.192 - - [12/May/2026:22:03:04 -0400] "GET /2026/01/28/quick-strike-casino-is-able-to-smack-the-town-and-provide-your-instances-out-of-fun-with-big-gains/feed/ HTTP/1.1" 404 1251 "-" "Mozilla/5.0 (compatible; AhrefsBot/7.0; +http://ahrefs.com/robot/)"
54.36.60.91 - - [12/May/2026:22:03:04 -0400] "GET /2025/10/23/vulkan-vegas-porgetes-napi-lehetsegek-109/ HTTP/1.1" 404 1251 "-" "Mozilla/5.0 (compatible; MJ12bot/v1.4.8; http://mj12bot.com/)"
5.39.109.186 - - [12/May/2026:22:03:05 -0400] "GET /2025/12/24/jackpot-urban-area-gambling-establishment-online-game-alternatives-%EF%BF%BD-get-four-5/feed/ HTTP/1.1" 404 1251 "-" "Mozilla/5.0 (compatible; AhrefsBot/7.0; +http://ahrefs.com/robot/)"
54.36.60.91 - - [12/May/2026:22:03:07 -0400] "GET /2025/10/26/the-dark-side-of-online-betting-exploring-risks/ HTTP/1.1" 404 1251 "-" "Mozilla/5.0 (compatible; MJ12bot/v1.4.8; http://mj12bot.com/)"
54.36.60.91 - - [12/May/2026:22:03:10 -0400] "GET /2025/10/27/wolf-gold-21/ HTTP/1.1" 404 1251 "-" "Mozilla/5.0 (compatible; MJ12bot/v1.4.8; http://mj12bot.com/)"
5.39.1.246 - - [12/May/2026:22:03:12 -0400] "GET /2026/01/25/grundlegende-blackjack-strategie-lerne-as-part-of-11-einfachen-schritten/feed/ HTTP/1.1" 404 1251 "-" "Mozilla/5.0 (compatible; AhrefsBot/7.0; +http://ahrefs.com/robot/)"
54.36.60.91 - - [12/May/2026:22:03:12 -0400] "GET /2025/11/04/champix-trova-il-prezzo-piu-conveniente-per/ HTTP/1.1" 404 1251 "-" "Mozilla/5.0 (compatible; MJ12bot/v1.4.8; http://mj12bot.com/)"
54.36.60.91 - - [12/May/2026:22:03:14 -0400] "GET /2025/11/13/1red-casino-sportsbook-your-premier-online-gaming/ HTTP/1.1" 404 1251 "-" "Mozilla/5.0 (compatible; MJ12bot/v1.4.8; http://mj12bot.com/)"
54.36.60.91 - - [12/May/2026:22:03:15 -0400] "GET /2025/11/17/luchshie-kazino-jekskljuzivnye-promokody-157/ HTTP/1.1" 404 1251 "-" "Mozilla/5.0 (compatible; MJ12bot/v1.4.8; http://mj12bot.com/)"
51.75.236.135 - - [12/May/2026:22:03:15 -0400] "GET /2026/01/28/this-new-facility-will-bring-eight-hundred-video-game-and-you-will-retains-ten-major-licenses-such-as-the-mga-and-the-ukgc/feed/ HTTP/1.1" 404 1251 "-" "Mozilla/5.0 (compatible; AhrefsBot/7.0; +http://ahrefs.com/robot/)"
54.36.60.91 - - [12/May/2026:22:03:20 -0400] "GET /2025/11/19/uncover-the-excitement-at-spinsala-casino-a/ HTTP/1.1" 404 1251 "-" "Mozilla/5.0 (compatible; MJ12bot/v1.4.8; http://mj12bot.com/)"
51.75.236.138 - - [12/May/2026:22:03:23 -0400] "GET /2026/02/03/twist-winnings-paid-because-the-added-bonus-financing-capped-within-fifty-and-you-can-at-the-mercy-of-10x-betting-requisite/feed/ HTTP/1.1" 404 1251 "-" "Mozilla/5.0 (compatible; AhrefsBot/7.0; +http://ahrefs.com/robot/)"
54.36.60.91 - - [12/May/2026:22:03:30 -0400] "GET /2025/12/25/top-10-onlajn-kazino-svezhie-predlozhenija-61/ HTTP/1.1" 404 1251 "-" "Mozilla/5.0 (compatible; MJ12bot/v1.4.8; http://mj12bot.com/)"
54.36.60.91 - - [12/May/2026:22:03:05 -0400] "GET /2025/10/25/betwinner-sports-betting-your-ultimate-guide-to-11/ HTTP/1.1" 404 1251 "-" "Mozilla/5.0 (compatible; MJ12bot/v1.4.8; http://mj12bot.com/)"
185.191.171.10 - - [12/May/2026:22:03:06 -0400] "GET /2026/01/19/all-of-our-complete-range-of-united-states-claims-where-are-judge/ HTTP/1.1" 404 1251 "-" "Mozilla/5.0 (compatible; SemrushBot/7~bl; +http://www.semrush.com/bot.html)"
51.75.236.154 - - [12/May/2026:22:03:08 -0400] "GET /2026/01/19/at-this-time-you-can-select-fruit-shell-out-paypal-and-you-may-charge-and-mastercard-debit-cards/feed/ HTTP/1.1" 404 1251 "-" "Mozilla/5.0 (compatible; AhrefsBot/7.0; +http://ahrefs.com/robot/)"
54.36.60.91 - - [12/May/2026:22:03:09 -0400] "GET /2025/10/27/verde-casino-havi-bonusz-14/ HTTP/1.1" 404 1251 "-" "Mozilla/5.0 (compatible; MJ12bot/v1.4.8; http://mj12bot.com/)"
5.39.1.249 - - [12/May/2026:22:03:16 -0400] "GET /2026/01/03/u-lieve-legale-miss-red-gokkast-gratis-spins-online-bank-wegens-nederlan/feed/ HTTP/1.1" 404 1251 "-" "Mozilla/5.0 (compatible; AhrefsBot/7.0; +http://ahrefs.com/robot/)"
54.36.60.91 - - [12/May/2026:22:03:17 -0400] "GET /2025/11/19/descubre-el-mundo-de-divino-bet-apuestas-y-mas/ HTTP/1.1" 404 1251 "-" "Mozilla/5.0 (compatible; MJ12bot/v1.4.8; http://mj12bot.com/)"
54.36.60.91 - - [12/May/2026:22:03:19 -0400] "GET /2025/11/19/experience-the-thrill-of-luckicasino-sportsbook-10/ HTTP/1.1" 404 1251 "-" "Mozilla/5.0 (compatible; MJ12bot/v1.4.8; http://mj12bot.com/)"
94.23.188.219 - - [12/May/2026:22:03:21 -0400] "GET /2026/01/28/betting-was-a-variety-of-entertainment-nevertheless-would-be-liked-sensibly/feed/ HTTP/1.1" 404 1251 "-" "Mozilla/5.0 (compatible; AhrefsBot/7.0; +http://ahrefs.com/robot/)"
54.36.60.91 - - [12/May/2026:22:03:22 -0400] "GET /2025/11/20/discover-the-excitement-of-zixcasino-online-games/ HTTP/1.1" 404 1251 "-" "Mozilla/5.0 (compatible; MJ12bot/v1.4.8; http://mj12bot.com/)"
54.36.60.91 - - [12/May/2026:22:03:24 -0400] "GET /2025/11/20/experience-the-thrill-of-the-high-roller-casino/ HTTP/1.1" 404 1251 "-" "Mozilla/5.0 (compatible; MJ12bot/v1.4.8; http://mj12bot.com/)"
54.36.60.91 - - [12/May/2026:22:03:25 -0400] "GET /2025/11/20/mejor-casas-apuestas-guia-completa-para-apostar-3/ HTTP/1.1" 404 1251 "-" "Mozilla/5.0 (compatible; MJ12bot/v1.4.8; http://mj12bot.com/)"
94.23.188.195 - - [12/May/2026:22:03:26 -0400] "GET /2025/12/24/zmniejszony-danych-ciesz-sie-teraz-lets-lucky-kasyno-friday-happy-hour-filip-na/feed/ HTTP/1.1" 404 1251 "-" "Mozilla/5.0 (compatible; AhrefsBot/7.0; +http://ahrefs.com/robot/)"
54.36.60.91 - - [12/May/2026:22:03:27 -0400] "GET /2025/11/27/hitnspin-promo-code-friss-bonuszkodok-14/ HTTP/1.1" 404 1251 "-" "Mozilla/5.0 (compatible; MJ12bot/v1.4.8; http://mj12bot.com/)"
54.36.60.91 - - [12/May/2026:22:03:29 -0400] "GET /2025/12/11/welcome-to-casino-jackpot-city-uk-your-ultimate/ HTTP/1.1" 404 1251 "-" "Mozilla/5.0 (compatible; MJ12bot/v1.4.8; http://mj12bot.com/)"
51.68.247.199 - - [12/May/2026:22:03:30 -0400] "GET /2026/01/16/cool-fruits-slot-gamble-200-deposit-bonus-casino-on-the-internet-at-no-cost/feed/ HTTP/1.1" 404 1251 "-" "Mozilla/5.0 (compatible; AhrefsBot/7.0; +http://ahrefs.com/robot/)"
185.191.171.19 - - [12/May/2026:22:03:32 -0400] "GET /2026/01/23/metodi-di-corrispettivo-comuni-nei-siti-di-blackjack-online/ HTTP/1.1" 404 1251 "-" "Mozilla/5.0 (compatible; SemrushBot/7~bl; +http://www.semrush.com/bot.html)"
54.36.60.91 - - [12/May/2026:22:03:35 -0400] "GET /2026/01/01/danmarks-automaten-oplev-slv-og-guld-i/ HTTP/1.1" 404 1251 "-" "Mozilla/5.0 (compatible; MJ12bot/v1.4.8; http://mj12bot.com/)"
54.36.60.91 - - [12/May/2026:22:03:37 -0400] "GET /2026/01/01/explore-the-exciting-features-of-the-1xbet-app-30/ HTTP/1.1" 404 1251 "-" "Mozilla/5.0 (compatible; MJ12bot/v1.4.8; http://mj12bot.com/)"
92.222.104.202 - - [12/May/2026:22:03:37 -0400] "GET /2026/01/02/die-8-besten-echtgeld-casino-jackpot-city-100-kein-einzahlungsbonus-verbunden-casinos-spielotheken-2025/feed/ HTTP/1.1" 404 1251 "-" "Mozilla/5.0 (compatible; AhrefsBot/7.0; +http://ahrefs.com/robot/)"
54.36.60.91 - - [12/May/2026:22:03:32 -0400] "GET /2025/12/29/alev-casino-ile-tann-turkiye-cin-samimi-bir-rehber-4/ HTTP/1.1" 404 1251 "-" "Mozilla/5.0 (compatible; MJ12bot/v1.4.8; http://mj12bot.com/)"
5.39.1.236 - - [12/May/2026:22:03:33 -0400] "GET /2026/01/14/essay-on-a-break-a-hundred-3-hundred-five-hundred-terms/feed/ HTTP/1.1" 404 1251 "-" "Mozilla/5.0 (compatible; AhrefsBot/7.0; +http://ahrefs.com/robot/)"
54.36.60.91 - - [12/May/2026:22:03:34 -0400] "GET /2025/12/29/exploring-joya9-spade-gaming-slots-a-thrilling/ HTTP/1.1" 404 1251 "-" "Mozilla/5.0 (compatible; MJ12bot/v1.4.8; http://mj12bot.com/)"
54.36.60.91 - - [12/May/2026:22:03:40 -0400] "GET /2026/01/02/explore-the-latest-features-of-the-1xbet-app-for/ HTTP/1.1" 404 1251 "-" "Mozilla/5.0 (compatible; MJ12bot/v1.4.8; http://mj12bot.com/)"
5.39.1.235 - - [12/May/2026:22:03:40 -0400] "GET /2026/01/16/happiest-christmas-forest-position-remark-2026-casino-royal-vegas-totally-free-enjoy-demo/feed/ HTTP/1.1" 404 1251 "-" "Mozilla/5.0 (compatible; AhrefsBot/7.0; +http://ahrefs.com/robot/)"
54.36.60.91 - - [12/May/2026:22:03:42 -0400] "GET /2026/01/02/online-gambling-in-bangladesh-trends-and-2/ HTTP/1.1" 404 1251 "-" "Mozilla/5.0 (compatible; MJ12bot/v1.4.8; http://mj12bot.com/)"
54.36.60.91 - - [12/May/2026:22:03:44 -0400] "GET /2026/01/02/scopri-i-migliori-siti-delle-scommesse-online-su/ HTTP/1.1" 404 1251 "-" "Mozilla/5.0 (compatible; MJ12bot/v1.4.8; http://mj12bot.com/)"
94.23.188.208 - - [12/May/2026:22:03:46 -0400] "GET /2026/01/02/finest-genuine-pokies-on-the-web-finest-programs-to-possess-australian-professionals-site-archives/feed/ HTTP/1.1" 404 1251 "-" "Mozilla/5.0 (compatible; AhrefsBot/7.0; +http://ahrefs.com/robot/)"
54.36.60.91 - - [12/May/2026:22:03:50 -0400] "GET /2026/01/05/kupit-diplom-v-novokuznecke-vash-put-k-uspeshnoj/ HTTP/1.1" 404 1251 "-" "Mozilla/5.0 (compatible; MJ12bot/v1.4.8; http://mj12bot.com/)"
51.68.247.222 - - [12/May/2026:22:03:50 -0400] "GET /2026/02/06/%D9%84%D8%B9%D8%A8%D8%A9-thunderstruck-slot-gamble-%D9%85%D8%AC%D8%A7%D9%86%D9%8A%D8%A9-%D9%88%D9%85%D8%B1%D8%A7%D8%AC%D8%B9%D8%A9-%D8%AF%D8%B1%D8%A7%D8%B3%D9%8A%D8%A9-%D8%A8%D9%86%D8%B3%D8%A8%D8%A9-1/feed/ HTTP/1.1" 404 1251 "-" "Mozilla/5.0 (compatible; AhrefsBot/7.0; +http://ahrefs.com/robot/)"
54.36.60.91 - - [12/May/2026:22:03:52 -0400] "GET /2026/01/05/sovremennye-kazino-jevoljucija-azartnyh-igr-v/ HTTP/1.1" 404 1251 "-" "Mozilla/5.0 (compatible; MJ12bot/v1.4.8; http://mj12bot.com/)"
54.36.60.91 - - [12/May/2026:22:03:53 -0400] "GET /2026/01/06/10-best-chat-rooms-to-chat-with-people-in-2024/ HTTP/1.1" 404 1251 "-" "Mozilla/5.0 (compatible; MJ12bot/v1.4.8; http://mj12bot.com/)"
54.36.60.91 - - [12/May/2026:22:03:58 -0400] "GET /2026/01/06/vavada-kazino-vash-luchshij-vybor-dlja-onlajn-igr/ HTTP/1.1" 404 1251 "-" "Mozilla/5.0 (compatible; MJ12bot/v1.4.8; http://mj12bot.com/)"
54.36.60.91 - - [12/May/2026:22:04:03 -0400] "GET /2026/01/19/tragamonedas-online-explicacion-del-rtp-16/ HTTP/1.1" 404 1251 "-" "Mozilla/5.0 (compatible; MJ12bot/v1.4.8; http://mj12bot.com/)"
54.36.60.91 - - [12/May/2026:22:04:05 -0400] "GET /2026/01/20/kak-promokody-dragon-money-pomogajut-jekonomit-na-2/ HTTP/1.1" 404 1251 "-" "Mozilla/5.0 (compatible; MJ12bot/v1.4.8; http://mj12bot.com/)"
